000
CDUS44 KSHV 272135
CLITXK


CLIMATE REPORT
NATIONAL WEATHER SERVICE SHREVEPORT, LA
434 PM CDT SUN MAY 27 2018


...................................

...THE TEXARKANA CLIMATE SUMMARY FOR MAY 27 2018...
VALID TODAY AS OF 0400 PM LOCAL TIME.

CLIMATE NORMAL PERIOD 1981 TO 2010
CLIMATE RECORD PERIOD 1896 TO 2018


WEATHER ITEM   OBSERVED TIME   RECORD YEAR NORMAL DEPARTURE LAST
                VALUE   (LST)  VALUE       VALUE  FROM      YEAR
                                                  NORMAL
..................................................................
TEMPERATURE (F)
 TODAY
  MAXIMUM         88    258 PM  97    1928  85      3       88
  MINIMUM         67    547 AM  46    1961  64      3       75
  AVERAGE         78                        74      4       82

PRECIPITATION (IN)
  TODAY            0.00          1.53 1990   0.15  -0.15     0.00
  MONTH TO DATE    1.78                      4.52  -2.74     3.50
  SINCE DEC 1     31.59                     25.10   6.49    26.54
  SINCE JAN 1     25.00                     20.05   4.95    20.12

DEGREE DAYS
 HEATING
  TODAY            0                         0      0        0
  MONTH TO DATE    0                        12    -12       11
  SINCE MAR 1    411                       421    -10      256
  SINCE JUL 1   2526                      2615    -89     1707

 COOLING
  TODAY           13                        10      3       17
  MONTH TO DATE  315                       182    133      147
  SINCE MAR 1    361                       275     86      292
  SINCE JAN 1    375                       279     96      324
..................................................................


WIND (MPH)
  HIGHEST WIND SPEED    10   HIGHEST WIND DIRECTION    NE (50)
  HIGHEST GUST SPEED    14   HIGHEST GUST DIRECTION    NE (50)
  AVERAGE WIND SPEED     3.9


SKY COVER
  POSSIBLE SUNSHINE  MM
  AVERAGE SKY COVER 0.2


WEATHER CONDITIONS
 THE FOLLOWING WEATHER WAS RECORDED TODAY.
  FOG


RELATIVE HUMIDITY (PERCENT)
 HIGHEST   100           200 AM
 LOWEST     55           200 PM
 AVERAGE    78

..........................................................


THE TEXARKANA CLIMATE NORMALS FOR TOMORROW
                         NORMAL    RECORD    YEAR
 MAXIMUM TEMPERATURE (F)   85        97      1898
 MINIMUM TEMPERATURE (F)   64        45      1901


SUNRISE AND SUNSET
MAY 27 2018...........SUNRISE   609 AM CDT   SUNSET   818 PM CDT
MAY 28 2018...........SUNRISE   609 AM CDT   SUNSET   818 PM CDT


-  INDICATES NEGATIVE NUMBERS.
R  INDICATES RECORD WAS SET OR TIED.
MM INDICATES DATA IS MISSING.
T  INDICATES TRACE AMOUNT.




$$
