000
CDUS42 KFFC 270819
CLIVPC


CLIMATE REPORT
NATIONAL WEATHER SERVICE PEACHTREE CITY GA
418 AM EDT FRI APR 27 2018


...................................

...THE CARTERSVILLE CLIMATE SUMMARY FOR APRIL 26 2018...

CLIMATE NORMAL PERIOD 1981 TO 2010
CLIMATE RECORD PERIOD 9999 TO 9999


WEATHER ITEM   OBSERVED TIME   RECORD YEAR NORMAL DEPARTURE LAST
                VALUE   (LST)  VALUE       VALUE  FROM      YEAR
                                                  NORMAL
..................................................................
TEMPERATURE (F)
 YESTERDAY
  MAXIMUM         60    542 PM  MM      MM  75    -15       80
  MINIMUM         45    447 AM  MM      MM  49     -4       51
  AVERAGE         53                        62     -9       66

PRECIPITATION (IN)
  YESTERDAY        0.77         MM      MM   0.15   0.62     0.00
  MONTH TO DATE    4.55                      3.34   1.21     3.66
  SINCE MAR 1      9.85                      8.06   1.79     7.08
  SINCE JAN 1     19.87                     17.56   2.31    15.62

SNOWFALL (IN)
  YESTERDAY        0.0          MM      MM  MM     MM        0.0
  MONTH TO DATE    0.0                      MM     MM        0.0
  SINCE MAR 1      0.0                      MM     MM        0.0
  SINCE JUL 1      0.0                      MM     MM         T
  SNOW DEPTH       0

DEGREE DAYS
 HEATING
  YESTERDAY       12                         4      8        0
  MONTH TO DATE  215                       182     33       72
  SINCE MAR 1    658                       598     60      390
  SINCE JUL 1   3037                      3210   -173     2220

 COOLING
  YESTERDAY        0                         1     -1        1
  MONTH TO DATE    6                        15     -9       52
  SINCE MAR 1      6                        19    -13       73
  SINCE JAN 1     26                        19      7       73
..................................................................


WIND (MPH)
  RESULTANT WIND SPEED   0   RESULTANT WIND DIRECTION  SE (120)
  HIGHEST WIND SPEED    13   HIGHEST WIND DIRECTION     E (100)
  HIGHEST GUST SPEED    21   HIGHEST GUST DIRECTION     E (100)
  AVERAGE WIND SPEED     1.1


SKY COVER
  AVERAGE SKY COVER 0.7


WEATHER CONDITIONS
 THE FOLLOWING WEATHER WAS RECORDED YESTERDAY.
  HEAVY RAIN
  RAIN
  LIGHT RAIN
  FOG


RELATIVE HUMIDITY (PERCENT)
 HIGHEST   100          1200 AM
 LOWEST     93           300 PM
 AVERAGE    97

..........................................................


THE CARTERSVILLE CLIMATE NORMALS FOR TODAY
                         NORMAL    RECORD    YEAR
 MAXIMUM TEMPERATURE (F)   75        MM        MM
 MINIMUM TEMPERATURE (F)   49        MM        MM


SUNRISE AND SUNSET
APRIL 27 2018.........SUNRISE   654 AM EDT   SUNSET   820 PM EDT
APRIL 28 2018.........SUNRISE   653 AM EDT   SUNSET   821 PM EDT


-  INDICATES NEGATIVE NUMBERS.
R  INDICATES RECORD WAS SET OR TIED.
MM INDICATES DATA IS MISSING.
T  INDICATES TRACE AMOUNT.




$$
