000
CDUS43 KLOT 250633
CLIVPZ


CLIMATE REPORT
NATIONAL WEATHER SERVICE CHICAGO IL
132 AM CDT WED APR 25 2018


...................................

...THE VALPARAISO CLIMATE SUMMARY FOR APRIL 24 2018...

CLIMATE NORMAL PERIOD 1981 TO 2010
CLIMATE RECORD PERIOD 1998 TO 2018


WEATHER ITEM   OBSERVED TIME   RECORD YEAR NORMAL DEPARTURE LAST
                VALUE   (LST)  VALUE       VALUE  FROM      YEAR
                                                  NORMAL
..................................................................
TEMPERATURE (F)
 YESTERDAY
  MAXIMUM         63    419 PM  84    2009  63      0       76
                                      1960
                                      1915
  MINIMUM         47   1159 PM  27    2015  41      6       42
  AVERAGE         55                        52      3       59

PRECIPITATION (IN)
  YESTERDAY        0.00          0.84 2010   0.10  -0.10     0.00
  MONTH TO DATE    1.27                      2.65  -1.38     3.34
  SINCE MAR 1      2.28                      5.13  -2.85     6.39
  SINCE JAN 1      8.30                      8.30   0.00     9.83

DEGREE DAYS
 HEATING
  YESTERDAY       10                        13     -3        6
  MONTH TO DATE  553                       410    143      273
  SINCE MAR 1   1409                      1255    154     1055
  SINCE JUL 1   5711                      5987   -276     4769

 COOLING
  YESTERDAY        0                         0      0        0
  MONTH TO DATE    0                         0      0        6
  SINCE MAR 1      0                         0      0        6
  SINCE JAN 1      0                         0      0        6
..................................................................


WIND (MPH)
  RESULTANT WIND SPEED   7   RESULTANT WIND DIRECTION  NE (30)
  HIGHEST WIND SPEED    14   HIGHEST WIND DIRECTION     N (20)
  HIGHEST GUST SPEED    19   HIGHEST GUST DIRECTION     N (10)
  AVERAGE WIND SPEED     7.6



WEATHER CONDITIONS
 THE FOLLOWING WEATHER WAS RECORDED YESTERDAY.
  HAZE


..........................................................


THE VALPARAISO CLIMATE NORMALS FOR TODAY
                         NORMAL    RECORD    YEAR
 MAXIMUM TEMPERATURE (F)   64        82      2008
 MINIMUM TEMPERATURE (F)   42        33      2005
                                             1999


SUNRISE AND SUNSET
APRIL 25 2018.........SUNRISE   553 AM CDT   SUNSET   739 PM CDT
APRIL 26 2018.........SUNRISE   552 AM CDT   SUNSET   740 PM CDT


-  INDICATES NEGATIVE NUMBERS.
R  INDICATES RECORD WAS SET OR TIED.
MM INDICATES DATA IS MISSING.
T  INDICATES TRACE AMOUNT.




$$
