000
CDUS43 KLBF 242234
CLIVTN


CLIMATE REPORT
NATIONAL WEATHER SERVICE NORTH PLATTE
532 PM CDT TUE APR 24 2018


...................................

...THE VALENTINE NE CLIMATE SUMMARY FOR APRIL 24 2018...
VALID TODAY AS OF 0500 PM LOCAL TIME.

CLIMATE NORMAL PERIOD 1981 TO 2010
CLIMATE RECORD PERIOD 1885 TO 2018


WEATHER ITEM   OBSERVED TIME   RECORD YEAR NORMAL DEPARTURE LAST
                VALUE   (LST)  VALUE       VALUE  FROM      YEAR
                                                  NORMAL
..................................................................
TEMPERATURE (F)
 TODAY
  MAXIMUM         50   1235 AM  91    1962  64    -14       61
  MINIMUM         38    429 PM  22    2013  36      2       43
                                      1972
  AVERAGE         44                        50     -6       52

PRECIPITATION (IN)
  TODAY            0.05          2.05 1935   0.09  -0.04     0.00
  MONTH TO DATE    1.81                      1.68   0.13     1.23
  SINCE MAR 1      3.35                      2.75   0.60     1.99
  SINCE JAN 1      4.62                      3.49   1.13     4.06

SNOWFALL (IN)
  TODAY            0.0           6.0  2006   0.1   -0.1      0.0
  MONTH TO DATE   15.7                       4.1   11.6      0.7
  SINCE MAR 1     25.8                      10.6   15.2      2.7
  SINCE JUL 1     45.5                      32.7   12.8     44.5
  SNOW DEPTH       0

DEGREE DAYS
 HEATING
  TODAY           21                        15      6       13
  MONTH TO DATE  667                       470    197      319
  SINCE MAR 1   1546                      1363    183     1080
  SINCE JUL 1   6639                      6599     40     5839

 COOLING
  TODAY            0                         0      0        0
  MONTH TO DATE    0                         0      0        2
  SINCE MAR 1      0                         0      0        2
  SINCE JAN 1      0                         0      0        2
..................................................................


WIND (MPH)
  HIGHEST WIND SPEED    29   HIGHEST WIND DIRECTION    NW (330)
  HIGHEST GUST SPEED    40   HIGHEST GUST DIRECTION     N (350)
  AVERAGE WIND SPEED    19.6


SKY COVER
  POSSIBLE SUNSHINE  MM
  AVERAGE SKY COVER 0.9


WEATHER CONDITIONS
 THE FOLLOWING WEATHER WAS RECORDED TODAY.
  LIGHT RAIN
  FOG


RELATIVE HUMIDITY (PERCENT)
 HIGHEST    92           700 AM
 LOWEST     82           400 AM
 AVERAGE    87

..........................................................


THE VALENTINE NE CLIMATE NORMALS FOR TOMORROW
                         NORMAL    RECORD    YEAR
 MAXIMUM TEMPERATURE (F)   64        93      1962
 MINIMUM TEMPERATURE (F)   37        21      1958


SUNRISE AND SUNSET
APRIL 24 2018.........SUNRISE   646 AM CDT   SUNSET   835 PM CDT
APRIL 25 2018.........SUNRISE   645 AM CDT   SUNSET   836 PM CDT


-  INDICATES NEGATIVE NUMBERS.
R  INDICATES RECORD WAS SET OR TIED.
MM INDICATES DATA IS MISSING.
T  INDICATES TRACE AMOUNT.




$$
