000
CDUS41 KAKQ 230606
CLIWAL


CLIMATE REPORT
NATIONAL WEATHER SERVICE WAKEFIELD, VA
206 AM EDT MON APR 23 2018


...................................

...THE WALLOPS ISLAND VA CLIMATE SUMMARY FOR APRIL 22 2018...

CLIMATE NORMAL PERIOD 1981 TO 2010
CLIMATE RECORD PERIOD 1963 TO 2018


WEATHER ITEM   OBSERVED TIME   RECORD YEAR NORMAL DEPARTURE
                VALUE   (LST)  VALUE       VALUE  FROM
                                                  NORMAL
...............................................................
TEMPERATURE (F)
 YESTERDAY
  MAXIMUM         62   1230 PM  90    1985  65     -3
  MINIMUM         41    525 AM  36    1994  47     -6
  AVERAGE         52                        56     -4

PRECIPITATION (IN)
  YESTERDAY        0.00          2.48        0.09  -0.09
  MONTH TO DATE    1.85                      2.35  -0.50
  SINCE MAR 1      5.37                      6.35  -0.98
  SINCE JAN 1     10.89                     12.15  -1.26

SNOWFALL (IN)
  YESTERDAY        0.0           0.0    MM   0.0    0.0
  MONTH TO DATE    T                         0.1   -0.1
  SINCE NOV 1     11.8                       7.9    3.9
  SINCE JUL 1     11.8                       7.9    3.9

DEGREE DAYS
 HEATING
  YESTERDAY       13                                3
  MONTH TO DATE  289                               13
  SINCE MAR 1    960                               65
  SINCE JUL 1   3787                             -188

 COOLING
  YESTERDAY        0                                0
  MONTH TO DATE    3                                3
  SINCE MAR 1      3                                2
  SINCE JAN 1      4                                3
...............................................................


WIND (MPH)
  HIGHEST WIND SPEED    14   HIGHEST WIND DIRECTION    SE (140)
  HIGHEST GUST SPEED    18   HIGHEST GUST DIRECTION    SE (150)
  AVERAGE WIND SPEED     6.6




RELATIVE HUMIDITY (PERCENT)
 HIGHEST    89
 LOWEST     47
 AVERAGE    68

..........................................................


THE WALLOPS ISLAND VA CLIMATE NORMALS FOR TODAY
                         NORMAL    RECORD    YEAR
 MAXIMUM TEMPERATURE (F)   65        85      1976
 MINIMUM TEMPERATURE (F)   47        34      1994


SUNRISE AND SUNSET
APRIL 23 2018.........SUNRISE   616 AM EDT   SUNSET   745 PM EDT
APRIL 24 2018.........SUNRISE   614 AM EDT   SUNSET   746 PM EDT


-  INDICATES NEGATIVE NUMBERS.
R  INDICATES RECORD WAS SET OR TIED.
MM INDICATES DATA IS MISSING.
T  INDICATES TRACE AMOUNT.




$$
