755
CDAK47 PAJK 241137
CLIYAK
CLIMATE REPORT
NATIONAL WEATHER SERVICE JUNEAU, AK
335 AM AKDT TUE APR 24 2018


...................................

...THE YAKUTAT CLIMATE SUMMARY FOR APRIL 23 2018...

CLIMATE NORMAL PERIOD 1981 TO 2010
CLIMATE RECORD PERIOD 1917 TO 2018


WEATHER ITEM   OBSERVED RECORD YEAR NORMAL DEPARTURE LAST
                VALUE   VALUE       VALUE  FROM      YEAR
                                           NORMAL
...........................................................
TEMPERATURE (F)
 YESTERDAY
  MAXIMUM         45     66    1997  48     -3       59
  MINIMUM         38     18    1967  32      6       29
  AVERAGE         42                 40      2       44

PRECIPITATION (IN)
  YESTERDAY        1.35   2.80 1923   0.30   1.05     0.00
  MONTH TO DATE    5.19               7.16  -1.97     2.34
  SINCE JAN 1     23.96              42.72 -18.76    30.94

DEGREE DAYS
 HEATING
  YESTERDAY       23                 25     -2       21
  MONTH TO DATE  606                644    -38      552
...........................................................


WIND (MPH)
  HIGHEST WIND SPEED    29   HIGHEST WIND DIRECTION    SE (120)
  HIGHEST GUST SPEED    47   HIGHEST GUST DIRECTION     E (110)
  AVERAGE WIND SPEED    11.5


SKY COVER
  AVERAGE SKY COVER 1.0


WEATHER CONDITIONS
 THE FOLLOWING WEATHER WAS RECORDED YESTERDAY.
  RAIN
  LIGHT RAIN
  FOG


..........................................................


THE YAKUTAT CLIMATE NORMALS FOR TODAY
                         NORMAL    RECORD    YEAR
 MAXIMUM TEMPERATURE (F)   48        68      1997
                                             1994
 MINIMUM TEMPERATURE (F)   32        19      1967


SUNRISE AND SUNSET
APRIL 24 2018.........SUNRISE   537 AM AKDT  SUNSET   858 PM AKDT
APRIL 25 2018.........SUNRISE   535 AM AKDT  SUNSET   900 PM AKDT


-  INDICATES NEGATIVE NUMBERS.
R  INDICATES RECORD WAS SET OR TIED.
MM INDICATES DATA IS MISSING.
T  INDICATES TRACE AMOUNT.




$$
--------------------------------------------------------------

AMOUNT OF DAYLIGHT TODAY (HOUR:MIN)......... 15 HOURS 20 MINUTES
GAIN/LOSS SINCE YESTERDAY (HOUR:MIN:SEC).... +0:05:12

$$
