000
CDUS46 KPDT 270835
CLIYKM

CLIMATE REPORT
NATIONAL WEATHER SERVICE PENDLETON OR
126 AM PDT FRI APR 27 2018


...................................

...THE YAKIMA WA CLIMATE SUMMARY FOR APRIL 26 2018...

CLIMATE NORMAL PERIOD 1981 TO 2010
CLIMATE RECORD PERIOD 1946 TO 2018


WEATHER ITEM   OBSERVED TIME   RECORD YEAR NORMAL DEPARTURE LAST
                VALUE   (LST)  VALUE       VALUE  FROM      YEAR
                                                  NORMAL
..................................................................
TEMPERATURE (F)
 YESTERDAY
  MAXIMUM         84    412 PM  86    2013  66     18       65
  MINIMUM         39    503 AM  24    1948  36      3       40
  AVERAGE         62                        51     11       53

PRECIPITATION (IN)
  YESTERDAY        0.00          0.64 2003   0.02  -0.02      T
  MONTH TO DATE    0.75                      0.47   0.28     1.29
  SINCE OCT 1      4.51                      6.13  -1.62    10.75
  SINCE JAN 1      2.22                      3.01  -0.79     6.83

SNOWFALL (IN)
  YESTERDAY        0.0           0.0  2002   0.0    0.0      0.0
                                      2001
                                      2000
  MONTH TO DATE    0.0                       0.0    0.0      0.0
  SINCE JAN 1      0.8                       8.6   -7.8     29.1
  SINCE JUL 1      2.4                      21.6  -19.2     36.5
  SNOW DEPTH       0

DEGREE DAYS
 HEATING
  YESTERDAY        3                        14    -11       12
  MONTH TO DATE  355                       425    -70      382
  SINCE MAR 1    983                      1102   -119      972
  SINCE JUL 1   4749                      5629   -880     5401

 COOLING
  YESTERDAY        0                         0      0        0
  MONTH TO DATE    0                         0      0        0
  SINCE MAR 1      0                         0      0        0
  SINCE JAN 1      0                         0      0        0
..................................................................


WIND (MPH)
  HIGHEST WIND SPEED    13   HIGHEST WIND DIRECTION     W (250)
  HIGHEST GUST SPEED    16   HIGHEST GUST DIRECTION     W (250)
  AVERAGE WIND SPEED     5.2


SKY COVER
  POSSIBLE SUNSHINE  MM
  AVERAGE SKY COVER 0.0


WEATHER CONDITIONS
 THE FOLLOWING WEATHER WAS RECORDED YESTERDAY.
  NO SIGNIFICANT WEATHER WAS OBSERVED.


RELATIVE HUMIDITY (PERCENT)
 HIGHEST    82           600 AM
 LOWEST     15           200 PM
 AVERAGE    49

..........................................................


THE YAKIMA WA CLIMATE NORMALS FOR TODAY
                         NORMAL    RECORD    YEAR
 MAXIMUM TEMPERATURE (F)   67        87      1987
 MINIMUM TEMPERATURE (F)   37        25      1999


SUNRISE AND SUNSET
APRIL 27 2018.........SUNRISE   554 AM PDT   SUNSET   806 PM PDT
APRIL 28 2018.........SUNRISE   552 AM PDT   SUNSET   808 PM PDT


-  INDICATES NEGATIVE NUMBERS.
R  INDICATES RECORD WAS SET OR TIED.
MM INDICATES DATA IS MISSING.
T  INDICATES TRACE AMOUNT.




$$
