035
CXUS43 KLOT 011228
CLMARR


CLIMATE REPORT
NATIONAL WEATHER SERVICE CHICAGO IL
717 AM CDT SUN APR 1 2018

...................................

...THE AURORA MUNICIPAL AIRPORT CLIMATE SUMMARY FOR THE MONTH OF MARCH 2018...

CLIMATE NORMAL PERIOD 1981 TO 2010
CLIMATE RECORD PERIOD 1998 TO 2018

WEATHER         OBSERVED          NORMAL  DEPART  LAST YEAR`S
                 VALUE   DATE(S)  VALUE   FROM    VALUE
                                          NORMAL
.............................................................
TEMPERATURE (F)
RECORD
 HIGH              83   03/20/2012
 LOW              -12   03/04/2002
HIGHEST            58   03/31        MM      MM       82
LOWEST             19   03/22        MM      MM       13
                        03/14
                        03/13
AVG. MAXIMUM     45.9              47.0    -1.1     48.0
AVG. MINIMUM     26.4              26.9    -0.5     30.6
MEAN             36.1              37.0    -0.9     39.3

PRECIPITATION (INCHES)
RECORD
 MAXIMUM         4.37   2009
 MINIMUM         0.42   2015
TOTALS           2.28              2.23    0.05     3.10

DEGREE_DAYS
HEATING TOTAL     888               870      18      790
 SINCE 7/1       5706              6008    -302     4851
COOLING TOTAL       0                 0       0        0
 SINCE 1/1          0                 0       0        0
..............................................................

WIND (MPH)
AVERAGE WIND SPEED              10.3
HIGHEST WIND SPEED/DIRECTION    33/280    DATE  03/31
HIGHEST GUST SPEED/DIRECTION    40/230    DATE  03/31

AVERAGE RH (PERCENT)     66


-  INDICATES NEGATIVE NUMBERS.
R  INDICATES RECORD WAS SET OR TIED.
MM INDICATES DATA IS MISSING.
T  INDICATES TRACE AMOUNT.

$$
