000
CXUS55 KGJT 020826
CLMCAG
CLIMATE REPORT
NATIONAL WEATHER SERVICE GRAND JUNCTION CO
126 AM MST SAT MAR 02 2024
...................................
...THE CRAIG CO CLIMATE SUMMARY FOR THE MONTH OF FEBRUARY 2024...
CLIMATE NORMAL PERIOD 1991 TO 2020
CLIMATE RECORD PERIOD 9999 TO 9999
WEATHER OBSERVED NORMAL DEPART LAST YEAR`S
VALUE DATE(S) VALUE FROM VALUE DATE(S)
NORMAL
................................................................
TEMPERATURE (F)
HIGHEST 49 02/26 MM MM 42 02/21
LOWEST -9 02/28 MM MM -22 02/01
AVG. MAXIMUM 37.4 35.7 1.7 26.7
AVG. MINIMUM 11.8 8.6 3.2 -3.5
MEAN 24.6 22.2 2.4 11.6
DAYS MAX >= 90 0 0.0 0.0 0
DAYS MAX <= 32 6 11.1 -5.1 21
DAYS MIN <= 32 29 27.6 1.4 28
DAYS MIN <= 0 4 7.8 -3.8 17
PRECIPITATION (INCHES)
TOTALS 1.62 0.89 0.73 0.38
DAILY AVG. 0.06 0.03 0.03 0.01
DAYS >= .01 13 9.5 3.5 9
DAYS >= .10 4 2.7 1.3 1
DAYS >= .50 1 0.1 0.9 0
DAYS >= 1.00 0 0.0 0.0 0
GREATEST
24 HR. TOTAL 0.88 02/02 TO 02/03 0.21
SNOWFALL (INCHES)
TOTALS MM MM MM MM
SINCE 7/1 MM MM MM MM
SNOWDEPTH AVG. MM MM
DAYS >= 1.0 MM MM MM MM
GREATEST
SNOW DEPTH MM MM MM
24 HR TOTAL MM MM
DEGREE DAYS
HEATING TOTAL 1164 1200 -36 1489
SINCE 7/1 5622 6132 -510 6501
COOLING TOTAL 0 0 0 0
SINCE 1/1 0 0 0 0
................................................................
WIND (MPH)
AVERAGE WIND SPEED 4.8
HIGHEST WIND SPEED/DIRECTION 32/300 DATE 02/27
HIGHEST GUST SPEED/DIRECTION 47/300 DATE 02/27
SKY COVER
POSSIBLE SUNSHINE (PERCENT) MM
AVERAGE SKY COVER 0.52
NUMBER OF DAYS FAIR 8
NUMBER OF DAYS PC 9
NUMBER OF DAYS CLOUDY 12
AVERAGE RH (PERCENT) 75
WEATHER CONDITIONS. NUMBER OF DAYS WITH
THUNDERSTORM 0 MIXED PRECIP 0
HEAVY RAIN 0 RAIN 2
LIGHT RAIN 5 FREEZING RAIN 0
LT FREEZING RAIN 0 HAIL 0
HEAVY SNOW 2 SNOW 8
LIGHT SNOW 15 SLEET 0
FOG 19 FOG W/VIS <= 1/4 MILE 8
HAZE 6
- INDICATES NEGATIVE NUMBERS.
R INDICATES RECORD WAS SET OR TIED.
MM INDICATES DATA IS MISSING.
T INDICATES TRACE AMOUNT.
$$