904
CXUS53 KGID 011653
CLMEAR

CLIMATE REPORT
NATIONAL WEATHER SERVICE HASTINGS NE
1049 AM CST THU MAR 1 2018

...................................

...THE KEARNEY CLIMATE SUMMARY FOR THE MONTH OF FEBRUARY 2018...

CLIMATE NORMAL PERIOD 1981 TO 2010
CLIMATE RECORD PERIOD 1894 TO 2018

WEATHER         OBSERVED          NORMAL  DEPART  LAST YEAR`S
                 VALUE   DATE(S)  VALUE   FROM    VALUE  DATE(S)
                                          NORMAL
................................................................
TEMPERATURE (F)
HIGHEST            61   02/26        66      -5       79  02/21
                        02/18
LOWEST             -6   02/06        -5      -1        9  02/25
AVG. MAXIMUM     34.2              39.7    -5.5     50.9
AVG. MINIMUM     11.8              16.6    -4.8     24.8
MEAN             23.0              28.1    -5.1     37.9
DAYS MAX >= 90      0               0.0     0.0        0
DAYS MAX <= 32     14               8.6     5.4        5
DAYS MIN <= 32     28              26.5     1.5       24
DAYS MIN <= 0       4               3.0     1.0        0

PRECIPITATION (INCHES)
TOTALS             MM              0.55      MM       MM
DAILY AVG.         MM              0.02      MM
DAYS >= .01        MM               4.2      MM
DAYS >= .10        MM               1.7      MM
DAYS >= .50        MM               0.2      MM
DAYS >= 1.00       MM               0.0      MM
GREATEST
 24 HR. TOTAL      MM

DEGREE_DAYS
HEATING TOTAL    1169              1032     137      754
COOLING TOTAL       0                 0       0        0
.................................................................

WIND (MPH)
AVERAGE WIND SPEED              11.6
HIGHEST WIND SPEED/DIRECTION    32/360
HIGHEST GUST SPEED/DIRECTION    MM               MM

AVERAGE RH (PERCENT)     71


-  INDICATES NEGATIVE NUMBERS.
R  INDICATES RECORD WAS SET OR TIED.
MM INDICATES DATA IS MISSING.
T  INDICATES TRACE AMOUNT.

&&

THE PRECIPITATION DATA SHOWN ABOVE IS RECORDED BY THE AUTOMATED
WEATHER OBSERVING SYSTEM AT THE KEARNEY AIRPORT. THE PRECIPITATION
IS DEPICTED FOR A CALENDAR DAY FROM MIDNIGHT TO MIDNIGHT. SNOWFALL
IS NOT RECORDED BY THAT SYSTEM.

THE OFFICIAL PRECIPITATION...SNOWFALL...AND SNOW DEPTH OBSERVATION
FOR KEARNEY IS RECORDED DAILY BY THE COOPERATIVE OBSERVER AT 7 AM.
THAT INFORMATION FOLLOWS...

...KEARNEY 4NE COOPERATIVE OBSERVER REPORT FOR FEBURARY 2018...

PRECIPITATION (IN)
     MONTHLY...............................  0.73
     YEAR TO DATE..........................  1.69

SNOWFALL (IN)
     MONTHLY...............................  9.2
     SEASONAL TOTAL (SINCE JULY 1ST)....... 20.7
$$
