000
CXUS51 KPHI 011932
CLMGED


CLIMATE REPORT
NATIONAL WEATHER SERVICE MOUNT HOLLY NJ
319 PM EDT TUE MAY 1 2018

...................................

...THE GEORGETOWN DE CLIMATE SUMMARY FOR THE MONTH OF APRIL 2018...

CLIMATE NORMAL PERIOD 1981 TO 2010
CLIMATE RECORD PERIOD 1948 TO 2018

WEATHER         OBSERVED          NORMAL  DEPART  LAST YEAR`S
                 VALUE   DATE(S)  VALUE   FROM    VALUE
                                          NORMAL
.............................................................
TEMPERATURE (F)
RECORD
 HIGH              94   04/26/2009
                        04/17/2002
                        05/23/1911
 LOW               20   04/01/1969
                        04/04/1965
HIGHEST            83                MM      MM       91
LOWEST             29                MM      MM       34
AVG. MAXIMUM     64.0              64.4    -0.4     71.7
AVG. MINIMUM     42.1              43.6    -1.5     51.3
MEAN             53.1              54.0    -0.9     61.5
DAYS MAX >= 90      0               0.3    -0.3        1
DAYS MAX <= 32      0               0.0     0.0        0
DAYS MIN <= 32      3               2.2     0.8        0
DAYS MIN <= 0       0               0.0     0.0        0

PRECIPITATION (INCHES)
RECORD
 MAXIMUM           MM   MM
 MINIMUM           MM   MM
TOTALS           4.16              3.63    0.53     2.48
DAILY AVG.       0.14              0.12    0.02     0.08
DAYS >= .01        13              11.5     1.5        5
DAYS >= .10         6               6.3    -0.3        5
DAYS >= .50         3               2.1     0.9        1
DAYS >= 1.00        1               0.8     0.2        1
GREATEST
 24 HR. TOTAL    1.34   04/16 TO 04/16              1.23

DEGREE_DAYS
HEATING TOTAL     367               348      19      165
 SINCE 7/1       4032              4260    -228     3466
COOLING TOTAL      15                18      -3       65
 SINCE 1/1         22                20       2       68
..............................................................

WIND (MPH)
AVERAGE WIND SPEED              8.7
HIGHEST WIND SPEED/DIRECTION    36/210    DATE  04/16
HIGHEST GUST SPEED/DIRECTION    49/200    DATE  04/16

SKY COVER
POSSIBLE SUNSHINE (PERCENT)   MM
AVERAGE SKY COVER           0.40
NUMBER OF DAYS FAIR           17
NUMBER OF DAYS PC              6
NUMBER OF DAYS CLOUDY          7

AVERAGE RH (PERCENT)     63

WEATHER CONDITIONS. NUMBER OF DAYS WITH
THUNDERSTORM              2     MIXED PRECIP               0
HEAVY RAIN                4     RAIN                       6
LIGHT RAIN               15     FREEZING RAIN              0
LT FREEZING RAIN          0     HEAVY SNOW                 0
SNOW                      0     LIGHT SNOW                 0
SLEET                     0     FOG                       13
FOG W/VIS <= 1/4 MILE     1     HAZE                       4

-  INDICATES NEGATIVE NUMBERS.
R  INDICATES RECORD WAS SET OR TIED.
MM INDICATES DATA IS MISSING.
T  INDICATES TRACE AMOUNT.

$$
