000
CXUS51 KPHI 020620
CLMGED
CLIMATE REPORT
NATIONAL WEATHER SERVICE MOUNT HOLLY NJ
120 AM EST SAT MAR 02 2024
...................................
...THE GEORGETOWN DE CLIMATE SUMMARY FOR THE MONTH OF FEBRUARY 2024...
CLIMATE NORMAL PERIOD: 1991 TO 2020
CLIMATE RECORD PERIOD: 1948 TO 2024
WEATHER OBSERVED NORMAL DEPART LAST YEAR`S
VALUE DATE(S) VALUE FROM VALUE
NORMAL
..............................................................
TEMPERATURE (F)
RECORD
HIGH 77 02/21/2018
02/25/2017
07/09/1936
LOW -8 02/06/1996
02/11/1979
HIGHEST 68 MM MM 74
LOWEST 20 MM MM 17
AVG. MAXIMUM 49.8 47.8 2.0 56.3
AVG. MINIMUM 30.4 30.0 0.4 34.3
MEAN 40.1 38.9 1.2 45.3
DAYS MAX >= 90 0 0.0 0.0 0
DAYS MAX <= 32 0 1.9 -1.9 1
DAYS MIN <= 32 20 19.5 0.5 11
DAYS MIN <= 0 0 0.1 -0.1 0
PRECIPITATION (INCHES)
RECORD
MAXIMUM 6.87 1994
MINIMUM 0.29 2009
TOTALS 1.52 2.58 -1.06 1.79
DAILY AVG. 0.05 0.09 -0.04 0.06
DAYS >= .01 8 10.0 -2.0 8
DAYS >= .10 3 5.7 -2.7 5
DAYS >= .50 1 1.7 -0.7 2
DAYS >= 1.00 0 0.3 -0.3 0
GREATEST
24 HR. TOTAL 0.85 02/12 TO 02/13 0.86
DEGREE DAYS
HEATING TOTAL 715 731 -16 544
SINCE 7/1 2918 3102 -184 MM
COOLING TOTAL 0 0 0 0
SINCE 1/1 0 0 0 MM
..............................................................
WIND (MPH)
AVERAGE WIND SPEED 6.2
HIGHEST WIND SPEED/DIRECTION 29/210 DATE 02/28
HIGHEST GUST SPEED/DIRECTION 40/220 DATE 02/28
SKY COVER
POSSIBLE SUNSHINE (PERCENT) MM
AVERAGE SKY COVER 0.28
NUMBER OF DAYS FAIR 20
NUMBER OF DAYS PC 5
NUMBER OF DAYS CLOUDY 4
AVERAGE RH (PERCENT) 71
WEATHER CONDITIONS. NUMBER OF DAYS WITH
THUNDERSTORM 0 MIXED PRECIP 0
HEAVY RAIN 1 RAIN 2
LIGHT RAIN 10 FREEZING RAIN 0
LT FREEZING RAIN 0 HEAVY SNOW 0
SNOW 0 LIGHT SNOW 2
SLEET 0 FOG 9
FOG W/VIS <= 1/4 MILE 2 HAZE 0
- INDICATES NEGATIVE NUMBERS.
R INDICATES RECORD WAS SET OR TIED.
MM INDICATES DATA IS MISSING.
T INDICATES TRACE AMOUNT.
$$