000
CXUS52 KJAX 011607
CLMGNV

CLIMATE REPORT
NATIONAL WEATHER SERVICE JACKSONVILLE FL
809 AM EDT TUE MAY 1 2018

...................................

...THE GAINESVILLE CLIMATE SUMMARY FOR THE MONTH OF APRIL 2018...

CLIMATE NORMAL PERIOD 1981 TO 2010
CLIMATE RECORD PERIOD 1890 TO 2018

WEATHER         OBSERVED          NORMAL  DEPART  LAST YEAR`S
                 VALUE   DATE(S)  VALUE   FROM    VALUE  DATE(S)
                                          NORMAL
................................................................
TEMPERATURE (F)
RECORD
 HIGH              96   04/27/2011
 LOW               32   04/17/1962
                        04/02/1919
HIGHEST            88   04/18        80       8       95  04/29
                        04/14                             04/28
LOWEST             44   04/17        55     -11       40  04/09
AVG. MAXIMUM     81.3              80.3     1.0     84.9
AVG. MINIMUM     57.5              54.9     2.6     55.6
MEAN             69.4              67.6     1.8     70.2
DAYS MAX >= 90      0               0.8    -0.8        6
DAYS MAX <= 32      0               0.0     0.0        0
DAYS MIN <= 32      0               0.0     0.0        0
DAYS MIN <= 0       0               0.0     0.0        0

PRECIPITATION (INCHES)
RECORD
 MAXIMUM         8.95   1949
 MINIMUM         0.08   1998
TOTALS           7.49              2.67    4.82     2.74
DAILY AVG.       0.25              0.09    0.16     0.09
DAYS >= .01         6               5.8     0.2        2
DAYS >= .10         5               3.4     1.6        1
DAYS >= .50         4               1.7     2.3        1
DAYS >= 1.00        1               0.7     0.3        1
GREATEST
 24 HR. TOTAL    4.95

SNOWFALL (INCHES)
RECORDS
 TOTAL              T   1997
TOTALS            0.0               0.0     0.0      0.0
SINCE 7/1         0.0               0.0     0.0      0.0
SNOWDEPTH AVG.      0                MM      MM        0
DAYS >= 1.0         0               0.0     0.0        0
GREATEST
 SNOW DEPTH         0   MM                             0  MM
 24 HR TOTAL      0.0

DEGREE_DAYS
HEATING TOTAL      17                43     -26       18
 SINCE 7/1       1104              1214    -110      646
COOLING TOTAL     154               121      33      182
 SINCE 1/1        333               207     126      339
.................................................................

WIND (MPH)
AVERAGE WIND SPEED              7.4
HIGHEST WIND SPEED/DIRECTION    31/200    DATE  04/15
HIGHEST GUST SPEED/DIRECTION    47/200    DATE  04/15

SKY COVER
POSSIBLE SUNSHINE (PERCENT)   MM
AVERAGE SKY COVER           0.40
NUMBER OF DAYS FAIR           17
NUMBER OF DAYS PC              9
NUMBER OF DAYS CLOUDY          4

AVERAGE RH (PERCENT)     68

WEATHER CONDITIONS. NUMBER OF DAYS WITH
  0
  5
  0
  0
  0
  0
  4
HAZE                      4

-  INDICATES NEGATIVE NUMBERS.
R  INDICATES RECORD WAS SET OR TIED.
MM INDICATES DATA IS MISSING.
T  INDICATES TRACE AMOUNT.

$$
