000
CXUS52 KMFL 011449
CLMMIA


CLIMATE REPORT
NATIONAL WEATHER SERVICE MIAMI, FL
1039 AM EDT SUN APR 1 2018

...................................

...THE MIAMI CLIMATE SUMMARY FOR THE MONTH OF MARCH 2018...

CLIMATE NORMAL PERIOD 1981 TO 2010
CLIMATE RECORD PERIOD 1895 TO 2018

WEATHER         OBSERVED          NORMAL  DEPART  LAST YEAR`S
                 VALUE   DATE(S)  VALUE   FROM    VALUE
                                          NORMAL
.............................................................
TEMPERATURE (F)
RECORD
 HIGH              93   03/22/2003
 LOW               32   03/03/1980
HIGHEST            89   03/20                         87
LOWEST             51   03/15                         53
AVG. MAXIMUM     79.6              80.3    -0.7     80.5
AVG. MINIMUM     62.0              64.9    -2.9     66.2
MEAN             70.8              72.6    -1.8     73.4
DAYS MAX >= 90      0                                  0
DAYS MAX <= 32      0                                  0
DAYS MIN <= 32      0                                  0
DAYS MIN <= 0       0                                  0

PRECIPITATION (INCHES)
RECORD
 MAXIMUM        10.57   1986
 MINIMUM         0.00   1902
TOTALS           0.19              3.00   -2.81     3.92
DAILY AVG.       0.01              0.10   -0.09
DAYS >= .01         2                                  7
DAYS >= .10         1                                  6
DAYS >= .50         0                                  3
DAYS >= 1.00        0                                  2
GREATEST
 24 HR. TOTAL    0.17   03/07 TO 03/07              1.33

DEGREE_DAYS
HEATING TOTAL       7                11      -4        3
 SINCE 7/1         85               127     -42       17
COOLING TOTAL     192               247     -55      271
 SINCE 1/1        673               569     104      765
..............................................................

WIND (MPH)
AVERAGE WIND SPEED              8.4
HIGHEST WIND SPEED/DIRECTION    29/080    DATE  03/27
HIGHEST GUST SPEED/DIRECTION    37/090    DATE  03/27

SKY COVER
POSSIBLE SUNSHINE (PERCENT)   MM
AVERAGE SKY COVER           0.40
NUMBER OF DAYS FAIR           13
NUMBER OF DAYS PC             16
NUMBER OF DAYS CLOUDY          1

AVERAGE RH (PERCENT)     64

WEATHER CONDITIONS. NUMBER OF DAYS WITH
  0
  0
  0
  0
  0
  0
  0
HAZE                      3

-  INDICATES NEGATIVE NUMBERS.
R  INDICATES RECORD WAS SET OR TIED.
MM INDICATES DATA IS MISSING.
T  INDICATES TRACE AMOUNT.

$$
