000
CXUS54 KOUN 011334
CLMOKC

CLIMATE REPORT
NATIONAL WEATHER SERVICE NORMAN OK
826 AM CDT SUN APR 1 2018

...................................

...THE OKLAHOMA CITY CLIMATE SUMMARY FOR THE MONTH OF MARCH 2018...

CLIMATE NORMAL PERIOD 1981 TO 2010
CLIMATE RECORD PERIOD 1890 TO 2018

WEATHER         OBSERVED          NORMAL  DEPART  LAST YEAR`S
                 VALUE   DATE(S)  VALUE   FROM    VALUE
                                          NORMAL
.............................................................
TEMPERATURE (F)
RECORD
 HIGH              97   03/19/1907
 LOW                1   03/11/1948
HIGHEST            79   03/22        83      -4       91
                        03/23
LOWEST             28   03/14        20       8       28
AVG. MAXIMUM     65.7              63.4     2.3     69.5
AVG. MINIMUM     41.4              41.0     0.4     44.7
MEAN             53.6              52.2     1.4     57.1
DAYS MAX >= 90      0               0.1    -0.1        1
DAYS MAX <= 32      0               0.3    -0.3        0
DAYS MIN <= 32      6               5.2     0.8        3
DAYS MIN <= 0       0               0.0     0.0        0

PRECIPITATION (INCHES)
RECORD
 MAXIMUM         8.02   2007
 MINIMUM         0.02   1911,1940
TOTALS           0.61              3.06   -2.45     2.60
DAILY AVG.       0.02              0.10   -0.08     0.08
DAYS >= .01         3               7.6    -4.6        5
DAYS >= .10         2               5.1    -3.1        2
DAYS >= .50         0               1.9    -1.9        2
DAYS >= 1.00        0               1.1    -1.1        1
GREATEST
 24 HR. TOTAL    0.36   03/26 TO 03/27

SNOWFALL (INCHES)
TOTALS            0.0               0.9    -0.9
SINCE 7/1         0.4               7.6    -7.2

DEGREE_DAYS
HEATING TOTAL     355               409     -54      284
 SINCE 7/1       3224              3159      65     2504
COOLING TOTAL       6                12      -6       48
 SINCE 1/1         10                13      -3       57
..............................................................

WIND (MPH)
AVERAGE WIND SPEED              13.3
HIGHEST WIND SPEED/DIRECTION    39/330    DATE  03/19
HIGHEST GUST SPEED/DIRECTION    49/320    DATE  03/19


WEATHER CONDITIONS. NUMBER OF DAYS WITH
THUNDERSTORM              1     MIXED PRECIP               0
HEAVY RAIN                1     RAIN                       2
LIGHT RAIN                7     FREEZING RAIN              0
LT FREEZING RAIN          0     HAIL                       0
HEAVY SNOW                0     SNOW                       0
LIGHT SNOW                0     SLEET                      0
FOG                       8     FOG W/VIS <= 1/4 MILE      1
HAZE                      5

-  INDICATES NEGATIVE NUMBERS.
R  INDICATES RECORD WAS SET OR TIED.
MM INDICATES DATA IS MISSING.
T  INDICATES TRACE AMOUNT.
..............................................................
RECORD EVENTS/REMARKS
THE JANUARY THROUGH MARCH 2018 TOTAL PRECIPITATION IS 3.44 INCHES.

$$
