000
CXUS46 KLOX 012211
CLMSDB


CLIMATE REPORT
NATIONAL WEATHER SERVICE LOS ANGELES/OXNARD CA
311 PM PDT TUE MAY 1 2018

...................................

...THE SANDBERG CA CLIMATE SUMMARY FOR THE MONTH OF APRIL 2018...

CLIMATE NORMAL PERIOD 1981 TO 2010
CLIMATE RECORD PERIOD 1934 TO 2018

WEATHER         OBSERVED          NORMAL  DEPART  LAST YEAR`S
                 VALUE   DATE(S)  VALUE   FROM    VALUE
                                          NORMAL
.............................................................
TEMPERATURE (F)
HIGHEST            76   04/10
LOWEST             30   04/17
AVG. MAXIMUM     63.4              58.7     4.7
AVG. MINIMUM     43.5              42.0     1.5
MEAN             53.5              50.4     3.1
DAYS MAX >= 90      0
DAYS MAX <= 32      0
DAYS MIN <= 32      4
DAYS MIN <= 0       0

PRECIPITATION (INCHES)
TOTALS           0.01              0.63   -0.62
DAILY AVG.       0.00
DAYS >= .01         1
DAYS >= .10         0
DAYS >= .50         0
DAYS >= 1.00        0
GREATEST
 24 HR. TOTAL    0.01   04/12 TO 04/12

DEGREE_DAYS
HEATING TOTAL     341               446    -105      273
 SINCE 7/1       2529              3775   -1246     2861
COOLING TOTAL       2                 7      -5        5
 SINCE 1/1          4                 8      -4       21
..............................................................

WIND (MPH)
AVERAGE WIND SPEED              14.8
HIGHEST WIND SPEED/DIRECTION    59/330    DATE  04/29
HIGHEST GUST SPEED/DIRECTION    69/320    DATE  04/29

SKY COVER
POSSIBLE SUNSHINE (PERCENT)   MM
AVERAGE SKY COVER           0.20
NUMBER OF DAYS FAIR           23
NUMBER OF DAYS PC              6
NUMBER OF DAYS CLOUDY          1

AVERAGE RH (PERCENT)     53

WEATHER CONDITIONS. NUMBER OF DAYS WITH
  0
  0
  0
  0
  0
  0
  5
HAZE                      1

-  INDICATES NEGATIVE NUMBERS.
R  INDICATES RECORD WAS SET OR TIED.
MM INDICATES DATA IS MISSING.
T  INDICATES TRACE AMOUNT.

$$
