000
CXUS54 KMRX 032325
CLMTYS


CLIMATE REPORT
NATIONAL WEATHER SERVICE MORRISTOWN TN
724 PM EDT TUE APR 3 2018

...................................

...THE KNOXVILLE    ASOS CLIMATE SUMMARY FOR THE MONTH OF MARCH 2018...

CLIMATE NORMAL PERIOD 1981 TO 2010
CLIMATE RECORD PERIOD 1871 TO 2018

WEATHER         OBSERVED          NORMAL  DEPART
                 VALUE   DATE(S)  VALUE   FROM
                                          NORMAL
................................................
TEMPERATURE (F)
HIGHEST            78   03/29
LOWEST             24   03/09
AVG. MAXIMUM     57.5              61.4    -3.9
AVG. MINIMUM     39.6              39.2     0.4
MEAN             48.5              50.3    -1.8
DAYS MAX >= 90      0
DAYS MAX <= 32      0
DAYS MIN <= 32      9
DAYS MIN <= 0       0

PRECIPITATION (INCHES)
RECORD
 MAXIMUM        13.35   1917
 MINIMUM         0.72   1910
TOTALS           5.14              4.34    0.80
DAYS >= .01        13
DAYS >= .10         9
DAYS >= .50         3
DAYS >= 1.00        1
GREATEST
 24 HR. TOTAL    1.25   03/01 TO 03/01

SNOWFALL (INCHES)
TOTALS              T               0.9    -0.9
SINCE 7/1         2.6
SNOWDEPTH AVG.      0
DAYS >= TRACE       5
GREATEST
 SNOW DEPTH         0   MM

DEGREE_DAYS
HEATING TOTAL     505               461      44
 SINCE 7/1       3238              3357    -119
COOLING TOTAL       4                 5      -1
 SINCE 1/1         22                 5      17
.................................................



-  INDICATES NEGATIVE NUMBERS.
R  INDICATES RECORD WAS SET OR TIED.
MM INDICATES DATA IS MISSING.
T  INDICATES TRACE AMOUNT.

$$
