000
CXUS54 KEWX 011010
CF63T5
PRELIMINARY LOCAL CLIMATOLOGICAL DATA (WS FORM: F-6)
STATION: LA GRANGE
MONTH: SEPTEMBER
YEAR: 2020
LATITUDE: 29 54 N
LONGITUDE: 96 57 W
TEMPERATURE IN F: :PCPN: SNOW: WIND :SUNSHINE: SKY :PK WND
================================================================================
1 2 3 4 5 6A 6B 7 8 9 10 11 12 13 14 15 16 17 18
12Z AVG MX 2MIN
DY MAX MIN AVG DEP HDD CDD WTR SNW DPTH SPD SPD DIR MIN PSBL S-S WX SPD DR
================================================================================
1 102 82 92 M 0 27 0.00 M M 11.5 17 190 M M 7 1 23 190
2 96 81 89 M 0 24 0.16 M M 6.4 15 170 M M 7 8 22 170
3 97 73 85 M 0 20 0.73 M M 5.0 10 220 M M 5 13 M M
4 89 73 81 M 0 16 0.46 M M 4.3 16 330 M M 4 3 25 120
5 94 74 84 M 0 19 0.00 M M 3.0 8 90 M M 1 18 M M
6 95 74 85 M 0 20 0.00 M M 2.0 5 150 M M 1 M M
7 96 73 85 M 0 20 0.00 M M 4.1 9 200 M M 2 16 150
8 88 75 82 M 0 17 0.20 M M 4.3 9 120 M M 3 3 M M
9 92 67 80 M 0 15 0.88 M M 5.7 13 320 M M 4 38 18 150
10 74 62 68 M 0 3 0.00 M M 10.0 15 340 M M 10 17 360
11 85 67 76 M 0 11 0.00 M M 6.9 12 340 M M 7 M M
12 92 71 82 M 0 17 0.00 M M 3.8 8 20 M M 1 16 20
13 93 73 83 M 0 18 0.01 M M 4.3 10 20 M M 3 13 M M
14 89 76 83 M 0 18 0.00 M M 5.4 10 30 M M 6 18 30
15 91 75 83 M 0 18 0.00 M M 4.4 9 360 M M 4 18 360
16 90 75 83 M 0 18 0.11 M M 1.9 6 330 M M 3 M M
17 90 74 82 M 0 17 0.08 M M 4.4 12 330 M M 4 3 M M
18 88 73 81 M 0 16 0.00 M M 6.4 13 360 M M 0 20 40
19 85 68 77 M 0 12 0.00 M M 6.4 13 20 M M 0 1 20 20
20 86 62 74 M 0 9 0.18 M M 7.4 16 20 M M 4 1 22 20
21 73 69 71 M 0 6 0.18 M M 9.4 15 20 M M 10 1 22 10
22 74 71 73 M 0 8 2.20 M M 9.2 13 20 M M 10 1 27 20
23 78 70 74 M 0 9 0.00 M M 9.5 15 350 M M 10 1 25 350
24 78 64 71 M 0 6 0.00 M M 3.1 9 330 M M 8 M M
25 85 59 72 M 0 7 0.00 M M 0.3 4 150 M M 2 12 M M
26 89 64 77 M 0 12 0.00 M M 4.5 12 160 M M 3 12 M M
27 92 76 84 M 0 19 0.00 M M 10.4 15 200 M M 6 20 200
28 81 63 72 M 0 7 0.00 M M 11.4 20 350 M M 8 18 31 10
29 82 52 67 M 0 2 0.00 M M 3.0 13 340 M M 0 M M
30 86 50 68 M 0 3 0.00 M M 2.7 9 180 M M 0 16 180
================================================================================
SM 2630 2086 0 414 5.19 M 171.1 M 133
================================================================================
AV 87.7 69.5 5.7 FASTST M M 4 MAX(MPH)
MISC ----> # 20 350 # 31 10
================================================================================
NOTES:
# LAST OF SEVERAL OCCURRENCES
COLUMN 17 PEAK WIND IN M.P.H.
PRELIMINARY LOCAL CLIMATOLOGICAL DATA (WS FORM: F-6) , PAGE 2
STATION: LA GRANGE
MONTH: SEPTEMBER
YEAR: 2020
LATITUDE: 29 54 N
LONGITUDE: 96 57 W
[TEMPERATURE DATA] [PRECIPITATION DATA] SYMBOLS USED IN COLUMN 16
AVERAGE MONTHLY: 78.6 TOTAL FOR MONTH: 5.19 1 = FOG OR MIST
DPTR FM NORMAL: M DPTR FM NORMAL: M 2 = FOG REDUCING VISIBILITY
HIGHEST: 102 ON 1 GRTST 24HR 2.20 ON 22-22 TO 1/4 MILE OR LESS
LOWEST: 50 ON 30 3 = THUNDER
SNOW, ICE PELLETS, HAIL 4 = ICE PELLETS
TOTAL MONTH: M 5 = HAIL
GRTST 24HR M ON M 6 = FREEZING RAIN OR DRIZZLE
GRTST DEPTH: M ON M 7 = DUSTSTORM OR SANDSTORM:
VSBY 1/2 MILE OR LESS
8 = SMOKE OR HAZE
[NO. OF DAYS WITH] [WEATHER - DAYS WITH] 9 = BLOWING SNOW
X = TORNADO
MAX 32 OR BELOW: 0 0.01 INCH OR MORE: 11
MAX 90 OR ABOVE: 13 0.10 INCH OR MORE: 9
MIN 32 OR BELOW: 0 0.50 INCH OR MORE: 3
MIN 0 OR BELOW: 0 1.00 INCH OR MORE: 1
[HDD (BASE 65) ]
TOTAL THIS MO. 0 CLEAR (SCALE 0-3) 11
DPTR FM NORMAL M PTCLDY (SCALE 4-7) 14
TOTAL FM JUL 1 0 CLOUDY (SCALE 8-10) 5
DPTR FM NORMAL M
[CDD (BASE 65) ]
TOTAL THIS MO. 414
DPTR FM NORMAL M [PRESSURE DATA]
TOTAL FM JAN 1 2968 HIGHEST SLP M ON M
DPTR FM NORMAL M LOWEST SLP M ON M
[REMARKS]
#FINAL-09-20#