851
CXUS54 KEWX 011010
CF63T5
PRELIMINARY LOCAL CLIMATOLOGICAL DATA (WS FORM: F-6)
STATION: LA GRANGE
MONTH: JUNE
YEAR: 2020
LATITUDE: 29 54 N
LONGITUDE: 96 57 W
TEMPERATURE IN F: :PCPN: SNOW: WIND :SUNSHINE: SKY :PK WND
================================================================================
1 2 3 4 5 6A 6B 7 8 9 10 11 12 13 14 15 16 17 18
12Z AVG MX 2MIN
DY MAX MIN AVG DEP HDD CDD WTR SNW DPTH SPD SPD DIR MIN PSBL S-S WX SPD DR
================================================================================
1 85 70 78 M 0 13 0.00 M M 2.5 9 130 M M 5 13 M M
2 91 72 82 M 0 17 0.00 M M 2.9 8 140 M M 1 1 M M
3 91 72 82 M 0 17 0.00 M M 2.0 9 140 M M 4 18 140
4 92 73 83 M 0 18 0.00 M M 3.4 7 170 M M 5 12 M M
5 93 74 84 M 0 19 0.00 M M 2.9 6 110 M M 3 1 M M
6 95 74 85 M 0 20 0.51 M M 2.6 8 190 M M 2 23 190
7 94 74 84 M 0 19 0.00 M M 2.2 8 10 M M 2 M M
8 96 74 85 M 0 20 0.00 M M 3.5 13 190 M M 2 16 190
9 96 79 88 M 0 23 0.00 M M 7.1 14 180 M M 4 18 180
10 91 68 80 M 0 15 0.00 M M 5.1 15 10 M M 0 21 10
11 93 61 77 M 0 12 0.00 M M 1.7 7 40 M M 0 M M
12 91 63 77 M 0 12 0.00 M M 2.4 8 50 M M 0 M M
13 92 66 79 M 0 14 0.00 M M 3.7 10 20 M M 0 17 60
14 92 64 78 M 0 13 0.00 M M 2.6 9 90 M M 3 M M
15 95 69 82 M 0 17 0.00 M M 3.8 15 200 M M 4 18 200
16 94 70 82 M 0 17 0.00 M M 4.3 10 160 M M 2 12 M M
17 94 68 81 M 0 16 0.00 M M 5.3 13 170 M M 3 128 16 150
18 94 68 81 M 0 16 0.00 M M 6.0 14 170 M M 3 1 18 170
19 94 74 84 M 0 19 0.00 M M 7.0 14 150 M M 3 3 22 140
20 95 75 85 M 0 20 0.08 M M 4.1 12 150 M M 4 17 150
21 96 74 85 M 0 20 0.00 M M 8.0 16 160 M M 3 18 24 150
22 91 78 85 M 0 20 0.00 M M 8.3 16 180 M M 6 13 25 180
23 92 74 83 M 0 18 0.03 M M 3.5 10 140 M M 6 3 M M
24 87 74 81 M 0 16 0.00 M M 4.5 9 320 M M 7 3 M M
25 91 73 82 M 0 17 0.16 M M 2.9 13 160 M M 6 138 20 160
26 84 72 78 M 0 13 0.35 M M 2.6 15 220 M M 7 13 27 190
27 92 75 84 M 0 19 0.00 M M 7.6 15 150 M M 7 18 21 160
28 90 80 85 M 0 20 0.00 M M 10.3 17 170 M M 7 18 25 180
29 94 81 88 M 0 23 0.00 M M 13.2 21 170 M M 8 29 190
30 96 82 89 M 0 24 0.00 M M 11.7 18 180 M M 7 18 24 180
================================================================================
SM 2771 2171 0 527 1.13 M 147.7 M 114
================================================================================
AV 92.4 72.4 4.9 FASTST M M 4 MAX(MPH)
MISC ----> # 21 170 # 29 190
================================================================================
NOTES:
# LAST OF SEVERAL OCCURRENCES
COLUMN 17 PEAK WIND IN M.P.H.
PRELIMINARY LOCAL CLIMATOLOGICAL DATA (WS FORM: F-6) , PAGE 2
STATION: LA GRANGE
MONTH: JUNE
YEAR: 2020
LATITUDE: 29 54 N
LONGITUDE: 96 57 W
[TEMPERATURE DATA] [PRECIPITATION DATA] SYMBOLS USED IN COLUMN 16
AVERAGE MONTHLY: 82.4 TOTAL FOR MONTH: 1.13 1 = FOG OR MIST
DPTR FM NORMAL: M DPTR FM NORMAL: M 2 = FOG REDUCING VISIBILITY
HIGHEST: 96 ON 30,21 GRTST 24HR 0.51 ON 6- 6 TO 1/4 MILE OR LESS
LOWEST: 61 ON 11 3 = THUNDER
SNOW, ICE PELLETS, HAIL 4 = ICE PELLETS
TOTAL MONTH: M 5 = HAIL
GRTST 24HR M ON M 6 = FREEZING RAIN OR DRIZZLE
GRTST DEPTH: M ON M 7 = DUSTSTORM OR SANDSTORM:
VSBY 1/2 MILE OR LESS
8 = SMOKE OR HAZE
[NO. OF DAYS WITH] [WEATHER - DAYS WITH] 9 = BLOWING SNOW
X = TORNADO
MAX 32 OR BELOW: 0 0.01 INCH OR MORE: 5
MAX 90 OR ABOVE: 27 0.10 INCH OR MORE: 3
MIN 32 OR BELOW: 0 0.50 INCH OR MORE: 1
MIN 0 OR BELOW: 0 1.00 INCH OR MORE: 0
[HDD (BASE 65) ]
TOTAL THIS MO. 0 CLEAR (SCALE 0-3) 13
DPTR FM NORMAL M PTCLDY (SCALE 4-7) 17
TOTAL FM JUL 1 1230 CLOUDY (SCALE 8-10) 0
DPTR FM NORMAL M
[CDD (BASE 65) ]
TOTAL THIS MO. 527
DPTR FM NORMAL M [PRESSURE DATA]
TOTAL FM JAN 1 1136 HIGHEST SLP M ON M
DPTR FM NORMAL M LOWEST SLP M ON M
[REMARKS]
#FINAL-06-20#