000
CXUS54 KMAF 011230
CF66R6
PRELIMINARY LOCAL CLIMATOLOGICAL DATA (WS FORM: F-6)
STATION: TERRELL COUNTY AIRPORT
MONTH: MAY
YEAR: 2023
LATITUDE: 30 2 N
LONGITUDE: 102 13 W
TEMPERATURE IN F: :PCPN: SNOW: WIND :SUNSHINE: SKY :PK WND
================================================================================
1 2 3 4 5 6A 6B 7 8 9 10 11 12 13 14 15 16 17 18
12Z AVG MX 2MIN
DY MAX MIN AVG DEP HDD CDD WTR SNW DPTH SPD SPD DIR MIN PSBL S-S WX SPD DR
================================================================================
1 86 59 73 -1 0 8 0.00 M M 9.9 21 10 M M 0 31 360
2 83 66 75 1 0 10 0.00 M M 9.3 21 110 M M 0 32 100
3 82 64 73 -1 0 8 0.00 M M 11.8 21 130 M M 0 27 130
4 94 65 80 6 0 15 0.00 M M 8.4 25 200 M M 0 37 210
5 98 58 78 3 0 13 0.00 M M 8.7 21 230 M M 0 27 240
6 97 67 82 7 0 17 0.00 M M 7.1 21 140 M M 0 29 140
7 95 72 84 9 0 19 0.00 M M 10.4 24 120 M M 0 33 90
8 97 61 79 3 0 14 0.00 M M 7.4 26 290 M M 0 40 290
9 97 62 80 4 0 15 0.00 M M 9.4 25 110 M M 0 38 110
10 91 60 76 0 0 11 0.00 M M 10.4 20 110 M M 0 31 110
11 95 68 82 6 0 17 0.00 M M 8.4 17 120 M M 0 26 110
12 87 63 75 -2 0 10 0.22 M M 13.4 30 200 M M 0 M 200
13 87 59 73 -4 0 8 0.00 M M 7.7 40 210 M M 0 59 210
14 86 63 75 -2 0 10 0.00 M M 9.0 18 340 M M 0 26 340
15 79 64 72 -5 0 7 0.08 M M 8.0 22 170 M M 0 30 170
16 82 62 72 -6 0 7 0.00 M M 4.2 16 320 M M 0 22 320
17 91 57 74 -4 0 9 0.00 M M 5.4 16 110 M M 0 24 130
18 90 64 77 -1 0 12 0.00 M M 8.9 23 100 M M 0 32 140
19 95 60 78 0 0 13 0.00 M M 6.9 26 220 M M 0 37 220
20 71 66 69 -10 0 4 0.00 M M 9.4 18 10 M M 0 26 10
21 84 64 74 -5 0 9 0.16 M M 6.5 17 110 M M 0 26 110
22 84 65 75 -4 0 10 0.01 M M 7.9 21 250 M M 0 30 260
23 95 60 78 -1 0 13 0.00 M M 8.0 23 90 M M 0 30 120
24 88 69 79 -1 0 14 0.00 M M 12.0 23 100 M M 0 32 90
25 88 67 78 -2 0 13 0.00 M M 14.1 25 120 M M 0 35 120
26 86 67 77 -3 0 12 0.00 M M 15.9 26 100 M M 0 37 80
27 83 63 73 -7 0 8 0.27 M M M M M M M 0 M M
28 84 62 73 -7 0 8 0.00 M M 8.9 36 320 M M 0 55 320
29 91 64 78 -3 0 13 0.00 M M 7.8 15 130 M M 0 20 130
30 92 63 78 -3 0 13 0.00 M M 8.9 22 120 M M 0 30 120
31 88 65 77 -4 0 12 0.00 M M 15.4 29 110 M M 0 41 110
================================================================================
SM 2746 1969 0 352 0.74 M 279.5 M 0
================================================================================
AV 88.6 63.5 9.3 FASTST M M 0 MAX(MPH)
MISC ----> 40 210 59 210
================================================================================
NOTES:
# LAST OF SEVERAL OCCURRENCES
COLUMN 17 PEAK WIND IN M.P.H.
PRELIMINARY LOCAL CLIMATOLOGICAL DATA (WS FORM: F-6) , PAGE 2
STATION: TERRELL COUNTY AIRPORT
MONTH: MAY
YEAR: 2023
LATITUDE: 30 2 N
LONGITUDE: 102 13 W
[TEMPERATURE DATA] [PRECIPITATION DATA] SYMBOLS USED IN COLUMN 16
AVERAGE MONTHLY: 76.0 TOTAL FOR MONTH: 0.74 1 = FOG OR MIST
DPTR FM NORMAL: -1.5 DPTR FM NORMAL: -0.55 2 = FOG REDUCING VISIBILITY
HIGHEST: 98 ON 5 GRTST 24HR 0.27 ON 27-27 TO 1/4 MILE OR LESS
LOWEST: 57 ON 17 3 = THUNDER
SNOW, ICE PELLETS, HAIL 4 = ICE PELLETS
TOTAL MONTH: M 5 = HAIL
GRTST 24HR M ON M 6 = FREEZING RAIN OR DRIZZLE
GRTST DEPTH: M ON M 7 = DUSTSTORM OR SANDSTORM:
VSBY 1/2 MILE OR LESS
8 = SMOKE OR HAZE
[NO. OF DAYS WITH] [WEATHER - DAYS WITH] 9 = BLOWING SNOW
X = TORNADO
MAX 32 OR BELOW: 0 0.01 INCH OR MORE: 5
MAX 90 OR ABOVE: 14 0.10 INCH OR MORE: 3
MIN 32 OR BELOW: 0 0.50 INCH OR MORE: 0
MIN 0 OR BELOW: 0 1.00 INCH OR MORE: 0
[HDD (BASE 65) ]
TOTAL THIS MO. 0 CLEAR (SCALE 0-3) 31
DPTR FM NORMAL -3 PTCLDY (SCALE 4-7) 0
TOTAL FM JUL 1 1703 CLOUDY (SCALE 8-10) 0
DPTR FM NORMAL -21
[CDD (BASE 65) ]
TOTAL THIS MO. 352
DPTR FM NORMAL -40 [PRESSURE DATA]
TOTAL FM JAN 1 584 HIGHEST SLP 30.20 ON 20
DPTR FM NORMAL -47 LOWEST SLP 29.64 ON 11
[REMARKS]
#FINAL-05-23#