000
CXUS52 KTAE 010800
CF6AAF
PRELIMINARY LOCAL CLIMATOLOGICAL DATA (WS FORM: F-6)
STATION: APALACHICOLA
MONTH: JUNE
YEAR: 2023
LATITUDE: 29 43 N
LONGITUDE: 85 2 W
TEMPERATURE IN F: :PCPN: SNOW: WIND :SUNSHINE: SKY :PK WND
================================================================================
1 2 3 4 5 6A 6B 7 8 9 10 11 12 13 14 15 16 17 18
12Z AVG MX 2MIN
DY MAX MIN AVG DEP HDD CDD WTR SNW DPTH SPD SPD DIR MIN PSBL S-S WX SPD DR
================================================================================
1 83 71 77 -2 0 12 0.03 M M 9.9 20 80 M M 1 1 28 70
2 85 70 78 -1 0 13 0.00 0.0 0 7.4 16 70 M M 0 8 21 60
3 84 68 76 -3 0 11 0.01 0.0 0 6.5 14 180 M M 0 3 19 230
4 84 69 77 -2 0 12 0.01 0.0 0 6.9 18 10 M M 0 3 23 30
5 83 67 75 -5 0 10 0.00 0.0 0 6.2 16 150 M M 0 20 140
6 84 68 76 -4 0 11 T 0.0 0 5.9 18 160 M M 0 3 23 150
7 83 69 76 -4 0 11 0.11 0.0 0 5.2 16 210 M M 1 13 22 240
8 86 71 79 -1 0 14 0.00 0.0 0 9.5 20 250 M M 0 24 260
9 89 75 82 2 0 17 0.00 0.0 0 6.1 20 260 M M 0 3 24 250
10 87 72 80 0 0 15 0.00 0.0 0 5.5 18 350 M M 0 13 32 330
11 87 72 80 0 0 15 0.00 0.0 0 8.7 16 230 M M 0 1 20 270
12 89 79 84 4 0 19 0.00 0.0 0 12.9 22 250 M M 0 26 260
13 90 79 85 4 0 20 0.00 0.0 0 11.4 18 220 M M 0 22 250
14 89 70 80 -1 0 15 0.02 0.0 M 12.1 22 50 M M 0 3 29 220
15 90 72 81 0 0 16 1.03 0.0 M 16.2 33 250 M M 0 123 44 240
16 93 75 84 3 0 19 0.01 0.0 M 12.3 41 220 M M 0 138 56 230
17 88 72 80 -1 0 15 0.55 0.0 M 9.2 29 290 M M 0 13 40 290
18 89 70 80 -1 0 15 0.03 0.0 M 3.9 37 310 M M 0 13 47 310
19 86 69 78 -3 0 13 0.70 0.0 M 8.0 31 320 M M 0 13 42 320
20 89 73 81 0 0 16 T M M 12.0 31 260 M M 0 3 41 260
21 83 73 78 -3 0 13 2.10 M M 12.5 40 270 M M 1 138 53 260
22 85 72 79 -2 0 14 2.08 0.0 M 12.9 43 260 M M 1 1238 56 260
23 88 73 81 0 0 16 0.53 0.0 0 9.0 20 210 M M 1 138 26 220
24 92 75 84 2 0 19 0.00 M M 6.1 16 240 M M 0 8 20 250
25 92 71 82 0 0 17 0.00 0.0 0 6.3 16 250 M M 0 21 250
26 95 75 85 3 0 20 0.00 0.0 0 10.6 21 300 M M 0 24 300
27 94 81 88 6 0 23 0.00 M M 10.2 20 300 M M 0 24 310
28 93 79 86 4 0 21 0.10 0.0 0 7.9 16 240 M M 1 138 22 300
29 95 73 84 2 0 19 0.00 0.0 M 5.3 14 150 M M 0 18 150
30 92 74 83 1 0 18 0.00 0.0 M 4.6 13 160 M M 0 16 190
================================================================================
SM 2647 2177 0 469 7.31 0.0 261.2 M 6
================================================================================
AV 88.2 72.6 8.7 FASTST M M 0 MAX(MPH)
MISC ----> 43 260 # 56 230
================================================================================
NOTES:
# LAST OF SEVERAL OCCURRENCES
COLUMN 17 PEAK WIND IN M.P.H.
PRELIMINARY LOCAL CLIMATOLOGICAL DATA (WS FORM: F-6) , PAGE 2
STATION: APALACHICOLA
MONTH: JUNE
YEAR: 2023
LATITUDE: 29 43 N
LONGITUDE: 85 2 W
[TEMPERATURE DATA] [PRECIPITATION DATA] SYMBOLS USED IN COLUMN 16
AVERAGE MONTHLY: 80.4 TOTAL FOR MONTH: 7.31 1 = FOG OR MIST
DPTR FM NORMAL: -0.3 DPTR FM NORMAL: 1.45 2 = FOG REDUCING VISIBILITY
HIGHEST: 95 ON 29,26 GRTST 24HR 3.90 ON 21-22 TO 1/4 MILE OR LESS
LOWEST: 67 ON 5 3 = THUNDER
SNOW, ICE PELLETS, HAIL 4 = ICE PELLETS
TOTAL MONTH: 0.0 INCH 5 = HAIL
GRTST 24HR 0.0 6 = FREEZING RAIN OR DRIZZLE
GRTST DEPTH: 0 7 = DUSTSTORM OR SANDSTORM:
VSBY 1/2 MILE OR LESS
8 = SMOKE OR HAZE
[NO. OF DAYS WITH] [WEATHER - DAYS WITH] 9 = BLOWING SNOW
X = TORNADO
MAX 32 OR BELOW: 0 0.01 INCH OR MORE: 14
MAX 90 OR ABOVE: 10 0.10 INCH OR MORE: 8
MIN 32 OR BELOW: 0 0.50 INCH OR MORE: 6
MIN 0 OR BELOW: 0 1.00 INCH OR MORE: 3
[HDD (BASE 65) ]
TOTAL THIS MO. 0 CLEAR (SCALE 0-3) 30
DPTR FM NORMAL 0 PTCLDY (SCALE 4-7) 0
TOTAL FM JUL 1 854 CLOUDY (SCALE 8-10) 0
DPTR FM NORMAL -370
[CDD (BASE 65) ]
TOTAL THIS MO. 469
DPTR FM NORMAL 0 [PRESSURE DATA]
TOTAL FM JAN 1 1143 HIGHEST SLP 30.06 ON 30
DPTR FM NORMAL 195 LOWEST SLP 29.71 ON 3
[REMARKS]
#FINAL-06-23#