460
CXUS52 KTAE 131457
CF6AAF
PRELIMINARY LOCAL CLIMATOLOGICAL DATA (WS FORM: F-6)
STATION: APALACHICOLA
MONTH: FEBRUARY
YEAR: 2021
LATITUDE: 29 43 N
LONGITUDE: 85 2 W
TEMPERATURE IN F: :PCPN: SNOW: WIND :SUNSHINE: SKY :PK WND
================================================================================
1 2 3 4 5 6A 6B 7 8 9 10 11 12 13 14 15 16 17 18
12Z AVG MX 2MIN
DY MAX MIN AVG DEP HDD CDD WTR SNW DPTH SPD SPD DIR MIN PSBL S-S WX SPD DR
================================================================================
1 64 45 55 2 10 0 0.00 0.0 0 16.5 22 350 M M 8 35 360
2 58 35 47 -7 18 0 0.00 0.0 0 M M M M M M M M
3 63 34 49 -5 16 0 0.00 0.0 0 5.5 15 330 M M 0 8 19 10
4 64 34 49 -5 16 0 0.00 0.0 0 7.4 15 180 M M 1 19 180
5 75 53 64 10 1 0 0.11 0.0 0 11.4 24 20 M M 8 1 33 20
6 57 52 55 1 10 0 0.05 0.0 0 9.5 18 100 M M 10 1 27 90
7 59 41 50 -4 15 0 T 0.0 0 7.2 15 20 M M 7 1 21 340
8 62 38 50 -4 15 0 0.00 0.0 0 5.5 12 110 M M 4 15 110
9 67 49 58 4 7 0 0.76 0.0 M 4.3 13 150 M M 9 123 17 100
10 68 61 65 10 0 0 0.00 0.0 M 2.8 10 150 M M 10 12 13 160
11 71 63 67 12 0 2 0.00 0.0 0 4.8 12 180 M M 8 12 15 160
12 73 62 68 13 0 3 0.58 0.0 0 5.4 16 170 M M 7 13 22 170
13 69 55 62 7 3 0 1.82 0.0 0 6.4 15 50 M M 10 12 22 120
14 59 52 56 1 9 0 0.46 0.0 0 9.6 17 50 M M 10 1 24 50
15 69 54 62 7 3 0 0.85 0.0 0 10.6 38 170 M M 10 123 51 160
16 57 40 49 -7 16 0 0.00 0.0 M 11.8 18 300 M M 5 29 300
17 61 35 48 -8 17 0 0.02 0.0 0 9.2 17 100 M M 6 1 24 100
18 69 58 64 8 1 0 1.00 0.0 M 10.4 20 160 M M 10 12 26 160
19 57 43 50 -6 15 0 T 0.0 M 9.8 17 10 M M 7 1 23 10
20 65 37 51 -5 14 0 0.00 0.0 M 7.8 17 10 M M 0 20 20
21 66 40 53 -3 12 0 0.00 0.0 0 7.8 18 110 M M 2 27 110
22 75 55 65 8 0 0 T 0.0 M 6.8 16 250 M M 6 1 24 190
23 71 47 59 2 6 0 0.00 0.0 M 5.8 15 20 M M 0 18 20 30
24 67 41 54 -3 11 0 0.00 0.0 M 3.8 12 190 M M 0 13 140
25 76 61 69 12 0 4 0.00 0.0 0 5.4 14 190 M M 6 12 17 190
26 74 60 67 10 0 2 0.00 0.0 0 6.4 14 150 M M 1 1 19 140
27 77 60 69 12 0 4 0.00 0.0 0 6.7 14 160 M M 3 12 19 160
28 76 66 71 13 0 6 0.00 0.0 0 7.7 15 150 M M 6 1 19 170
================================================================================
SM 1869 1371 215 21 5.65 0.0 206.3 M 154
================================================================================
AV 66.8 49.0 7.6 FASTST M M 6 MAX(MPH)
MISC ----> 38 170 51 160
================================================================================
NOTES:
# LAST OF SEVERAL OCCURRENCES
COLUMN 17 PEAK WIND IN M.P.H.
PRELIMINARY LOCAL CLIMATOLOGICAL DATA (WS FORM: F-6) , PAGE 2
STATION: APALACHICOLA
MONTH: FEBRUARY
YEAR: 2021
LATITUDE: 29 43 N
LONGITUDE: 85 2 W
[TEMPERATURE DATA] [PRECIPITATION DATA] SYMBOLS USED IN COLUMN 16
AVERAGE MONTHLY: 57.9 TOTAL FOR MONTH: 5.65 1 = FOG OR MIST
DPTR FM NORMAL: 2.6 DPTR FM NORMAL: 1.50 2 = FOG REDUCING VISIBILITY
HIGHEST: 77 ON 27 GRTST 24HR 2.21 ON 12-13 TO 1/4 MILE OR LESS
LOWEST: 34 ON 4, 3 3 = THUNDER
SNOW, ICE PELLETS, HAIL 4 = ICE PELLETS
TOTAL MONTH: 0.0 INCH 5 = HAIL
GRTST 24HR 0.0 6 = FREEZING RAIN OR DRIZZLE
GRTST DEPTH: 0 7 = DUSTSTORM OR SANDSTORM:
VSBY 1/2 MILE OR LESS
8 = SMOKE OR HAZE
[NO. OF DAYS WITH] [WEATHER - DAYS WITH] 9 = BLOWING SNOW
X = TORNADO
MAX 32 OR BELOW: 0 0.01 INCH OR MORE: 9
MAX 90 OR ABOVE: 0 0.10 INCH OR MORE: 7
MIN 32 OR BELOW: 0 0.50 INCH OR MORE: 5
MIN 0 OR BELOW: 0 1.00 INCH OR MORE: 2
[HDD (BASE 65) ]
TOTAL THIS MO. 215 CLEAR (SCALE 0-3) 7
DPTR FM NORMAL -61 PTCLDY (SCALE 4-7) 13
TOTAL FM JUL 1 944 CLOUDY (SCALE 8-10) 8
DPTR FM NORMAL -224
[CDD (BASE 65) ]
TOTAL THIS MO. 21
DPTR FM NORMAL 16 [PRESSURE DATA]
TOTAL FM JAN 1 37 HIGHEST SLP 30.39 ON 20
DPTR FM NORMAL 33 LOWEST SLP 29.70 ON 15
[REMARKS]
#FINAL-02-21#