000
CXUS51 KPHI 010815
CF6ABE
PRELIMINARY LOCAL CLIMATOLOGICAL DATA (WS FORM: F-6)
STATION: ALLENTOWN PA
MONTH: AUGUST
YEAR: 2023
LATITUDE: 40 39 N
LONGITUDE: 75 26 W
TEMPERATURE IN F: :PCPN: SNOW: WIND :SUNSHINE: SKY :PK WND
================================================================================
1 2 3 4 5 6A 6B 7 8 9 10 11 12 13 14 15 16 17 18
12Z AVG MX 2MIN
DY MAX MIN AVG DEP HDD CDD WTR SNW DPTH SPD SPD DIR MIN PSBL S-S WX SPD DR
================================================================================
1 79 58 69 -6 0 4 T 0.0 0 5.4 15 340 M M 3 21 350
2 81 51 66 -9 0 1 0.00 0.0 0 3.3 10 180 M M 0 21 60
3 80 57 69 -6 0 4 0.00 0.0 0 8.1 17 190 M M 5 26 170
4 78 66 72 -3 0 7 0.00 0.0 0 7.7 15 220 M M 8 18 220
5 84 63 74 -1 0 9 0.00 0.0 0 3.3 9 50 M M 3 12 12 70
6 86 61 74 -1 0 9 0.07 0.0 0 5.6 13 160 M M 3 1 19 170
7 83 67 75 0 0 10 1.60 0.0 0 7.8 40 220 M M 9 13 54 230
8 76 68 72 -3 0 7 T 0.0 0 8.4 21 300 M M 8 29 290
9 84 61 73 -1 0 8 T 0.0 0 6.2 23 360 M M 2 30 350
10 74 63 69 -5 0 4 0.47 0.0 0 3.9 9 280 M M 5 1 14 280
11 83 61 72 -2 0 7 0.00 0.0 0 6.4 17 300 M M 1 1 22 260
12 87 60 74 0 0 9 0.34 0.0 0 5.1 18 230 M M 3 13 22 220
13 84 65 75 1 0 10 0.05 0.0 0 5.8 16 260 M M 4 13 23 260
14 86 64 75 1 0 10 0.05 0.0 0 3.6 12 180 M M 3 18 150
15 84 67 76 2 0 11 1.09 0.0 0 4.9 14 70 M M 8 13 17 60
16 83 66 75 1 0 10 T 0.0 0 3.9 10 250 M M 6 1 13 300
17 86 65 76 2 0 11 0.00 0.0 0 7.1 17 220 M M 6 27 170
18 78 61 70 -4 0 5 0.33 0.0 0 9.1 28 310 M M 4 1 37 300
19 76 57 67 -6 0 2 0.00 0.0 0 7.0 15 300 M M 1 21 270
20 82 55 69 -4 0 4 0.00 0.0 0 3.2 14 240 M M 0 19 240
21 86 63 75 2 0 10 0.00 0.0 0 3.6 13 350 M M 4 15 290
22 78 58 68 -5 0 3 0.00 0.0 0 7.8 17 50 M M 2 20 30
23 77 54 66 -7 0 1 0.00 0.0 0 3.1 9 160 M M 4 12 150
24 69 65 67 -6 0 2 0.14 0.0 0 4.5 9 120 M M 10 1 14 130
25 82 66 74 2 0 9 0.42 0.0 0 2.9 9 250 M M 9 13 13 100
26 83 65 74 2 0 9 0.11 0.0 0 4.8 12 350 M M 5 1 15 320
27 83 60 72 0 0 7 0.00 0.0 0 3.5 14 20 M M 2 15 30
28 77 64 71 -1 0 6 T 0.0 0 7.5 13 90 M M 8 21 130
29 79 66 73 1 0 8 0.00 0.0 0 3.8 9 90 M M 9 11 150
30 81 62 72 1 0 7 0.11 0.0 0 8.8 18 280 M M 5 1 24 320
31 76 58 67 -4 0 2 0.00 0.0 0 8.5 18 30 M M 1 24 40
================================================================================
SM 2505 1917 0 206 4.78 0.0 174.6 M 141
================================================================================
AV 80.8 61.8 5.6 FASTST M M 5 MAX(MPH)
MISC ----> 40 220 54 230
================================================================================
NOTES:
# LAST OF SEVERAL OCCURRENCES
COLUMN 17 PEAK WIND IN M.P.H.
PRELIMINARY LOCAL CLIMATOLOGICAL DATA (WS FORM: F-6) , PAGE 2
STATION: ALLENTOWN PA
MONTH: AUGUST
YEAR: 2023
LATITUDE: 40 39 N
LONGITUDE: 75 26 W
[TEMPERATURE DATA] [PRECIPITATION DATA] SYMBOLS USED IN COLUMN 16
AVERAGE MONTHLY: 71.3 TOTAL FOR MONTH: 4.78 1 = FOG OR MIST
DPTR FM NORMAL: -2.3 DPTR FM NORMAL: 0.22 2 = FOG REDUCING VISIBILITY
HIGHEST: 87 ON 12 GRTST 24HR 1.67 ON 6- 7 TO 1/4 MILE OR LESS
LOWEST: 51 ON 2 3 = THUNDER
SNOW, ICE PELLETS, HAIL 4 = ICE PELLETS
TOTAL MONTH: 0.0 INCH 5 = HAIL
GRTST 24HR 0.0 6 = FREEZING RAIN OR DRIZZLE
GRTST DEPTH: 0 7 = DUSTSTORM OR SANDSTORM:
VSBY 1/2 MILE OR LESS
8 = SMOKE OR HAZE
[NO. OF DAYS WITH] [WEATHER - DAYS WITH] 9 = BLOWING SNOW
X = TORNADO
MAX 32 OR BELOW: 0 0.01 INCH OR MORE: 12
MAX 90 OR ABOVE: 0 0.10 INCH OR MORE: 9
MIN 32 OR BELOW: 0 0.50 INCH OR MORE: 2
MIN 0 OR BELOW: 0 1.00 INCH OR MORE: 2
[HDD (BASE 65) ]
TOTAL THIS MO. 0 CLEAR (SCALE 0-3) 12
DPTR FM NORMAL -3 PTCLDY (SCALE 4-7) 15
TOTAL FM JUL 1 0 CLOUDY (SCALE 8-10) 4
DPTR FM NORMAL -1
[CDD (BASE 65) ]
TOTAL THIS MO. 206
DPTR FM NORMAL -62 [PRESSURE DATA]
TOTAL FM JAN 1 660 HIGHEST SLP 30.25 ON 2
DPTR FM NORMAL -200 LOWEST SLP 29.60 ON 10
[REMARKS]
#FINAL-08-23#