630
CXUS54 KSJT 011410
CF6ABI
PRELIMINARY LOCAL CLIMATOLOGICAL DATA (WS FORM: F-6)
STATION: ABILENE
MONTH: SEPTEMBER
YEAR: 2020
LATITUDE: 32 25 N
LONGITUDE: 99 41 W
TEMPERATURE IN F: :PCPN: SNOW: WIND :SUNSHINE: SKY :PK WND
================================================================================
1 2 3 4 5 6A 6B 7 8 9 10 11 12 13 14 15 16 17 18
12Z AVG MX 2MIN
DY MAX MIN AVG DEP HDD CDD WTR SNW DPTH SPD SPD DIR MIN PSBL S-S WX SPD DR
================================================================================
1 98 73 86 6 0 21 0.24 0.0 0 12.0 29 340 M M 3 13 39 330
2 80 70 75 -5 0 10 0.27 0.0 0 8.3 31 280 M M 7 138 46 280
3 94 69 82 2 0 17 0.00 0.0 0 5.7 15 140 M M 3 22 50
4 91 69 80 1 0 15 0.00 0.0 0 7.3 16 100 M M 2 22 70
5 92 68 80 1 0 15 0.00 0.0 0 8.1 25 130 M M 2 33 120
6 95 67 81 2 0 16 0.00 0.0 0 8.5 17 220 M M 1 26 210
7 97 73 85 7 0 20 0.00 0.0 0 13.2 23 200 M M 1 33 200
8 95 59 77 -1 0 12 T 0.0 0 16.5 28 130 M M 5 13 35 130
9 59 49 54 -24 11 0 3.80 0.0 0 17.5 28 350 M M 10 13 33 350
10 54 49 52 -25 13 0 0.89 0.0 0 11.5 21 340 M M 10 1 25 350
11 73 54 64 -13 1 0 0.20 0.0 0 5.3 9 160 M M 8 1 12 320
12 85 61 73 -4 0 8 0.00 0.0 0 4.4 12 240 M M 2 17 220
13 87 68 78 2 0 13 0.00 0.0 0 6.2 14 10 M M 2 20 50
14 84 64 74 -2 0 9 0.00 0.0 0 6.6 18 10 M M 0 24 360
15 82 62 72 -4 0 7 0.00 0.0 0 3.9 9 340 M M 1 12 300
16 88 63 76 1 0 11 0.00 0.0 0 3.1 13 360 M M 0 1 18 10
17 85 66 76 1 0 11 0.05 0.0 0 6.1 16 10 M M 3 1 24 10
18 83 61 72 -3 0 7 0.00 0.0 0 5.7 16 10 M M 2 24 20
19 80 58 69 -5 0 4 0.00 0.0 0 4.6 15 80 M M 1 18 19 80
20 82 55 69 -5 0 4 0.00 0.0 0 5.5 13 50 M M 0 18 18 90
21 82 56 69 -5 0 4 0.00 0.0 0 5.5 15 70 M M 3 23 70
22 73 65 69 -4 0 4 T 0.0 0 6.3 13 350 M M 10 18 17 350
23 78 62 70 -3 0 5 0.06 0.0 0 4.7 14 340 M M 6 1 17 340
24 85 53 69 -4 0 4 0.00 0.0 0 3.2 10 170 M M 1 12 13 170
25 91 58 75 3 0 10 0.00 0.0 0 8.0 14 150 M M 0 18 150
26 91 65 78 6 0 13 0.00 0.0 0 12.3 22 190 M M 0 30 200
27 99 63 81 9 0 16 0.00 0.0 0 16.6 33 10 M M 1 45 10
28 75 47 61 -10 4 0 0.00 0.0 0 13.0 25 350 M M 6 38 10
29 81 42 62 -9 3 0 0.00 0.0 0 7.3 17 290 M M 0 26 290
30 90 54 72 1 0 7 0.00 0.0 0 7.3 13 220 M M 0 18 210
================================================================================
SM 2529 1823 32 263 5.51 0.0 244.2 M 90
================================================================================
AV 84.3 60.8 8.1 FASTST M M 3 MAX(MPH)
MISC ----> 33 10 46 280
================================================================================
NOTES:
# LAST OF SEVERAL OCCURRENCES
COLUMN 17 PEAK WIND IN M.P.H.
PRELIMINARY LOCAL CLIMATOLOGICAL DATA (WS FORM: F-6) , PAGE 2
STATION: ABILENE
MONTH: SEPTEMBER
YEAR: 2020
LATITUDE: 32 25 N
LONGITUDE: 99 41 W
[TEMPERATURE DATA] [PRECIPITATION DATA] SYMBOLS USED IN COLUMN 16
AVERAGE MONTHLY: 72.5 TOTAL FOR MONTH: 5.51 1 = FOG OR MIST
DPTR FM NORMAL: -3.0 DPTR FM NORMAL: 3.27 2 = FOG REDUCING VISIBILITY
HIGHEST: 99 ON 27 GRTST 24HR 3.80 ON 9- 9 TO 1/4 MILE OR LESS
LOWEST: 42 ON 29 3 = THUNDER
SNOW, ICE PELLETS, HAIL 4 = ICE PELLETS
TOTAL MONTH: 0.0 INCH 5 = HAIL
GRTST 24HR 0.0 6 = FREEZING RAIN OR DRIZZLE
GRTST DEPTH: 0 7 = DUSTSTORM OR SANDSTORM:
VSBY 1/2 MILE OR LESS
8 = SMOKE OR HAZE
[NO. OF DAYS WITH] [WEATHER - DAYS WITH] 9 = BLOWING SNOW
X = TORNADO
MAX 32 OR BELOW: 0 0.01 INCH OR MORE: 7
MAX 90 OR ABOVE: 11 0.10 INCH OR MORE: 5
MIN 32 OR BELOW: 0 0.50 INCH OR MORE: 2
MIN 0 OR BELOW: 0 1.00 INCH OR MORE: 1
[HDD (BASE 65) ]
TOTAL THIS MO. 32 CLEAR (SCALE 0-3) 20
DPTR FM NORMAL 21 PTCLDY (SCALE 4-7) 7
TOTAL FM JUL 1 32 CLOUDY (SCALE 8-10) 3
DPTR FM NORMAL 21
[CDD (BASE 65) ]
TOTAL THIS MO. 263
DPTR FM NORMAL -63 [PRESSURE DATA]
TOTAL FM JAN 1 2578 HIGHEST SLP 30.33 ON 10
DPTR FM NORMAL 307 LOWEST SLP 29.58 ON 27
[REMARKS]
#FINAL-09-20#