000
CXUS55 KABR 011200
CF6ABR
PRELIMINARY LOCAL CLIMATOLOGICAL DATA (WS FORM: F-6)
STATION: ABERDEEN SD
MONTH: DECEMBER
YEAR: 2020
LATITUDE: 45 27 N
LONGITUDE: 98 26 W
TEMPERATURE IN F: :PCPN: SNOW: WIND :SUNSHINE: SKY :PK WND
================================================================================
1 2 3 4 5 6A 6B 7 8 9 10 11 12 13 14 15 16 17 18
12Z AVG MX 2MIN
DY MAX MIN AVG DEP HDD CDD WTR SNW DPTH SPD SPD DIR MIN PSBL S-S WX SPD DR
================================================================================
1 42 14 28 7 37 0 0.00 0.0 0 4.5 14 340 M M 0 18 350
2 41 17 29 9 36 0 0.00 0.0 0 7.8 20 10 M M 4 8 28 10
3 51 15 33 13 32 0 0.00 0.0 0 7.1 15 280 M M 0 8 20 290
4 54 21 38 18 27 0 0.00 0.0 0 7.8 14 320 M M 0 18 330
5 53 19 36 17 29 0 0.00 0.0 0 8.9 20 330 M M 0 27 330
6 53 17 35 16 30 0 0.00 0.0 0 5.3 10 340 M M 1 14 250
7 59 14 37 19 28 0 0.00 0.0 0 6.1 13 300 M M 0 16 300
8 62 24 43 25 22 0 0.00 0.0 0 7.2 16 290 M M 0 8 24 300
9 53 23 38 21 27 0 0.00 0.0 0 5.5 15 150 M M 0 8 19 140
10 43 22 33 16 32 0 0.00 0.0 0 12.6 30 360 M M 1 40 360
11 31 24 28 11 37 0 T 0.0 0 10.5 15 50 M M 10 16 21 30
12 24 21 23 7 42 0 T T 0 6.9 13 20 M M 10 16 19 20
13 33 5 19 3 46 0 0.01 T 0 11.6 26 310 M M 6 1 35 300
14 19 4 12 -4 53 0 0.00 0.0 0 5.7 12 140 M M 6 8 14 120
15 29 13 21 5 44 0 0.00 0.0 0 9.0 14 170 M M 9 20 180
16 35 12 24 9 41 0 0.00 0.0 0 11.3 21 190 M M 7 18 28 190
17 40 7 24 9 41 0 0.00 0.0 0 7.5 23 160 M M 0 18 32 160
18 41 4 23 8 42 0 0.00 0.0 0 12.8 26 160 M M 4 37 170
19 37 -1 18 4 47 0 0.00 0.0 0 10.2 20 170 M M 0 26 170
20 45 26 36 22 29 0 0.01 T 0 12.7 26 300 M M 2 40 290
21 42 16 29 15 36 0 0.00 0.0 0 16.5 35 330 M M 1 8 49 300
22 59 28 44 30 21 0 0.00 0.0 0 14.6 28 170 M M 2 39 180
23 36 -1 18 4 47 0 0.05 1.0 T 28.5 47 350 M M 6 289 68 350
24 13 -7 3 -10 62 0 0.00 0.0 1 7.5 14 170 M M 2 8 18 330
25 43 6 25 12 40 0 0.00 0.0 1 8.1 15 170 M M 0 20 170
26 34 7 21 8 44 0 0.00 0.0 0 3.5 8 30 M M 5 128 10 160
27 29 10 20 7 45 0 T T 0 11.4 23 350 M M 10 168 30 10
28 28 4 16 3 49 0 0.00 0.0 T 8.2 16 20 M M 6 22 20
29 26 12 19 6 46 0 0.30 3.7 T 14.7 28 320 M M 7 12 38 320
30 26 7 17 5 48 0 T T 4 12.5 23 330 M M 9 30 330
31 21 5 13 1 52 0 0.00 0.0 4 9.1 15 180 M M 1 19 180
================================================================================
SM 1202 388 1212 0 0.37 4.7 305.6 M 109
================================================================================
AV 38.8 12.5 9.9 FASTST M M 4 MAX(MPH)
MISC ----> 47 350 68 350
================================================================================
NOTES:
# LAST OF SEVERAL OCCURRENCES
COLUMN 17 PEAK WIND IN M.P.H.
PRELIMINARY LOCAL CLIMATOLOGICAL DATA (WS FORM: F-6) , PAGE 2
STATION: ABERDEEN SD
MONTH: DECEMBER
YEAR: 2020
LATITUDE: 45 27 N
LONGITUDE: 98 26 W
[TEMPERATURE DATA] [PRECIPITATION DATA] SYMBOLS USED IN COLUMN 16
AVERAGE MONTHLY: 25.6 TOTAL FOR MONTH: 0.37 1 = FOG OR MIST
DPTR FM NORMAL: 9.9 DPTR FM NORMAL: -0.15 2 = FOG REDUCING VISIBILITY
HIGHEST: 62 ON 8 GRTST 24HR 0.30 ON 29-29 TO 1/4 MILE OR LESS
LOWEST: -7 ON 24 3 = THUNDER
SNOW, ICE PELLETS, HAIL 4 = ICE PELLETS
TOTAL MONTH: 4.7 INCHES 5 = HAIL
GRTST 24HR 3.7 ON 29-29 6 = FREEZING RAIN OR DRIZZLE
GRTST DEPTH: 4 ON 31,30 7 = DUSTSTORM OR SANDSTORM:
VSBY 1/2 MILE OR LESS
8 = SMOKE OR HAZE
[NO. OF DAYS WITH] [WEATHER - DAYS WITH] 9 = BLOWING SNOW
X = TORNADO
MAX 32 OR BELOW: 10 0.01 INCH OR MORE: 4
MAX 90 OR ABOVE: 0 0.10 INCH OR MORE: 1
MIN 32 OR BELOW: 31 0.50 INCH OR MORE: 0
MIN 0 OR BELOW: 3 1.00 INCH OR MORE: 0
[HDD (BASE 65) ]
TOTAL THIS MO. 1212 CLEAR (SCALE 0-3) 17
DPTR FM NORMAL -316 PTCLDY (SCALE 4-7) 9
TOTAL FM JUL 1 2967 CLOUDY (SCALE 8-10) 5
DPTR FM NORMAL -526
[CDD (BASE 65) ]
TOTAL THIS MO. 0
DPTR FM NORMAL 0 [PRESSURE DATA]
TOTAL FM JAN 1 871 HIGHEST SLP 30.53 ON 2
DPTR FM NORMAL 346 LOWEST SLP 29.26 ON 22
[REMARKS]
#FINAL-12-20#