000
CXUS52 KTAE 010800
CF6ABY
PRELIMINARY LOCAL CLIMATOLOGICAL DATA (WS FORM: F-6)
STATION: ALBANY
MONTH: AUGUST
YEAR: 2022
LATITUDE: 31 31 N
LONGITUDE: 84 11 W
TEMPERATURE IN F: :PCPN: SNOW: WIND :SUNSHINE: SKY :PK WND
================================================================================
1 2 3 4 5 6A 6B 7 8 9 10 11 12 13 14 15 16 17 18
12Z AVG MX 2MIN
DY MAX MIN AVG DEP HDD CDD WTR SNW DPTH SPD SPD DIR MIN PSBL S-S WX SPD DR
================================================================================
1 94 72 83 -1 0 18 0.00 0.0 0 4.4 24 280 M M 1 138 30 290
2 93 72 83 -1 0 18 0.02 0.0 M 5.0 17 210 M M 1 3 21 240
3 91 72 82 -2 0 17 0.00 0.0 M 3.3 13 190 M M 2 1 15 190
4 97 73 85 2 0 20 T 0.0 0 3.0 21 150 M M 2 3 24 150
5 94 73 84 1 0 19 T 0.0 0 3.8 16 60 M M 2 20 30
6 91 74 83 0 0 18 0.78 0.0 M 4.8 21 230 M M 3 138 28 60
7 90 72 81 -2 0 16 0.04 0.0 M 3.8 17 60 M M 2 13 21 50
8 93 72 83 0 0 18 0.47 0.0 M 2.6 16 170 M M 2 13 20 170
9 92 70 81 -2 0 16 0.75 0.0 0 4.1 41 180 M M 2 13 48 190
10 89 70 80 -3 0 15 1.10 0.0 0 3.2 38 200 M M 2 123 48 210
11 85 71 78 -5 0 13 0.59 0.0 M 4.3 17 240 M M 4 13 25 230
12 88 73 81 -2 0 16 0.94 0.0 M 6.7 20 280 M M 6 123 25 270
13 88 73 81 -2 0 16 0.00 0.0 M 3.0 14 40 M M 5 1 16 40
14 90 69 80 -3 0 15 0.00 0.0 0 2.9 12 130 M M 1 1 15 130
15 92 69 81 -2 0 16 T 0.0 0 4.1 20 330 M M 1 3 24 330
16 93 74 84 1 0 19 0.03 0.0 0 4.6 15 330 M M 4 13 20 330
17 89 72 81 -2 0 16 T 0.0 0 3.9 22 330 M M 2 1 28 320
18 86 72 79 -4 0 14 0.60 0.0 M 4.6 15 240 M M 8 13 21 240
19 90 73 82 -1 0 17 T 0.0 0 3.3 14 330 M M 5 13 17 210
20 92 73 83 1 0 18 T 0.0 0 2.6 28 200 M M 1 13 37 210
21 90 73 82 0 0 17 0.19 0.0 0 4.1 20 250 M M 2 18 25 280
22 87 73 80 -2 0 15 T 0.0 0 3.7 13 300 M M 5 1 17 310
23 87 74 81 -1 0 16 T 0.0 0 3.3 9 300 M M 1 13 310
24 87 73 80 -2 0 15 0.54 0.0 0 2.8 10 310 M M 4 13 13 330
25 85 73 79 -3 0 14 0.30 0.0 M 4.0 9 60 M M 5 13 13 70
26 91 74 83 1 0 18 0.23 0.0 0 3.1 17 60 M M 4 13 21 60
27 89 73 81 -1 0 16 0.19 0.0 0 2.4 13 100 M M 3 13 17 110
28 90 70 80 -2 0 15 T M M 3.8 16 120 M M 1 3 20 120
29 91 73 82 1 0 17 0.05 0.0 0 4.2 14 70 M M 5 18 16 50
30 93 74 84 3 0 19 0.00 0.0 0 1.9 9 320 M M 4 1 12 100
31 93 74 84 3 0 19 0.07 0.0 0 4.6 23 180 M M 1 13 28 180
================================================================================
SM 2800 2243 0 516 6.89 0.0 115.9 M 91
================================================================================
AV 90.3 72.4 3.7 FASTST M M 3 MAX(MPH)
MISC ----> 41 180 # 48 190
================================================================================
NOTES:
# LAST OF SEVERAL OCCURRENCES
COLUMN 17 PEAK WIND IN M.P.H.
PRELIMINARY LOCAL CLIMATOLOGICAL DATA (WS FORM: F-6) , PAGE 2
STATION: ALBANY
MONTH: AUGUST
YEAR: 2022
LATITUDE: 31 31 N
LONGITUDE: 84 11 W
[TEMPERATURE DATA] [PRECIPITATION DATA] SYMBOLS USED IN COLUMN 16
AVERAGE MONTHLY: 81.3 TOTAL FOR MONTH: 6.89 1 = FOG OR MIST
DPTR FM NORMAL: -1.4 DPTR FM NORMAL: 2.06 2 = FOG REDUCING VISIBILITY
HIGHEST: 97 ON 4 GRTST 24HR 1.69 ON 10-11 TO 1/4 MILE OR LESS
LOWEST: 69 ON 15,14 3 = THUNDER
SNOW, ICE PELLETS, HAIL 4 = ICE PELLETS
TOTAL MONTH: 0.0 INCH 5 = HAIL
GRTST 24HR 0.0 6 = FREEZING RAIN OR DRIZZLE
GRTST DEPTH: 0 7 = DUSTSTORM OR SANDSTORM:
VSBY 1/2 MILE OR LESS
8 = SMOKE OR HAZE
[NO. OF DAYS WITH] [WEATHER - DAYS WITH] 9 = BLOWING SNOW
X = TORNADO
MAX 32 OR BELOW: 0 0.01 INCH OR MORE: 17
MAX 90 OR ABOVE: 20 0.10 INCH OR MORE: 12
MIN 32 OR BELOW: 0 0.50 INCH OR MORE: 7
MIN 0 OR BELOW: 0 1.00 INCH OR MORE: 1
[HDD (BASE 65) ]
TOTAL THIS MO. 0 CLEAR (SCALE 0-3) 19
DPTR FM NORMAL 0 PTCLDY (SCALE 4-7) 12
TOTAL FM JUL 1 0 CLOUDY (SCALE 8-10) 0
DPTR FM NORMAL 0
[CDD (BASE 65) ]
TOTAL THIS MO. 516
DPTR FM NORMAL -31 [PRESSURE DATA]
TOTAL FM JAN 1 2418 HIGHEST SLP 30.23 ON 7
DPTR FM NORMAL 332 LOWEST SLP 29.85 ON 16
[REMARKS]
#FINAL-08-22#