000
CXUS54 KFWD 010830
CF6ACT
PRELIMINARY LOCAL CLIMATOLOGICAL DATA (WS FORM: F-6)
STATION: WACO
MONTH: FEBRUARY
YEAR: 2021
LATITUDE: 31 37 N
LONGITUDE: 97 13 W
TEMPERATURE IN F: :PCPN: SNOW: WIND :SUNSHINE: SKY :PK WND
================================================================================
1 2 3 4 5 6A 6B 7 8 9 10 11 12 13 14 15 16 17 18
12Z AVG MX 2MIN
DY MAX MIN AVG DEP HDD CDD WTR SNW DPTH SPD SPD DIR MIN PSBL S-S WX SPD DR
================================================================================
1 62 35 49 1 16 0 0.00 0.0 0 7.5 17 20 M M 0 22 360
2 65 31 48 0 17 0 0.00 0.0 0 6.5 14 150 M M 0 19 170
3 73 44 59 10 6 0 0.00 0.0 0 15.6 25 170 M M 0 33 170
4 78 45 62 13 3 0 0.00 0.0 0 14.9 28 340 M M 3 35 190
5 59 42 51 2 14 0 0.03 0.0 0 8.1 14 20 M M 3 17 20
6 72 41 57 8 8 0 0.00 0.0 0 11.0 28 340 M M 4 18 39 320
7 65 28 47 -2 18 0 0.00 0.0 0 9.3 20 160 M M 0 128 26 150
8 73 46 60 11 5 0 0.00 0.0 0 13.1 18 340 M M 6 18 25 170
9 47 37 42 -8 23 0 0.00 0.0 0 11.5 17 340 M M 10 1 22 340
10 37 31 34 -16 31 0 0.02 0.0 0 12.3 21 340 M M 10 18 26 350
11 31 28 30 -20 35 0 0.32 0.0 0 15.0 22 360 M M 10 136 30 10
12 29 26 28 -22 37 0 0.00 0.0 0 14.6 21 10 M M 10 18 27 10
13 31 23 27 -23 38 0 T T 0 13.4 20 360 M M 10 168 25 360
14 28 12 20 -30 45 0 0.10 2.0 T 17.9 28 340 M M 10 126 38 340
15 20 5 13 -38 52 0 0.13 2.5 3 14.3 24 340 M M 4 19 32 340
16 23 -1 11 -40 54 0 0.02 T 2 5.8 13 120 M M 4 168 16 140
17 28 22 25 -26 40 0 0.04 0.1 2 11.5 18 10 M M 10 168 23 10
18 31 23 27 -24 38 0 0.00 0.0 2 13.6 22 350 M M 6 28 340
19 41 15 28 -24 37 0 0.00 0.0 2 6.5 14 160 M M 0 16 160
20 55 23 39 -13 26 0 0.00 0.0 T 11.6 22 160 M M 0 18 28 180
21 75 38 57 5 8 0 0.00 0.0 0 12.6 23 190 M M 5 1 34 320
22 70 30 50 -2 15 0 0.00 0.0 0 6.9 14 160 M M 0 17 150
23 78 37 58 5 7 0 0.00 0.0 0 13.6 24 170 M M 0 32 160
24 78 50 64 11 1 0 0.00 0.0 0 12.2 24 190 M M 2 34 190
25 59 47 53 0 12 0 0.06 0.0 0 9.5 17 340 M M 9 18 23 350
26 61 47 54 1 11 0 0.03 0.0 0 4.8 16 340 M M 10 1 21 340
27 75 55 65 11 0 0 0.04 0.0 0 8.4 20 170 M M 8 128 27 170
28 76 56 66 12 0 1 T 0.0 0 13.0 22 360 M M 10 18 28 320
================================================================================
SM 1520 916 597 1 0.79 4.6 315.0 M 144
================================================================================
AV 54.3 32.7 11.3 FASTST M M 5 MAX(MPH)
MISC ----> # 28 340 39 320
================================================================================
NOTES:
# LAST OF SEVERAL OCCURRENCES
COLUMN 17 PEAK WIND IN M.P.H.
PRELIMINARY LOCAL CLIMATOLOGICAL DATA (WS FORM: F-6) , PAGE 2
STATION: WACO
MONTH: FEBRUARY
YEAR: 2021
LATITUDE: 31 37 N
LONGITUDE: 97 13 W
[TEMPERATURE DATA] [PRECIPITATION DATA] SYMBOLS USED IN COLUMN 16
AVERAGE MONTHLY: 43.5 TOTAL FOR MONTH: 0.79 1 = FOG OR MIST
DPTR FM NORMAL: -7.3 DPTR FM NORMAL: -1.84 2 = FOG REDUCING VISIBILITY
HIGHEST: 78 ON 24,23 GRTST 24HR 0.34 ON 10-11 TO 1/4 MILE OR LESS
LOWEST: -1 ON 16 3 = THUNDER
SNOW, ICE PELLETS, HAIL 4 = ICE PELLETS
TOTAL MONTH: 4.6 INCHES 5 = HAIL
GRTST 24HR 2.5 ON 15-15 6 = FREEZING RAIN OR DRIZZLE
GRTST DEPTH: 3 ON 15 7 = DUSTSTORM OR SANDSTORM:
VSBY 1/2 MILE OR LESS
8 = SMOKE OR HAZE
[NO. OF DAYS WITH] [WEATHER - DAYS WITH] 9 = BLOWING SNOW
X = TORNADO
MAX 32 OR BELOW: 8 0.01 INCH OR MORE: 10
MAX 90 OR ABOVE: 0 0.10 INCH OR MORE: 3
MIN 32 OR BELOW: 14 0.50 INCH OR MORE: 0
MIN 0 OR BELOW: 1 1.00 INCH OR MORE: 0
[HDD (BASE 65) ]
TOTAL THIS MO. 597 CLEAR (SCALE 0-3) 10
DPTR FM NORMAL 193 PTCLDY (SCALE 4-7) 8
TOTAL FM JUL 1 1844 CLOUDY (SCALE 8-10) 10
DPTR FM NORMAL 32
[CDD (BASE 65) ]
TOTAL THIS MO. 1
DPTR FM NORMAL -5 [PRESSURE DATA]
TOTAL FM JAN 1 4 HIGHEST SLP 30.59 ON 19
DPTR FM NORMAL 1 LOWEST SLP 29.70 ON 4
[REMARKS]
#FINAL-02-21#