000
CXUS56 KEKA 011230
CF6ACV
PRELIMINARY LOCAL CLIMATOLOGICAL DATA (WS FORM: F-6)
STATION: ARCATA CA
MONTH: AUGUST
YEAR: 2022
LATITUDE: 40 58 N
LONGITUDE: 124 6 W
TEMPERATURE IN F: :PCPN: SNOW: WIND :SUNSHINE: SKY :PK WND
================================================================================
1 2 3 4 5 6A 6B 7 8 9 10 11 12 13 14 15 16 17 18
12Z AVG MX 2MIN
DY MAX MIN AVG DEP HDD CDD WTR SNW DPTH SPD SPD DIR MIN PSBL S-S WX SPD DR
================================================================================
1 64 57 61 3 4 0 0.00 M M 3.7 8 320 M M 6 1 13 240
2 63 54 59 1 6 0 0.00 M M 3.7 10 300 M M 7 28 16 300
3 68 50 59 1 6 0 0.00 M M 5.5 17 320 M M 6 2 23 320
4 63 50 57 -1 8 0 0.00 M M 3.9 10 290 M M 5 28 16 280
5 66 54 60 2 5 0 0.00 M M 4.8 13 230 M M 8 13 17 210
6 64 54 59 1 6 0 0.00 M M 4.0 9 240 M M 9 1 14 260
7 64 54 59 1 6 0 0.00 M M 2.7 9 230 M M 10 1 12 240
8 70 53 62 4 3 0 0.00 M M 4.1 15 310 M M 6 19 300
9 67 52 60 2 5 0 0.00 M M 2.3 9 260 M M 5 1 14 250
10 71 51 61 3 4 0 0.00 M M 4.1 10 290 M M 0 1 16 290
11 67 54 61 3 4 0 0.00 M M 4.6 15 310 M M 8 2 19 300
12 68 51 60 2 5 0 0.00 M M 6.3 17 300 M M 3 23 310
13 69 48 59 1 6 0 0.00 M M 7.9 22 310 M M 1 30 310
14 66 53 60 2 5 0 0.00 M M 6.0 15 310 M M 8 22 310
15 64 57 61 3 4 0 0.00 M M 5.5 15 310 M M 10 1 21 320
16 65 56 61 3 4 0 T M M 4.0 12 290 M M 5 1 14 300
17 68 53 61 3 4 0 0.00 M M 4.5 10 220 M M 5 2 15 220
18 66 54 60 2 5 0 0.00 M M 5.6 15 220 M M 8 28 19 210
19 69 54 62 4 3 0 0.00 M M 8.0 20 310 M M 6 1 27 310
20 62 54 58 0 7 0 0.00 M M 4.6 9 280 M M 9 28 13 310
21 64 53 59 1 6 0 0.00 M M 3.9 10 250 M M 8 28 14 260
22 70 50 60 2 5 0 0.00 M M 6.9 18 310 M M 4 2 26 320
23 65 58 62 4 3 0 0.00 M M 5.1 12 130 M M 10 28 19 150
24 64 57 61 3 4 0 0.00 M M 3.8 10 290 M M 10 1 16 140
25 65 58 62 4 3 0 0.00 M M 5.6 13 150 M M 9 1 18 130
26 65 57 61 3 4 0 0.00 M M 3.9 14 300 M M 10 1 16 300
27 66 54 60 2 5 0 0.00 M M 5.5 14 310 M M 6 18 18 310
28 65 49 57 -1 8 0 0.00 M M 4.8 12 220 M M 6 18 17 210
29 59 49 54 -4 11 0 0.00 M M 3.5 10 160 M M 9 2 12 160
30 59 54 57 -1 8 0 0.00 M M 1.9 9 240 M M 10 2 12 250
31 60 54 57 -1 8 0 0.00 M M 4.4 10 310 M M 10 28 16 300
================================================================================
SM 2026 1656 165 0 T M 145.1 M 217
================================================================================
AV 65.4 53.4 4.7 FASTST M M 7 MAX(MPH)
MISC ----> 22 310 30 310
================================================================================
NOTES:
# LAST OF SEVERAL OCCURRENCES
COLUMN 17 PEAK WIND IN M.P.H.
PRELIMINARY LOCAL CLIMATOLOGICAL DATA (WS FORM: F-6) , PAGE 2
STATION: ARCATA CA
MONTH: AUGUST
YEAR: 2022
LATITUDE: 40 58 N
LONGITUDE: 124 6 W
[TEMPERATURE DATA] [PRECIPITATION DATA] SYMBOLS USED IN COLUMN 16
AVERAGE MONTHLY: 59.4 TOTAL FOR MONTH: T 1 = FOG OR MIST
DPTR FM NORMAL: 1.5 DPTR FM NORMAL: -0.26 2 = FOG REDUCING VISIBILITY
HIGHEST: 71 ON 10 GRTST 24HR T ON 31- 1 TO 1/4 MILE OR LESS
LOWEST: 48 ON 13 3 = THUNDER
SNOW, ICE PELLETS, HAIL 4 = ICE PELLETS
TOTAL MONTH: M 5 = HAIL
GRTST 24HR M ON M 6 = FREEZING RAIN OR DRIZZLE
GRTST DEPTH: M ON M 7 = DUSTSTORM OR SANDSTORM:
VSBY 1/2 MILE OR LESS
8 = SMOKE OR HAZE
[NO. OF DAYS WITH] [WEATHER - DAYS WITH] 9 = BLOWING SNOW
X = TORNADO
MAX 32 OR BELOW: 0 0.01 INCH OR MORE: 0
MAX 90 OR ABOVE: 0 0.10 INCH OR MORE: 0
MIN 32 OR BELOW: 0 0.50 INCH OR MORE: 0
MIN 0 OR BELOW: 0 1.00 INCH OR MORE: 0
[HDD (BASE 65) ]
TOTAL THIS MO. 165 CLEAR (SCALE 0-3) 3
DPTR FM NORMAL -56 PTCLDY (SCALE 4-7) 14
TOTAL FM JUL 1 380 CLOUDY (SCALE 8-10) 14
DPTR FM NORMAL -77
[CDD (BASE 65) ]
TOTAL THIS MO. 0
DPTR FM NORMAL -1 [PRESSURE DATA]
TOTAL FM JAN 1 0 HIGHEST SLP 30.16 ON 22
DPTR FM NORMAL -1 LOWEST SLP 29.81 ON 28
[REMARKS]
#FINAL-08-22#