000
CXUS54 KLZK 011230
CF6ADF
PRELIMINARY LOCAL CLIMATOLOGICAL DATA (WS FORM: F-6)
STATION: ARKADELPHIA AIRPORT
MONTH: OCTOBER
YEAR: 2023
LATITUDE: 34 9 N
LONGITUDE: 93 4 W
TEMPERATURE IN F: :PCPN: SNOW: WIND :SUNSHINE: SKY :PK WND
================================================================================
1 2 3 4 5 6A 6B 7 8 9 10 11 12 13 14 15 16 17 18
12Z AVG MX 2MIN
DY MAX MIN AVG DEP HDD CDD WTR SNW DPTH SPD SPD DIR MIN PSBL S-S WX SPD DR
================================================================================
1 94 60 77 9 0 12 0.00 M M 0.9 6 150 M M 1 M M
2 93 59 76 9 0 11 0.00 M M 1.1 7 99 M M 6 M M
3 90 56 73 6 0 8 0.00 M M 2.5 8 170 M M 0 8 M M
4 70 64 67 0 0 2 1.70 M M 2.2 8 10 M M 9 13 M M
5 77 59 68 2 0 3 0.53 M M 4.1 8 30 M M 6 1 M M
6 83 55 69 3 0 4 0.01 M M 4.5 12 350 M M 3 12 17 30
7 70 42 56 -10 9 0 0.00 M M 3.8 17 20 M M 0 24 20
8 74 40 57 -8 8 0 0.00 M M 1.6 8 210 M M 1 128 M M
9 83 43 63 -2 2 0 0.00 M M 3.0 12 200 M M 0 1 M M
10 85 50 68 4 0 3 0.00 M M 2.2 10 190 M M 1 12 M M
11 77 54 66 2 0 1 0.00 M M 2.3 9 170 M M 1 12 M M
12 67 51 59 -5 6 0 0.00 M M 1.6 6 99 M M 8 M M
13 72 53 63 0 2 0 T M M 4.2 12 190 M M 6 12 16 190
14 67 45 56 -7 9 0 0.00 M M 6.5 14 330 M M 2 18 22 330
15 67 44 56 -7 9 0 0.02 M M 6.4 16 310 M M 8 1 20 310
16 69 43 56 -6 9 0 0.00 M M 4.2 10 330 M M 1 1 M M
17 72 37 55 -7 10 0 0.00 M M 1.7 9 190 M M 0 128 M M
18 77 38 58 -4 7 0 0.00 M M 3.5 14 220 M M 1 1 17 220
19 82 47 65 4 0 0 0.00 M M 2.8 10 240 M M 1 1 M M
20 87 45 66 5 0 1 0.00 M M 2.2 9 300 M M 0 18 M M
21 85 43 64 3 1 0 0.00 M M 2.4 13 240 M M 0 17 240
22 78 51 65 5 0 0 0.00 M M 2.7 6 99 M M 0 1 M M
23 83 58 71 11 0 6 0.00 M M 1.8 8 200 M M 0 M M
24 86 56 71 11 0 6 0.00 M M 2.4 9 160 M M 0 12 M M
25 82 56 69 9 0 4 0.00 M M 3.2 12 180 M M 5 1 17 180
26 77 66 72 13 0 7 0.66 M M 3.1 12 180 M M 9 1 M M
27 79 67 73 14 0 8 0.06 M M 1.6 6 170 M M 10 12 M M
28 74 65 70 11 0 5 1.95 M M 2.8 10 20 M M 10 1 M M
29 68 48 58 0 7 0 1.65 M M 6.6 15 10 M M 10 1 21 360
30 52 42 47 -11 18 0 0.11 M M 8.5 15 10 M M 4 18 22 360
31 59 32 46 -12 19 0 0.00 M M 6.1 10 360 M M 0 M M
================================================================================
SM 2379 1569 116 81 6.69 M 102.6 M 103
================================================================================
AV 76.7 50.6 3.3 FASTST M M 3 MAX(MPH)
MISC ----> 17 20 24 20
================================================================================
NOTES:
# LAST OF SEVERAL OCCURRENCES
COLUMN 17 PEAK WIND IN M.P.H.
PRELIMINARY LOCAL CLIMATOLOGICAL DATA (WS FORM: F-6) , PAGE 2
STATION: ARKADELPHIA AIRPORT
MONTH: OCTOBER
YEAR: 2023
LATITUDE: 34 9 N
LONGITUDE: 93 4 W
[TEMPERATURE DATA] [PRECIPITATION DATA] SYMBOLS USED IN COLUMN 16
AVERAGE MONTHLY: 63.7 TOTAL FOR MONTH: 6.69 1 = FOG OR MIST
DPTR FM NORMAL: 1.2 DPTR FM NORMAL: 1.34 2 = FOG REDUCING VISIBILITY
HIGHEST: 94 ON 1 GRTST 24HR 1.95 ON 28-28 TO 1/4 MILE OR LESS
LOWEST: 32 ON 31 3 = THUNDER
SNOW, ICE PELLETS, HAIL 4 = ICE PELLETS
TOTAL MONTH: M 5 = HAIL
GRTST 24HR M ON M 6 = FREEZING RAIN OR DRIZZLE
GRTST DEPTH: M ON M 7 = DUSTSTORM OR SANDSTORM:
VSBY 1/2 MILE OR LESS
8 = SMOKE OR HAZE
[NO. OF DAYS WITH] [WEATHER - DAYS WITH] 9 = BLOWING SNOW
X = TORNADO
MAX 32 OR BELOW: 0 0.01 INCH OR MORE: 9
MAX 90 OR ABOVE: 3 0.10 INCH OR MORE: 6
MIN 32 OR BELOW: 1 0.50 INCH OR MORE: 5
MIN 0 OR BELOW: 0 1.00 INCH OR MORE: 3
[HDD (BASE 65) ]
TOTAL THIS MO. 116 CLEAR (SCALE 0-3) 18
DPTR FM NORMAL -25 PTCLDY (SCALE 4-7) 6
TOTAL FM JUL 1 116 CLOUDY (SCALE 8-10) 7
DPTR FM NORMAL -40
[CDD (BASE 65) ]
TOTAL THIS MO. 81
DPTR FM NORMAL 18 [PRESSURE DATA]
TOTAL FM JAN 1 2109 HIGHEST SLP M ON M
DPTR FM NORMAL 198 LOWEST SLP M ON M
[REMARKS]
#FINAL-10-23#