000
CXUS54 KLCH 012211
CF6AEX
PRELIMINARY LOCAL CLIMATOLOGICAL DATA (WS FORM: F-6)
STATION: ALEXANDRIA
MONTH: DECEMBER
YEAR: 2020
LATITUDE: 31 19 N
LONGITUDE: 92 33 W
TEMPERATURE IN F: :PCPN: SNOW: WIND :SUNSHINE: SKY :PK WND
================================================================================
1 2 3 4 5 6A 6B 7 8 9 10 11 12 13 14 15 16 17 18
12Z AVG MX 2MIN
DY MAX MIN AVG DEP HDD CDD WTR SNW DPTH SPD SPD DIR MIN PSBL S-S WX SPD DR
================================================================================
1 58 28 43 -9 22 0 0.00 0.0 M 3.8 10 210 M M 0 14 170
2 61 35 48 -4 17 0 0.04 0.0 M 11.3 21 110 M M 4 30 120
3 52 44 48 -4 17 0 0.53 0.0 M 8.0 17 320 M M 10 23 320
4 49 35 42 -10 23 0 0.00 0.0 M 5.8 14 340 M M 6 18 340
5 53 31 42 -10 23 0 0.00 0.0 M 0.9 7 220 M M 4 9 230
6 61 41 51 0 14 0 T 0.0 M 2.3 10 260 M M 5 14 270
7 59 36 48 -3 17 0 0.00 0.0 M 4.9 14 320 M M 0 19 320
8 68 34 51 0 14 0 0.00 0.0 M 3.2 14 260 M M 0 19 250
9 72 36 54 3 11 0 0.00 0.0 M 1.4 10 280 M M 0 14 270
10 73 37 55 4 10 0 0.00 0.0 M 4.7 13 190 M M 1 12 18 220
11 71 47 59 8 6 0 0.72 0.0 M 9.5 17 160 M M 5 1 23 140
12 63 45 54 4 11 0 0.14 0.0 M 5.0 14 310 M M 5 12 18 300
13 60 43 52 2 13 0 1.86 0.0 M 9.7 40 300 M M 7 1 62 300
14 46 39 43 -7 22 0 T 0.0 M 9.2 20 330 M M 10 1 30 320
15 45 39 42 -8 23 0 0.20 0.0 M 6.4 12 130 M M 10 1 18 80
16 43 38 41 -9 24 0 T 0.0 M 9.5 22 320 M M 10 1 29 320
17 51 31 41 -9 24 0 0.00 0.0 M 3.3 12 330 M M 2 1 17 320
18 58 29 44 -6 21 0 0.00 0.0 M 7.0 17 130 M M 0 22 130
19 59 47 53 3 12 0 1.09 0.0 M 8.3 18 140 M M 10 1 24 130
20 56 40 48 -2 17 0 0.00 0.0 M 4.7 14 300 M M 7 12 18 290
21 67 35 51 1 14 0 0.00 0.0 M 1.0 7 260 M M 0 12 14 290
22 65 37 51 1 14 0 0.00 0.0 M 4.5 14 140 M M 1 18 17 120
23 68 49 59 9 6 0 1.82 0.0 M 10.6 29 260 M M 9 1 38 270
24 53 31 42 -8 23 0 T 0.0 M 14.8 30 310 M M 3 41 310
25 49 31 40 -10 25 0 0.00 0.0 M 6.7 17 320 M M 0 22 330
26 62 30 46 -3 19 0 0.00 0.0 M 5.9 9 150 M M 0 13 140
27 67 36 52 3 13 0 0.00 0.0 M 9.0 21 190 M M 1 28 200
28 73 48 61 12 4 0 0.00 0.0 M 4.6 14 60 M M 5 1 19 50
29 69 47 58 9 7 0 0.00 0.0 M 9.0 20 130 M M 4 12 26 130
30 72 60 66 17 0 1 0.13 0.0 M 12.1 26 160 M M 10 1 40 160
31 66 49 58 9 7 0 0.38 0.0 M 8.7 17 210 M M 10 1 25 10
================================================================================
SM 1869 1208 473 1 6.91 0.0 205.8 M 139
================================================================================
AV 60.3 39.0 6.6 FASTST M M 4 MAX(MPH)
MISC ----> 40 300 62 300
================================================================================
NOTES:
# LAST OF SEVERAL OCCURRENCES
COLUMN 17 PEAK WIND IN M.P.H.
PRELIMINARY LOCAL CLIMATOLOGICAL DATA (WS FORM: F-6) , PAGE 2
STATION: ALEXANDRIA
MONTH: DECEMBER
YEAR: 2020
LATITUDE: 31 19 N
LONGITUDE: 92 33 W
[TEMPERATURE DATA] [PRECIPITATION DATA] SYMBOLS USED IN COLUMN 16
AVERAGE MONTHLY: 49.6 TOTAL FOR MONTH: 6.91 1 = FOG OR MIST
DPTR FM NORMAL: -0.8 DPTR FM NORMAL: 0.79 2 = FOG REDUCING VISIBILITY
HIGHEST: 73 ON 28,10 GRTST 24HR 1.86 ON 13-13 TO 1/4 MILE OR LESS
LOWEST: 28 ON 1 3 = THUNDER
SNOW, ICE PELLETS, HAIL 4 = ICE PELLETS
TOTAL MONTH: 0.0 INCH 5 = HAIL
GRTST 24HR 0.0 6 = FREEZING RAIN OR DRIZZLE
GRTST DEPTH: M ON M 7 = DUSTSTORM OR SANDSTORM:
VSBY 1/2 MILE OR LESS
8 = SMOKE OR HAZE
[NO. OF DAYS WITH] [WEATHER - DAYS WITH] 9 = BLOWING SNOW
X = TORNADO
MAX 32 OR BELOW: 0 0.01 INCH OR MORE: 10
MAX 90 OR ABOVE: 0 0.10 INCH OR MORE: 9
MIN 32 OR BELOW: 7 0.50 INCH OR MORE: 5
MIN 0 OR BELOW: 0 1.00 INCH OR MORE: 3
[HDD (BASE 65) ]
TOTAL THIS MO. 473 CLEAR (SCALE 0-3) 12
DPTR FM NORMAL 9 PTCLDY (SCALE 4-7) 11
TOTAL FM JUL 1 700 CLOUDY (SCALE 8-10) 8
DPTR FM NORMAL -90
[CDD (BASE 65) ]
TOTAL THIS MO. 1
DPTR FM NORMAL -9 [PRESSURE DATA]
TOTAL FM JAN 1 2289 HIGHEST SLP 30.39 ON 18
DPTR FM NORMAL -231 LOWEST SLP 29.64 ON 31
[REMARKS]
#FINAL-12-20#