000
CXUS52 KCAE 011400
CF6AGS
PRELIMINARY LOCAL CLIMATOLOGICAL DATA (WS FORM: F-6)
STATION: AUGUSTA BUSH FIELD GA
MONTH: JULY
YEAR: 2021
LATITUDE: 33 22 N
LONGITUDE: 81 58 W
TEMPERATURE IN F: :PCPN: SNOW: WIND :SUNSHINE: SKY :PK WND
================================================================================
1 2 3 4 5 6A 6B 7 8 9 10 11 12 13 14 15 16 17 18
12Z AVG MX 2MIN
DY MAX MIN AVG DEP HDD CDD WTR SNW DPTH SPD SPD DIR MIN PSBL S-S WX SPD DR
================================================================================
1 91 69 80 -2 0 15 0.05 0.0 0 4.2 20 230 M M 5 123 25 230
2 83 72 78 -4 0 13 0.04 0.0 0 5.1 12 230 M M 7 1 16 220
3 87 64 76 -6 0 11 0.01 0.0 0 4.5 14 30 M M 3 1 18 40
4 91 58 75 -7 0 10 0.00 0.0 0 1.9 8 60 M M 1 128 12 160
5 92 63 78 -4 0 13 0.00 0.0 0 2.3 9 140 M M 1 18 12 130
6 93 66 80 -2 0 15 0.00 0.0 0 3.2 12 140 M M 1 1 16 110
7 86 70 78 -4 0 13 0.20 0.0 0 4.6 15 150 M M 3 18 20 150
8 90 72 81 -2 0 16 0.58 0.0 0 9.2 31 230 M M 7 13 40 230
9 96 74 85 2 0 20 0.00 0.0 0 9.4 20 320 M M 2 3 25 330
10 93 69 81 -2 0 16 0.00 0.0 0 4.6 17 250 M M 2 12 22 260
11 91 71 81 -2 0 16 T 0.0 0 5.5 21 240 M M 3 13 27 240
12 93 70 82 -1 0 17 0.87 0.0 0 5.8 38 170 M M 4 123 46 160
13 92 68 80 -3 0 15 T 0.0 0 3.0 26 150 M M 3 123 33 150
14 93 69 81 -2 0 16 0.18 0.0 0 3.5 17 320 M M 5 123 23 320
15 93 71 82 -1 0 17 0.01 0.0 0 3.3 14 190 M M 3 13 17 130
16 94 72 83 0 0 18 0.82 0.0 0 4.6 18 160 M M 3 123 24 120
17 94 72 83 0 0 18 0.07 0.0 0 4.4 14 130 M M 2 13 19 50
18 90 72 81 -2 0 16 0.95 0.0 0 4.4 32 220 M M 2 13 38 210
19 90 72 81 -2 0 16 0.98 0.0 0 5.7 20 250 M M 7 1 27 260
20 88 74 81 -2 0 16 0.64 0.0 0 3.2 20 340 M M 8 13 23 350
21 88 73 81 -2 0 16 0.01 0.0 0 4.2 12 220 M M 5 14 210
22 94 72 83 0 0 18 0.00 0.0 0 2.3 16 130 M M 4 1 20 120
23 93 70 82 -1 0 17 T 0.0 0 2.1 9 120 M M 3 128 13 110
24 92 70 81 -2 0 16 0.00 0.0 0 3.1 12 150 M M 1 128 14 160
25 92 69 81 -2 0 16 0.00 0.0 M 1.8 10 160 M M 1 1 13 130
26 95 71 83 0 0 18 0.74 0.0 0 2.0 15 350 M M 2 13 20 20
27 93 75 84 1 0 19 0.30 0.0 0 2.6 15 290 M M 3 13 20 280
28 93 74 84 1 0 19 0.04 0.0 0 4.6 17 220 M M 3 13 23 220
29 97 74 86 3 0 21 0.00 0.0 0 3.4 10 190 M M 1 1 13 190
30 97 79 88 5 0 23 0.02 0.0 0 7.1 15 230 M M 2 13 20 240
31 96 76 86 3 0 21 0.03 0.0 0 4.9 16 240 M M 2 138 21 240
================================================================================
SM 2850 2191 0 511 6.54 0.0 130.5 M 99
================================================================================
AV 91.9 70.7 4.2 FASTST M M 3 MAX(MPH)
MISC ----> 38 170 46 160
================================================================================
NOTES:
# LAST OF SEVERAL OCCURRENCES
COLUMN 17 PEAK WIND IN M.P.H.
PRELIMINARY LOCAL CLIMATOLOGICAL DATA (WS FORM: F-6) , PAGE 2
STATION: AUGUSTA BUSH FIELD GA
MONTH: JULY
YEAR: 2021
LATITUDE: 33 22 N
LONGITUDE: 81 58 W
[TEMPERATURE DATA] [PRECIPITATION DATA] SYMBOLS USED IN COLUMN 16
AVERAGE MONTHLY: 81.3 TOTAL FOR MONTH: 6.54 1 = FOG OR MIST
DPTR FM NORMAL: -1.5 DPTR FM NORMAL: 2.06 2 = FOG REDUCING VISIBILITY
HIGHEST: 97 ON 30,29 GRTST 24HR 1.93 ON 18-19 TO 1/4 MILE OR LESS
LOWEST: 58 ON 4 3 = THUNDER
SNOW, ICE PELLETS, HAIL 4 = ICE PELLETS
TOTAL MONTH: 0.0 INCH 5 = HAIL
GRTST 24HR 0.0 6 = FREEZING RAIN OR DRIZZLE
GRTST DEPTH: 0 7 = DUSTSTORM OR SANDSTORM:
VSBY 1/2 MILE OR LESS
8 = SMOKE OR HAZE
[NO. OF DAYS WITH] [WEATHER - DAYS WITH] 9 = BLOWING SNOW
X = TORNADO
MAX 32 OR BELOW: 0 0.01 INCH OR MORE: 19
MAX 90 OR ABOVE: 26 0.10 INCH OR MORE: 10
MIN 32 OR BELOW: 0 0.50 INCH OR MORE: 7
MIN 0 OR BELOW: 0 1.00 INCH OR MORE: 0
[HDD (BASE 65) ]
TOTAL THIS MO. 0 CLEAR (SCALE 0-3) 20
DPTR FM NORMAL 0 PTCLDY (SCALE 4-7) 11
TOTAL FM JUL 1 0 CLOUDY (SCALE 8-10) 0
DPTR FM NORMAL 0
[CDD (BASE 65) ]
TOTAL THIS MO. 511
DPTR FM NORMAL -42 [PRESSURE DATA]
TOTAL FM JAN 1 1269 HIGHEST SLP 30.29 ON 13
DPTR FM NORMAL -94 LOWEST SLP 29.74 ON 8
[REMARKS]
#FINAL-07-21#