000
CXUS52 KCAE 011846
CLMAGS
CLIMATE REPORT
NATIONAL WEATHER SERVICE COLUMBIA SC
246 PM EDT WED NOV 01 2023
...................................
...THE AUGUSTA BUSH FIELD GA CLIMATE SUMMARY FOR THE MONTH OF OCTOBER 2023...
CLIMATE NORMAL PERIOD: 1991 TO 2020
CLIMATE RECORD PERIOD: 1873 TO 2023
WEATHER OBSERVED NORMAL DEPART LAST YEAR`S
VALUE DATE(S) VALUE FROM VALUE
NORMAL
..............................................................
TEMPERATURE (F)
RECORD
HIGH 101 10/04/2019
LOW 22 10/30/1952
HIGHEST 86 10/03 MM MM
10/05
10/06
LOWEST 39 10/09 MM MM
10/24
AVG. MAXIMUM 77.5 79.0 -1.5
AVG. MINIMUM 50.6 53.1 -2.5
MEAN 64.1 66.0 -1.9
DAYS MAX >= 90 0 1.1 -1.1
DAYS MAX <= 32 0 0.0 0.0
DAYS MIN <= 32 0 0.6 -0.6
DAYS MIN <= 0 0 0.0 0.0
PRECIPITATION (INCHES)
RECORD
MAXIMUM 14.82 1990
MINIMUM T 1953
TOTALS 4.37 2.56 1.81
DAILY AVG. 0.14 0.08 0.06
DAYS >= .01 8 6.4 1.6
DAYS >= .10 4 3.7 0.3
DAYS >= .50 1 1.6 -0.6
DAYS >= 1.00 1 0.8 0.2
GREATEST
24 HR. TOTAL 3.65 10/11 TO 10/12
STORM TOTAL 3.16
(MM/DD(HH))
SNOWFALL (INCHES)
RECORDS
TOTAL MM MM
TOTALS 0.0 0.0 0.0
SINCE 7/1 0.0 0.0 0.0
DAYS >= TRACE 0 0.0 0.0
DAYS >= 1.0 0 0.0 0.0
GREATEST
SNOW DEPTH 0
DEGREE DAYS
HEATING TOTAL 86 80 6
SINCE 7/1 86 82 4
COOLING TOTAL 66 112 -46
SINCE 1/1 1907 2341 -434
FREEZE DATES
RECORD
EARLIEST MM
LATEST MM
EARLIEST MM
LATEST 03/21
..............................................................
WIND (MPH)
AVERAGE WIND SPEED 4.0
RESULTANT WIND SPEED/DIRECTION 1/350
HIGHEST WIND SPEED/DIRECTION 30/320 DATE 10/20
HIGHEST GUST SPEED/DIRECTION 36/330 DATE 10/20
SKY COVER
POSSIBLE SUNSHINE (PERCENT) MM
AVERAGE SKY COVER 0.28
NUMBER OF DAYS FAIR 19
NUMBER OF DAYS PC 10
NUMBER OF DAYS CLOUDY 2
AVERAGE RH (PERCENT) 70
WEATHER CONDITIONS. NUMBER OF DAYS WITH
THUNDERSTORM 1 MIXED PRECIP 0
HEAVY RAIN 2 RAIN 5
LIGHT RAIN 10 FREEZING RAIN 0
LT FREEZING RAIN 0 HAIL 0
HEAVY SNOW 0 SNOW 0
LIGHT SNOW 0 SLEET 0
FOG 27 FOG W/VIS <= 1/4 MILE 10
HAZE 2
- INDICATES NEGATIVE NUMBERS.
R INDICATES RECORD WAS SET OR TIED.
MM INDICATES DATA IS MISSING.
T INDICATES TRACE AMOUNT.
$$