000
CXAK56 PAFC 011047
CF6AKN
PRELIMINARY LOCAL CLIMATOLOGICAL DATA (WS FORM: F-6)
STATION: KING SALMON
MONTH: JUNE
YEAR: 2023
LATITUDE: 58 41 N
LONGITUDE: 156 39 W
TEMPERATURE IN F: :PCPN: SNOW: WIND :SUNSHINE: SKY :PK WND
================================================================================
1 2 3 4 5 6A 6B 7 8 9 10 11 12 13 14 15 16 17 18
12Z AVG MX 2MIN
DY MAX MIN AVG DEP HDD CDD WTR SNW DPTH SPD SPD DIR MIN PSBL S-S WX SPD DR
================================================================================
1 52 36 44 -5 21 0 0.03 M M 11.0 24 230 M M 6 1 31 230
2 64 36 50 1 15 0 0.00 M M 11.8 25 160 M M 2 31 170
3 55 46 51 2 14 0 T M M 12.9 26 180 M M 8 30 180
4 58 46 52 2 13 0 0.09 M M 7.4 15 80 M M 10 17 90
5 59 47 53 3 12 0 0.01 M M 18.0 35 90 M M 8 8 46 100
6 61 44 53 3 12 0 T M M 7.1 16 190 M M 10 20 180
7 65 47 56 6 9 0 T M M 13.8 26 100 M M 5 33 100
8 61 49 55 4 10 0 0.10 M M 9.2 22 100 M M 9 1 27 110
9 57 44 51 0 14 0 0.12 M M 8.2 20 160 M M 9 1 22 160
10 59 42 51 0 14 0 0.01 M M 13.3 39 90 M M 8 57 80
11 54 45 50 -2 15 0 0.07 M M 22.8 37 90 M M 9 1 50 80
12 51 44 48 -4 17 0 0.22 M M 13.4 21 230 M M 10 1 27 210
13 57 43 50 -2 15 0 0.00 M M 11.2 18 190 M M 8 24 210
14 63 39 51 -2 14 0 0.00 M M 6.3 20 80 M M 7 24 100
15 56 46 51 -2 14 0 0.01 M M 9.9 20 50 M M 10 27 50
16 66 45 56 3 9 0 0.01 M M 8.8 21 250 M M 8 26 260
17 73 45 59 6 6 0 T M M 7.7 20 260 M M 6 25 270
18 74 39 57 3 8 0 0.00 M M 6.3 14 310 M M 1 17 290
19 72 49 61 7 4 0 0.17 M M 9.2 25 180 M M 9 1 31 180
20 65 54 60 6 5 0 0.01 M M 6.0 15 180 M M 10 20 180
21 68 54 61 7 4 0 0.00 M M 4.5 12 200 M M 10 15 200
22 63 53 58 3 7 0 0.08 M M 5.7 13 210 M M 10 18 16 200
23 64 52 58 3 7 0 0.01 M M 9.3 23 170 M M 10 28 180
24 66 50 58 3 7 0 0.15 M M 9.3 24 90 M M 10 33 80
25 58 48 53 -2 12 0 0.21 M M 13.4 31 160 M M 10 1 39 150
26 55 48 52 -4 13 0 0.32 M M 10.8 21 150 M M 10 1 29 160
27 57 46 52 -4 13 0 0.36 M M 5.1 10 160 M M 10 1 M M
28 59 44 52 -4 13 0 0.02 M M 3.5 13 170 M M 9 M M
29 63 47 55 -1 10 0 0.06 M M 3.3 7 190 M M 8 M M
30 59 48 54 -2 11 0 0.09 M M 5.6 8 190 M M 10 1 M M
================================================================================
SM 1834 1376 338 0 2.15 M 284.8 M 250
================================================================================
AV 61.1 45.9 9.5 FASTST M M 8 MAX(MPH)
MISC ----> 39 90 57 80
================================================================================
NOTES:
# LAST OF SEVERAL OCCURRENCES
COLUMN 17 PEAK WIND IN M.P.H.
PRELIMINARY LOCAL CLIMATOLOGICAL DATA (WS FORM: F-6) , PAGE 2
STATION: KING SALMON
MONTH: JUNE
YEAR: 2023
LATITUDE: 58 41 N
LONGITUDE: 156 39 W
[TEMPERATURE DATA] [PRECIPITATION DATA] SYMBOLS USED IN COLUMN 16
AVERAGE MONTHLY: 53.5 TOTAL FOR MONTH: 2.15 1 = FOG OR MIST
DPTR FM NORMAL: 0.7 DPTR FM NORMAL: 0.32 2 = FOG REDUCING VISIBILITY
HIGHEST: 74 ON 18 GRTST 24HR 0.36 ON 27-27 TO 1/4 MILE OR LESS
LOWEST: 36 ON 2, 1 3 = THUNDER
SNOW, ICE PELLETS, HAIL 4 = ICE PELLETS
TOTAL MONTH: M 5 = HAIL
GRTST 24HR M ON M 6 = FREEZING RAIN OR DRIZZLE
GRTST DEPTH: M ON M 7 = DUSTSTORM OR SANDSTORM:
VSBY 1/2 MILE OR LESS
8 = SMOKE OR HAZE
[NO. OF DAYS WITH] [WEATHER - DAYS WITH] 9 = BLOWING SNOW
X = TORNADO
MAX 32 OR BELOW: 0 0.01 INCH OR MORE: 21
MAX 90 OR ABOVE: 0 0.10 INCH OR MORE: 8
MIN 32 OR BELOW: 0 0.50 INCH OR MORE: 0
MIN 0 OR BELOW: 0 1.00 INCH OR MORE: 0
[HDD (BASE 65) ]
TOTAL THIS MO. 338 CLEAR (SCALE 0-3) 2
DPTR FM NORMAL -28 PTCLDY (SCALE 4-7) 6
TOTAL FM JUL 1 10384 CLOUDY (SCALE 8-10) 22
DPTR FM NORMAL 0
[CDD (BASE 65) ]
TOTAL THIS MO. 0
DPTR FM NORMAL 0 [PRESSURE DATA]
TOTAL FM JAN 1 0 HIGHEST SLP M ON M
DPTR FM NORMAL 0 LOWEST SLP 29.18 ON 11
[REMARKS]
#FINAL-06-23#