801
CXAK56 PAFC 141601
CF6AKN
PRELIMINARY LOCAL CLIMATOLOGICAL DATA (WS FORM: F-6)
STATION: KING SALMON
MONTH: AUGUST
YEAR: 2020
LATITUDE: 58 41 N
LONGITUDE: 156 39 W
TEMPERATURE IN F: :PCPN: SNOW: WIND :SUNSHINE: SKY :PK WND
================================================================================
1 2 3 4 5 6A 6B 7 8 9 10 11 12 13 14 15 16 17 18
12Z AVG MX 2MIN
DY MAX MIN AVG DEP HDD CDD WTR SNW DPTH SPD SPD DIR MIN PSBL S-S WX SPD DR
================================================================================
1 64 51 58 2 7 0 0.55 M M 4.1 12 290 M M 8 1 14 290
2 68 49 59 3 6 0 0.00 M M 7.7 16 180 M M 8 12 21 170
3 65 40 53 -3 12 0 T M M 7.3 21 110 M M 7 1 30 90
4 71 48 60 4 5 0 0.00 M M 4.1 15 280 M M 5 1 17 280
5 68 51 60 4 5 0 0.05 M M 11.5 29 160 M M 7 128 36 170
6 60 45 53 -3 12 0 0.12 M M 6.8 21 170 M M 9 1 28 160
7 63 44 54 -1 11 0 0.06 M M 7.7 21 240 M M 8 1 26 260
8 63 49 56 1 9 0 0.00 M M 8.1 14 210 M M 6 18 200
9 60 45 53 -2 12 0 0.20 M M 8.8 18 250 M M 7 1 22 260
10 64 44 54 -1 11 0 0.12 M M 8.2 16 230 M M 7 1 20 280
11 68 37 53 -2 12 0 0.00 M M 3.0 10 330 M M 5 12 15 290
12 71 35 53 -2 12 0 T M M 3.1 12 360 M M 5 12 16 30
13 73 34 54 -1 11 0 T M M 4.3 10 210 M M 2 12 15 80
14 75 39 57 2 8 0 0.00 M M 7.2 17 350 M M 1 1 23 330
15 77 54 66 11 0 1 0.00 M M 10.9 22 340 M M 1 32 360
16 76 44 60 5 5 0 0.00 M M 4.7 10 10 M M 1 1 14 30
17 76 39 58 3 7 0 T M M 5.0 16 220 M M 3 12 23 210
18 67 45 56 1 9 0 T M M 4.4 13 200 M M 6 17 210
19 68 51 60 6 5 0 0.01 M M 4.2 12 280 M M 8 1 14 280
20 75 44 60 6 5 0 0.00 M M 7.8 17 330 M M 2 12 22 330
21 72 44 58 4 7 0 0.00 M M 8.4 17 240 M M 1 1 22 240
22 60 54 57 3 8 0 T M M 9.2 15 230 M M 9 20 210
23 60 53 57 3 8 0 0.00 M M 8.2 13 250 M M 10 1 17 240
24 60 50 55 1 10 0 0.22 M M 7.8 20 250 M M 10 1 26 240
25 61 45 53 -1 12 0 0.02 M M 8.0 17 250 M M 7 1 24 240
26 60 47 54 0 11 0 0.40 M M 5.5 14 170 M M 9 1 17 170
27 64 40 52 -1 13 0 T M M 4.0 10 90 M M 8 12 14 280
28 66 40 53 0 12 0 0.00 M M 4.9 12 280 M M 5 128 14 280
29 63 41 52 -1 13 0 0.22 M M 9.6 23 90 M M 7 1 32 90
30 63 50 57 4 8 0 0.76 M M 18.4 39 170 M M 9 1 54 210
31 58 51 55 2 10 0 0.31 M M 17.3 29 220 M M 10 18 40 220
================================================================================
SM 2059 1403 276 1 3.04 M 230.2 M 191
================================================================================
AV 66.4 45.3 7.4 FASTST M M 6 MAX(MPH)
MISC ----> 39 170 54 210
================================================================================
NOTES:
# LAST OF SEVERAL OCCURRENCES
COLUMN 17 PEAK WIND IN M.P.H.
PRELIMINARY LOCAL CLIMATOLOGICAL DATA (WS FORM: F-6) , PAGE 2
STATION: KING SALMON
MONTH: AUGUST
YEAR: 2020
LATITUDE: 58 41 N
LONGITUDE: 156 39 W
[TEMPERATURE DATA] [PRECIPITATION DATA] SYMBOLS USED IN COLUMN 16
AVERAGE MONTHLY: 55.8 TOTAL FOR MONTH: 3.04 1 = FOG OR MIST
DPTR FM NORMAL: 1.2 DPTR FM NORMAL: 0.09 2 = FOG REDUCING VISIBILITY
HIGHEST: 77 ON 15 GRTST 24HR 1.16 ON 31- 1 TO 1/4 MILE OR LESS
LOWEST: 34 ON 13 3 = THUNDER
SNOW, ICE PELLETS, HAIL 4 = ICE PELLETS
TOTAL MONTH: M 5 = HAIL
GRTST 24HR M ON M 6 = FREEZING RAIN OR DRIZZLE
GRTST DEPTH: M ON M 7 = DUSTSTORM OR SANDSTORM:
VSBY 1/2 MILE OR LESS
8 = SMOKE OR HAZE
[NO. OF DAYS WITH] [WEATHER - DAYS WITH] 9 = BLOWING SNOW
X = TORNADO
MAX 32 OR BELOW: 0 0.01 INCH OR MORE: 13
MAX 90 OR ABOVE: 0 0.10 INCH OR MORE: 9
MIN 32 OR BELOW: 0 0.50 INCH OR MORE: 2
MIN 0 OR BELOW: 0 1.00 INCH OR MORE: 0
[HDD (BASE 65) ]
TOTAL THIS MO. 276 CLEAR (SCALE 0-3) 6
DPTR FM NORMAL -47 PTCLDY (SCALE 4-7) 16
TOTAL FM JUL 1 495 CLOUDY (SCALE 8-10) 9
DPTR FM NORMAL -120
[CDD (BASE 65) ]
TOTAL THIS MO. 1
DPTR FM NORMAL 0 [PRESSURE DATA]
TOTAL FM JAN 1 1 HIGHEST SLP 29.99 ON 14
DPTR FM NORMAL 0 LOWEST SLP 28.83 ON 30
[REMARKS]
#FINAL-08-20#