000
CXUS51 KALY 021354
CLSALB
CLIMATE REPORT
NATIONAL WEATHER SERVICE ALBANY NY
854 AM EST SAT DEC 02 2023
...................................
...THE ALBANY NY CLIMATE SUMMARY FOR THE SEASON, FROM
9/1/2023 TO 11/30/2023...
CLIMATE NORMAL PERIOD: 1991 TO 2020
CLIMATE RECORD PERIOD: 1874 TO 2023
WEATHER OBSERVED NORMAL DEPART LAST YEAR`S
VALUE DATE(S) VALUE FROM VALUE DATE(S)
NORMAL
................................................................
TEMPERATURE (F)
RECORD
HIGH 100 09/03/1953
09/02/1953
LOW -11 11/26/1938
HIGHEST 93 09/06 87 09/04
09/07
LOWEST 17 11/25 19 11/21
AVG. MAXIMUM 63.7 61.8 1.9 63.5
AVG. MINIMUM 45.0 41.8 3.2 43.5
MEAN 54.3 51.8 2.5 53.5
DAYS MAX >= 90 3 0.6 2.4 0
DAYS MAX <= 32 0 1.1 -1.1 0
DAYS MIN <= 32 21 22.8 -1.8 21
DAYS MIN <= 0 0 0.0 0.0 0
PRECIPITATION (INCHES)
RECORD
MAXIMUM 18.39 1869
MINIMUM 2.39 1964
TOTALS 9.21 10.57 -1.36 11.83
DAILY AVG. 0.10 0.13
DAYS >= .01 35 32.0 3.0 31
DAYS >= .10 19 19.0 0.0 20
DAYS >= .50 7 7.1 -0.1 8
DAYS >= 1.00 3 2.6 0.4 3
GREATEST
24 HR. TOTAL 1.36
DEGREE DAYS
HEATING TOTAL 1099 1280 -181 1099
SINCE 7/1 1101 1292 -191 1099
COOLING TOTAL 153 76 77 76
SINCE 1/1 847 719 128 944
................................................................
WIND (MPH)
AVERAGE WIND SPEED 5.7
HIGHEST WIND SPEED/DIRECTION 31/260 DATE 11/27
HIGHEST GUST SPEED/DIRECTION 43/260 DATE 11/27
WEATHER CONDITIONS. NUMBER OF DAYS WITH
THUNDERSTORM 2 MIXED PRECIP 0
HEAVY RAIN 3 RAIN 8
LIGHT RAIN 42 FREEZING RAIN 0
LT FREEZING RAIN 0 HAIL 0
HEAVY SNOW 0 SNOW 0
LIGHT SNOW 7 SLEET 3
FOG 45 FOG W/VIS <= 1/4 MILE 6
HAZE 4
- INDICATES NEGATIVE NUMBERS.
R INDICATES RECORD WAS SET OR TIED.
MM INDICATES DATA IS MISSING.
T INDICATES TRACE AMOUNT.
$$