000
CXUS55 KPUB 021512
CF6ALS
PRELIMINARY LOCAL CLIMATOLOGICAL DATA (WS FORM: F-6)
STATION: ALAMOSA CO
MONTH: OCTOBER
YEAR: 2021
LATITUDE: 37 27 N
LONGITUDE: 105 52 W
TEMPERATURE IN F: :PCPN: SNOW: WIND :SUNSHINE: SKY :PK WND
================================================================================
1 2 3 4 5 6A 6B 7 8 9 10 11 12 13 14 15 16 17 18
12Z AVG MX 2MIN
DY MAX MIN AVG DEP HDD CDD WTR SNW DPTH SPD SPD DIR MIN PSBL S-S WX SPD DR
================================================================================
1 55 37 46 -4 19 0 0.21 0.0 0 4.5 18 50 M M 7 1 31 30
2 66 32 49 -1 16 0 0.00 0.0 0 3.1 13 220 M M 3 12 16 220
3 68 30 49 0 16 0 0.00 0.0 0 5.2 20 230 M M 1 25 230
4 72 29 51 2 14 0 0.00 0.0 0 3.7 10 140 M M 0 12 14 240
5 73 26 50 2 15 0 0.00 0.0 0 4.4 15 220 M M 1 20 200
6 68 35 52 4 13 0 0.00 0.0 0 8.0 17 260 M M 3 23 220
7 72 27 50 2 15 0 0.00 0.0 0 5.9 22 190 M M 0 29 190
8 74 32 53 6 12 0 0.00 0.0 0 11.5 30 240 M M 0 39 230
9 66 32 49 2 16 0 0.00 0.0 0 13.6 32 240 M M 1 41 240
10 62 26 44 -2 21 0 T T 0 7.9 21 300 M M 3 27 350
11 65 20 43 -3 22 0 0.00 0.0 0 7.5 26 220 M M 0 37 200
12 51 20 36 -9 29 0 0.06 T 0 13.8 47 180 M M 4 128 63 180
13 53 12 33 -12 32 0 0.00 0.0 0 5.0 16 100 M M 1 21 110
14 54 23 39 -6 26 0 0.04 T 0 7.5 25 250 M M 5 1 34 260
15 52 10 31 -13 34 0 0.00 0.0 0 4.9 20 330 M M 1 128 25 330
16 65 13 39 -5 26 0 0.00 0.0 0 3.0 10 90 M M 0 14 90
17 67 14 41 -2 24 0 0.00 0.0 0 3.8 12 140 M M 0 15 160
18 66 22 44 1 21 0 0.00 0.0 0 10.4 26 200 M M 0 42 220
19 55 23 39 -4 26 0 0.00 0.0 0 12.6 33 220 M M 1 49 220
20 60 12 36 -6 29 0 0.00 0.0 0 2.7 9 160 M M 0 12 160
21 62 16 39 -3 26 0 0.00 0.0 0 3.2 7 130 M M 0 10 120
22 67 15 41 0 24 0 0.00 0.0 0 4.4 13 210 M M 0 18 180
23 63 20 42 1 23 0 0.00 0.0 0 9.5 25 200 M M M 34 180
24 64 20 42 2 23 0 0.00 0.0 0 5.3 17 240 M M M 22 240
25 74 27 51 11 14 0 0.00 0.0 0 10.9 29 210 M M 0 38 210
26 56 34 45 5 20 0 0.05 0.0 0 16.8 44 260 M M 3 18 57 250
27 51 25 38 -1 27 0 0.00 0.0 0 16.5 30 320 M M 0 42 310
28 62 15 39 0 26 0 0.00 0.0 0 6.8 17 310 M M 0 24 320
29 64 14 39 1 26 0 0.00 0.0 0 2.7 9 360 M M 0 12 130
30 64 12 38 0 27 0 0.00 0.0 0 3.5 12 130 M M 0 14 80
31 62 21 42 4 23 0 0.00 0.0 0 5.0 20 210 M M 2 29 200
================================================================================
SM 1953 694 685 0 0.36 T 223.6 M 36
================================================================================
AV 63.0 22.4 7.2 FASTST M M 1 MAX(MPH)
MISC ----> 47 180 63 180
================================================================================
NOTES:
# LAST OF SEVERAL OCCURRENCES
10/10; COLUMNS 7 AND 8. LIGHT SNOW OBSERVED BY OFFICIAL SNOW OBS, NOT DETECTED BY
ASOS.
FOR SKY CONDITIONS, 2 DAYS WERE MISSING DUE TO OBSERVATION TRANSMISSION ISSUES.
COLUMN 17 PEAK WIND IN M.P.H.
PRELIMINARY LOCAL CLIMATOLOGICAL DATA (WS FORM: F-6) , PAGE 2
STATION: ALAMOSA CO
MONTH: OCTOBER
YEAR: 2021
LATITUDE: 37 27 N
LONGITUDE: 105 52 W
[TEMPERATURE DATA] [PRECIPITATION DATA] SYMBOLS USED IN COLUMN 16
AVERAGE MONTHLY: 42.7 TOTAL FOR MONTH: 0.36 1 = FOG OR MIST
DPTR FM NORMAL: -1.1 DPTR FM NORMAL: -0.29 2 = FOG REDUCING VISIBILITY
HIGHEST: 74 ON 25, 8 GRTST 24HR 0.21 ON 1 TO 1/4 MILE OR LESS
LOWEST: 10 ON 15 3 = THUNDER
SNOW, ICE PELLETS, HAIL 4 = ICE PELLETS
TOTAL MONTH: T 5 = HAIL
GRTST 24HR T ON 10,12# 6 = FREEZING RAIN OR DRIZZLE
GRTST DEPTH: T ON 10,14 7 = DUSTSTORM OR SANDSTORM:
VSBY 1/2 MILE OR LESS
8 = SMOKE OR HAZE
[NO. OF DAYS WITH] [WEATHER - DAYS WITH] 9 = BLOWING SNOW
X = TORNADO
MAX 32 OR BELOW: 0 0.01 INCH OR MORE: 4
MAX 90 OR ABOVE: 0 0.10 INCH OR MORE: 1
MIN 32 OR BELOW: 28 0.50 INCH OR MORE: 0
MIN 0 OR BELOW: 0 1.00 INCH OR MORE: 0
[HDD (BASE 65) ]
TOTAL THIS MO. 685 CLEAR (SCALE 0-3) 26*
DPTR FM NORMAL 28 PTCLDY (SCALE 4-7) 3
TOTAL FM JUL 1 909 CLOUDY (SCALE 8-10) 0
DPTR FM NORMAL -131
[CDD (BASE 65) ]
TOTAL THIS MO. 0
DPTR FM NORMAL 0 [PRESSURE DATA]
TOTAL FM JAN 1 155 HIGHEST SLP 30.62 ON 16
DPTR FM NORMAL 84 LOWEST SLP 29.47 ON 12
[REMARKS]
#FINAL-10-21#