000
CXUS54 KAMA 011604
CLMAMA
CLIMATE REPORT
NATIONAL WEATHER SERVICE AMARILLO
1104 AM CDT TUE AUG 01 2023
...................................
...THE AMARILLO CLIMATE SUMMARY FOR THE MONTH OF JULY 2023...
CLIMATE NORMAL PERIOD: 1991 TO 2020
CLIMATE RECORD PERIOD: 1892 TO 2023
WEATHER OBSERVED NORMAL DEPART LAST YEAR`S
VALUE DATE(S) VALUE FROM VALUE DATE(S)
NORMAL
................................................................
TEMPERATURE (F)
RECORD
HIGH 110 07/13/2020
LOW 51 07/14/1990
07/09/1905
HIGHEST 105 07/18 108 07/19
LOWEST 59 07/01 63 07/29
AVG. MAXIMUM 95.1 92.9 2.2 98.0
AVG. MINIMUM 67.7 66.4 1.3 69.7
MEAN 81.4 79.6 1.8 83.8
DAYS MAX >= 90 25 22.3 2.7 29
DAYS MAX <= 32 0 0.0 0.0 0
DAYS MIN <= 32 0 0.0 0.0 0
DAYS MIN <= 0 0 0.0 0.0 0
PRECIPITATION (INCHES)
RECORD
MAXIMUM 8.02 2010
MINIMUM 0.04 2001
TOTALS 0.88 2.82 -1.94 4.40
DAILY AVG. 0.03 0.09 -0.06 0.14
DAYS >= .01 7 7.4 -0.4 7
DAYS >= .10 5 4.1 0.9 5
DAYS >= .50 0 1.8 -1.8 3
DAYS >= 1.00 0 0.9 -0.9 2
GREATEST
24 HR. TOTAL 0.83 06/30 TO 07/01
SNOWFALL (INCHES)
RECORDS
TOTAL T 2022
TOTALS 0.0 0.0 0.0 T
SINCE 7/1 0.0 0.0 0.0 MM
DAYS >= TRACE 0 0.0 0.0 2
DAYS >= 1.0 0 0.0 0.0 0
GREATEST
SNOW DEPTH 0
24 HR TOTAL MM
DEGREE DAYS
HEATING TOTAL 0 0 0 0
SINCE 7/1 0 0 0 MM
COOLING TOTAL 517 454 63 590
SINCE 1/1 889 950 -61 MM
................................................................
WIND (MPH)
AVERAGE WIND SPEED 12.5
HIGHEST WIND SPEED/DIRECTION 47/150 DATE 07/06
HIGHEST GUST SPEED/DIRECTION 59/140 DATE 07/06
SKY COVER
POSSIBLE SUNSHINE (PERCENT) MM
NUMBER OF DAYS FAIR 27
NUMBER OF DAYS PC 4
NUMBER OF DAYS CLOUDY 0
AVERAGE RH (PERCENT) 53
WEATHER CONDITIONS. NUMBER OF DAYS WITH
THUNDERSTORM 10 MIXED PRECIP 0
HEAVY RAIN 3 RAIN 2
LIGHT RAIN 9 FREEZING RAIN 0
LT FREEZING RAIN 0 HAIL 0
HEAVY SNOW 0 SNOW 0
LIGHT SNOW 0 SLEET 0
FOG 5 FOG W/VIS <= 1/4 MILE 0
HAZE 0
- INDICATES NEGATIVE NUMBERS.
R INDICATES RECORD WAS SET OR TIED.
MM INDICATES DATA IS MISSING.
T INDICATES TRACE AMOUNT.
$$