000
CXUS54 KBMX 011010
CF6ANB
PRELIMINARY LOCAL CLIMATOLOGICAL DATA (WS FORM: F-6)
STATION: ANNISTON
MONTH: JULY
YEAR: 2021
LATITUDE: 33 35 N
LONGITUDE: 85 51 W
TEMPERATURE IN F: :PCPN: SNOW: WIND :SUNSHINE: SKY :PK WND
================================================================================
1 2 3 4 5 6A 6B 7 8 9 10 11 12 13 14 15 16 17 18
12Z AVG MX 2MIN
DY MAX MIN AVG DEP HDD CDD WTR SNW DPTH SPD SPD DIR MIN PSBL S-S WX SPD DR
================================================================================
1 85 70 78 -2 0 13 T 0.0 0 3.2 10 240 M M 3 16 250
2 82 72 77 -3 0 12 0.20 0.0 M 3.2 8 10 M M 7 1 10 260
3 84 64 74 -6 0 9 0.00 0.0 M 3.4 13 350 M M 1 1 16 340
4 87 59 73 -7 0 8 0.00 0.0 0 2.4 8 90 M M 0 18 11 70
5 89 67 78 -2 0 13 0.00 0.0 0 3.9 12 80 M M 1 1 15 80
6 87 69 78 -2 0 13 0.71 0.0 0 5.1 21 190 M M 6 13 32 180
7 84 70 77 -3 0 12 1.15 0.0 0 3.2 21 170 M M 7 123 27 170
8 88 70 79 -1 0 14 T 0.0 0 4.6 14 230 M M 5 1 18 230
9 90 72 81 1 0 16 0.10 0.0 0 5.7 21 250 M M 4 38 28 230
10 89 70 80 0 0 15 0.00 0.0 0 6.1 23 210 M M 3 3 32 230
11 89 73 81 1 0 16 T 0.0 0 6.9 24 200 M M 6 13 39 190
12 83 71 77 -3 0 12 0.33 0.0 0 2.9 16 210 M M 3 18 22 220
13 87 69 78 -2 0 13 0.18 0.0 0 2.5 21 270 M M 3 38 27 270
14 89 70 80 0 0 15 0.00 0.0 0 2.8 12 250 M M 1 16 250
15 91 72 82 2 0 17 T 0.0 0 1.6 9 220 M M 1 11 240
16 90 72 81 1 0 16 0.04 0.0 0 3.4 23 180 M M 1 3 32 170
17 85 70 78 -3 0 13 0.57 0.0 0 2.1 24 230 M M 5 13 32 230
18 86 71 79 -2 0 14 0.11 0.0 0 3.6 14 210 M M 7 1 18 220
19 82 72 77 -4 0 12 1.12 0.0 M 2.0 13 190 M M 8 13 17 180
20 86 73 80 -1 0 15 0.04 0.0 M 2.6 13 180 M M 6 13 19 180
21 89 73 81 0 0 16 0.09 0.0 0 2.2 13 200 M M 6 1 18 220
22 90 71 81 0 0 16 0.00 0.0 0 2.3 10 250 M M 3 13 12 210
23 92 71 82 1 0 17 0.00 0.0 0 2.2 10 360 M M 2 12 15 330
24 92 70 81 0 0 16 T 0.0 0 2.5 13 240 M M 2 18 15 250
25 94 73 84 3 0 19 T 0.0 0 2.9 15 360 M M 3 13 21 150
26 94 75 85 4 0 20 0.00 0.0 M 3.7 14 260 M M 2 3 18 250
27 94 72 83 2 0 18 0.18 0.0 M 2.4 17 180 M M 3 13 23 180
28 94 72 83 2 0 18 0.00 0.0 0 3.1 10 350 M M 4 12 14 350
29 94 72 83 2 0 18 0.00 0.0 0 1.9 9 220 M M 1 12 12 250
30 93 72 83 2 0 18 0.02 0.0 0 4.4 20 330 M M 2 13 27 330
31 94 72 83 2 0 18 0.29 0.0 0 3.9 24 350 M M 2 13 33 360
================================================================================
SM 2753 2189 0 462 5.13 0.0 102.7 M 108
================================================================================
AV 88.8 70.6 3.3 FASTST M M 3 MAX(MPH)
MISC ----> # 24 200 39 190
================================================================================
NOTES:
# LAST OF SEVERAL OCCURRENCES
COLUMN 17 PEAK WIND IN M.P.H.
PRELIMINARY LOCAL CLIMATOLOGICAL DATA (WS FORM: F-6) , PAGE 2
STATION: ANNISTON
MONTH: JULY
YEAR: 2021
LATITUDE: 33 35 N
LONGITUDE: 85 51 W
[TEMPERATURE DATA] [PRECIPITATION DATA] SYMBOLS USED IN COLUMN 16
AVERAGE MONTHLY: 79.7 TOTAL FOR MONTH: 5.13 1 = FOG OR MIST
DPTR FM NORMAL: -0.7 DPTR FM NORMAL: 0.45 2 = FOG REDUCING VISIBILITY
HIGHEST: 94 ON 31,29 GRTST 24HR 1.86 ON 6- 7 TO 1/4 MILE OR LESS
LOWEST: 59 ON 4 3 = THUNDER
SNOW, ICE PELLETS, HAIL 4 = ICE PELLETS
TOTAL MONTH: 0.0 INCH 5 = HAIL
GRTST 24HR 0.0 6 = FREEZING RAIN OR DRIZZLE
GRTST DEPTH: 0 7 = DUSTSTORM OR SANDSTORM:
VSBY 1/2 MILE OR LESS
8 = SMOKE OR HAZE
[NO. OF DAYS WITH] [WEATHER - DAYS WITH] 9 = BLOWING SNOW
X = TORNADO
MAX 32 OR BELOW: 0 0.01 INCH OR MORE: 15
MAX 90 OR ABOVE: 13 0.10 INCH OR MORE: 11
MIN 32 OR BELOW: 0 0.50 INCH OR MORE: 4
MIN 0 OR BELOW: 0 1.00 INCH OR MORE: 2
[HDD (BASE 65) ]
TOTAL THIS MO. 0 CLEAR (SCALE 0-3) 14
DPTR FM NORMAL 0 PTCLDY (SCALE 4-7) 17
TOTAL FM JUL 1 0 CLOUDY (SCALE 8-10) 0
DPTR FM NORMAL 0
[CDD (BASE 65) ]
TOTAL THIS MO. 462
DPTR FM NORMAL -15 [PRESSURE DATA]
TOTAL FM JAN 1 1061 HIGHEST SLP 30.28 ON 14
DPTR FM NORMAL -57 LOWEST SLP 29.82 ON 2
[REMARKS]
#FINAL-07-21#