000
CXUS52 KGSP 010817
CF6AND
PRELIMINARY LOCAL CLIMATOLOGICAL DATA (WS FORM: F-6)
STATION: ANDERSON SC
MONTH: MAY
YEAR: 2023
LATITUDE: 34 30 N
LONGITUDE: 82 43 W
TEMPERATURE IN F: :PCPN: SNOW: WIND :SUNSHINE: SKY :PK WND
================================================================================
1 2 3 4 5 6A 6B 7 8 9 10 11 12 13 14 15 16 17 18
12Z AVG MX 2MIN
DY MAX MIN AVG DEP HDD CDD WTR SNW DPTH SPD SPD DIR MIN PSBL S-S WX SPD DR
================================================================================
1 67 46 57 -8 8 0 0.00 M M 14.3 28 260 M M 1 37 250
2 71 48 60 -6 5 0 0.00 M M 12.1 26 260 M M 1 36 280
3 74 45 60 -6 5 0 0.00 M M 8.6 22 310 M M 0 28 260
4 73 39 56 -10 9 0 0.00 M M 4.0 13 270 M M 0 17 190
5 70 52 61 -5 4 0 0.00 M M 6.1 13 50 M M 2 20 40
6 73 56 65 -2 0 0 T M M 1.7 8 250 M M 6 10 230
7 80 53 67 0 0 2 0.42 M M 6.0 21 350 M M 5 13 28 340
8 83 63 73 6 0 8 0.56 M M 8.1 18 240 M M 4 13 24 280
9 88 63 76 8 0 11 0.00 M M 6.6 21 230 M M 0 26 230
10 82 63 73 5 0 8 0.00 M M 6.2 15 80 M M 1 20 70
11 79 59 69 1 0 4 0.00 M M 3.2 12 150 M M 3 15 140
12 78 62 70 2 0 5 0.01 M M 2.8 17 280 M M 7 1 22 280
13 84 65 75 6 0 10 0.00 M M 4.4 12 180 M M 4 1 17 180
14 87 64 76 7 0 11 T M M 4.8 14 30 M M 2 13 18 30
15 82 67 75 6 0 10 0.00 M M 5.6 15 60 M M 6 17 50
16 87 67 77 7 0 12 0.54 M M 8.1 24 330 M M 6 13 36 330
17 83 68 76 6 0 11 T M M 6.3 13 110 M M 4 3 17 240
18 72 60 66 -4 0 1 0.38 M M 8.6 16 80 M M 10 1 22 100
19 75 59 67 -3 0 2 0.00 M M 7.7 16 60 M M 9 21 60
20 77 61 69 -1 0 4 0.16 M M 3.0 12 220 M M 8 1 16 300
21 79 65 72 1 0 7 0.12 M M 6.5 20 60 M M 6 1 24 50
22 79 63 71 0 0 6 0.00 M M 7.8 17 60 M M 3 22 60
23 75 64 70 -1 0 5 0.00 M M 10.2 17 60 M M 3 22 60
24 78 60 69 -3 0 4 0.00 M M 6.3 16 40 M M 0 21 40
25 81 54 68 -4 0 3 0.00 M M 8.1 21 90 M M 5 27 80
26 75 60 68 -4 0 3 0.00 M M 11.4 22 70 M M 2 30 40
27 69 54 62 -10 3 0 0.76 M M 12.6 26 60 M M 5 1 33 60
28 69 54 62 -11 3 0 0.12 M M 5.3 12 60 M M 8 1 16 20
29 78 53 66 -7 0 1 0.00 M M 3.1 8 150 M M 7 12 12 160
30 82 60 71 -2 0 6 0.00 M M 8.1 16 40 M M 4 24 50
31 75 62 69 -4 0 4 0.00 M M 7.6 15 60 M M 6 19 50
================================================================================
SM 2405 1809 37 138 3.07 M 215.2 M 128
================================================================================
AV 77.6 58.4 6.9 FASTST M M 4 MAX(MPH)
MISC ----> 28 260 37 250
================================================================================
NOTES:
# LAST OF SEVERAL OCCURRENCES
COLUMN 17 PEAK WIND IN M.P.H.
PRELIMINARY LOCAL CLIMATOLOGICAL DATA (WS FORM: F-6) , PAGE 2
STATION: ANDERSON SC
MONTH: MAY
YEAR: 2023
LATITUDE: 34 30 N
LONGITUDE: 82 43 W
[TEMPERATURE DATA] [PRECIPITATION DATA] SYMBOLS USED IN COLUMN 16
AVERAGE MONTHLY: 68.0 TOTAL FOR MONTH: 3.07 1 = FOG OR MIST
DPTR FM NORMAL: -1.5 DPTR FM NORMAL: -0.67 2 = FOG REDUCING VISIBILITY
HIGHEST: 88 ON 9 GRTST 24HR 0.98 ON 7- 8 TO 1/4 MILE OR LESS
LOWEST: 39 ON 4 3 = THUNDER
SNOW, ICE PELLETS, HAIL 4 = ICE PELLETS
TOTAL MONTH: M 5 = HAIL
GRTST 24HR M ON M 6 = FREEZING RAIN OR DRIZZLE
GRTST DEPTH: M ON M 7 = DUSTSTORM OR SANDSTORM:
VSBY 1/2 MILE OR LESS
8 = SMOKE OR HAZE
[NO. OF DAYS WITH] [WEATHER - DAYS WITH] 9 = BLOWING SNOW
X = TORNADO
MAX 32 OR BELOW: 0 0.01 INCH OR MORE: 9
MAX 90 OR ABOVE: 0 0.10 INCH OR MORE: 8
MIN 32 OR BELOW: 0 0.50 INCH OR MORE: 3
MIN 0 OR BELOW: 0 1.00 INCH OR MORE: 0
[HDD (BASE 65) ]
TOTAL THIS MO. 37 CLEAR (SCALE 0-3) 11
DPTR FM NORMAL 5 PTCLDY (SCALE 4-7) 17
TOTAL FM JUL 1 2374 CLOUDY (SCALE 8-10) 3
DPTR FM NORMAL -534
[CDD (BASE 65) ]
TOTAL THIS MO. 138
DPTR FM NORMAL -32 [PRESSURE DATA]
TOTAL FM JAN 1 206 HIGHEST SLP 30.28 ON 6
DPTR FM NORMAL -14 LOWEST SLP 29.61 ON 1
[REMARKS]
#FINAL-05-23#