561
CXUS52 KMFL 011130
CF6APF
PRELIMINARY LOCAL CLIMATOLOGICAL DATA (WS FORM: F-6)
STATION: NAPLES
MONTH: DECEMBER
YEAR: 2020
LATITUDE: 26 8 N
LONGITUDE: 81 46 W
TEMPERATURE IN F: :PCPN: SNOW: WIND :SUNSHINE: SKY :PK WND
================================================================================
1 2 3 4 5 6A 6B 7 8 9 10 11 12 13 14 15 16 17 18
12Z AVG MX 2MIN
DY MAX MIN AVG DEP HDD CDD WTR SNW DPTH SPD SPD DIR MIN PSBL S-S WX SPD DR
================================================================================
1 69 48 59 -10 6 0 0.00 0.0 0 7.6 17 330 M M 1 25 340
2 70 45 58 -11 7 0 0.00 0.0 0 9.4 16 40 M M 0 35 50
3 77 50 64 -5 1 0 0.00 0.0 0 7.9 16 90 M M 1 24 90
4 78 60 69 1 0 4 T 0.0 0 6.1 20 120 M M 1 30 110
5 80 66 73 5 0 8 T 0.0 0 5.0 12 290 M M 2 1 14 310
6 75 61 68 0 0 3 0.29 0.0 0 4.5 13 100 M M 3 1 15 100
7 71 57 64 -4 1 0 2.45 0.0 0 11.0 28 310 M M 7 1 39 300
8 65 49 57 -11 8 0 0.00 0.0 0 9.0 18 310 M M 1 26 330
9 64 45 55 -13 10 0 0.00 M M 5.4 15 310 M M 0 21 350
10 72 47 60 -8 5 0 0.00 M M 2.6 12 40 M M 0 16 270
11 74 52 63 -4 2 0 T 0.0 M 6.4 14 70 M M 6 1 18 70
12 80 61 71 4 0 6 0.00 0.0 M 4.6 12 250 M M 4 14 220
13 80 62 71 4 0 6 0.00 0.0 M 5.1 14 220 M M 1 1 17 220
14 78 63 71 4 0 6 T M M 6.3 18 210 M M 3 1 22 210
15 79 68 74 7 0 9 0.00 0.0 0 3.5 9 260 M M 7 8 11 250
16 81 67 74 7 0 9 0.00 0.0 0 8.4 20 190 M M 4 1 26 160
17 74 59 67 0 0 2 0.00 0.0 0 8.3 17 310 M M 3 1 24 300
18 65 49 57 -9 8 0 0.00 0.0 0 9.2 16 50 M M 0 20 50
19 76 51 64 -2 1 0 0.00 0.0 M 8.1 14 80 M M 0 19 80
20 80 58 69 3 0 4 0.00 0.0 M 8.8 20 140 M M 1 25 130
21 72 58 65 -1 0 0 0.05 0.0 M 10.3 18 320 M M 3 1 25 330
22 72 53 63 -3 2 0 0.00 0.0 M 7.7 16 30 M M 0 21 50
23 78 54 66 0 0 1 0.00 0.0 M 6.1 13 120 M M 4 19 110
24 81 60 71 5 0 6 T 0.0 M 9.4 24 300 M M 2 31 300
25 66 51 59 -7 6 0 0.04 0.0 0 8.7 24 300 M M 7 1 34 320
26 60 43 52 -13 13 0 0.00 0.0 0 8.0 15 40 M M 0 20 30
27 74 46 60 -5 5 0 0.00 0.0 0 7.0 14 60 M M 3 19 60
28 78 55 67 2 0 2 0.00 0.0 M 8.4 18 50 M M 1 24 60
29 78 60 69 4 0 4 0.00 0.0 M 10.0 22 50 M M 3 28 50
30 79 62 71 6 0 6 T 0.0 0 10.9 23 80 M M 8 28 100
31 83 68 76 11 0 11 0.00 0.0 M 13.3 24 150 M M 2 32 130
================================================================================
SM 2309 1728 75 87 2.83 0.0 237.0 M 78
================================================================================
AV 74.5 55.7 7.6 FASTST M M 3 MAX(MPH)
MISC ----> 28 310 39 300
================================================================================
NOTES:
# LAST OF SEVERAL OCCURRENCES
COLUMN 17 PEAK WIND IN M.P.H.
PRELIMINARY LOCAL CLIMATOLOGICAL DATA (WS FORM: F-6) , PAGE 2
STATION: NAPLES
MONTH: DECEMBER
YEAR: 2020
LATITUDE: 26 8 N
LONGITUDE: 81 46 W
[TEMPERATURE DATA] [PRECIPITATION DATA] SYMBOLS USED IN COLUMN 16
AVERAGE MONTHLY: 65.1 TOTAL FOR MONTH: 2.83 1 = FOG OR MIST
DPTR FM NORMAL: -1.7 DPTR FM NORMAL: 1.38 2 = FOG REDUCING VISIBILITY
HIGHEST: 83 ON 31 GRTST 24HR 2.74 ON 6- 7 TO 1/4 MILE OR LESS
LOWEST: 43 ON 26 3 = THUNDER
SNOW, ICE PELLETS, HAIL 4 = ICE PELLETS
TOTAL MONTH: 0.0 INCH 5 = HAIL
GRTST 24HR 0.0 6 = FREEZING RAIN OR DRIZZLE
GRTST DEPTH: 0 7 = DUSTSTORM OR SANDSTORM:
VSBY 1/2 MILE OR LESS
8 = SMOKE OR HAZE
[NO. OF DAYS WITH] [WEATHER - DAYS WITH] 9 = BLOWING SNOW
X = TORNADO
MAX 32 OR BELOW: 0 0.01 INCH OR MORE: 4
MAX 90 OR ABOVE: 0 0.10 INCH OR MORE: 2
MIN 32 OR BELOW: 0 0.50 INCH OR MORE: 1
MIN 0 OR BELOW: 0 1.00 INCH OR MORE: 1
[HDD (BASE 65) ]
TOTAL THIS MO. 75 CLEAR (SCALE 0-3) 22
DPTR FM NORMAL 11 PTCLDY (SCALE 4-7) 9
TOTAL FM JUL 1 75 CLOUDY (SCALE 8-10) 0
DPTR FM NORMAL 0
[CDD (BASE 65) ]
TOTAL THIS MO. 87
DPTR FM NORMAL -33 [PRESSURE DATA]
TOTAL FM JAN 1 4891 HIGHEST SLP 30.29 ON 18
DPTR FM NORMAL 952 LOWEST SLP 29.79 ON 7
[REMARKS]
#FINAL-12-20#