000
CXUS52 KMFL 011311
CLMAPF
CLIMATE REPORT
NATIONAL WEATHER SERVICE MIAMI, FL
911 AM EDT MON APR 01 2024
...................................
...THE NAPLES CLIMATE SUMMARY FOR THE MONTH OF MARCH 2024...
CLIMATE NORMAL PERIOD: 1991 TO 2020
CLIMATE RECORD PERIOD: 1942 TO 2024
WEATHER OBSERVED NORMAL DEPART LAST YEAR`S
VALUE DATE(S) VALUE FROM VALUE DATE(S)
NORMAL
................................................................
TEMPERATURE (F)
RECORD
HIGH 91 03/28/2020
03/31/2008
03/28/1975
LOW 33 03/04/1980
HIGHEST 86 03/27 90 03/31
LOWEST 58 03/11 52 03/21
03/20
AVG. MAXIMUM 81.9 79.7 2.2 83.7
AVG. MINIMUM 66.0 60.9 5.1 65.3
MEAN 73.9 70.3 3.6 74.5
DAYS MAX >= 90 0 1
DAYS MAX <= 32 0 0
DAYS MIN <= 32 0 0
DAYS MIN <= 0 0 0
PRECIPITATION (INCHES)
RECORD
MAXIMUM 13.56 1970
MINIMUM 0.00 1974
TOTALS 5.34 1.88 3.46 0.30
DAILY AVG. 0.17 0.06 0.11 0.01
DAYS >= .01 7 4
DAYS >= .10 3 1
DAYS >= .50 2 0
DAYS >= 1.00 2 0
GREATEST
24 HR. TOTAL 3.85 03/22 TO 03/22 0.20
DEGREE DAYS
HEATING TOTAL 0 22 -22 1
SINCE 7/1 133 219 -86 MM
COOLING TOTAL 286 186 100 302
SINCE 1/1 462 401 61 MM
................................................................
WIND (MPH)
AVERAGE WIND SPEED 8.1
HIGHEST WIND SPEED/DIRECTION 32/150 DATE 03/28
HIGHEST GUST SPEED/DIRECTION 44/150 DATE 03/28
SKY COVER
POSSIBLE SUNSHINE (PERCENT) MM
AVERAGE SKY COVER 0.25
NUMBER OF DAYS FAIR 24
NUMBER OF DAYS PC 6
NUMBER OF DAYS CLOUDY 1
AVERAGE RH (PERCENT) 77
WEATHER CONDITIONS. NUMBER OF DAYS WITH
THUNDERSTORM 3 MIXED PRECIP 0
HEAVY RAIN 3 RAIN 3
LIGHT RAIN 5 FREEZING RAIN 0
LT FREEZING RAIN 0 HAIL 0
HEAVY SNOW 0 SNOW 0
LIGHT SNOW 0 SLEET 0
FOG 12 FOG W/VIS <= 1/4 MILE 0
HAZE 2
- INDICATES NEGATIVE NUMBERS.
R INDICATES RECORD WAS SET OR TIED.
MM INDICATES DATA IS MISSING.
T INDICATES TRACE AMOUNT.
$$