000
CXUS53 KAPX 011757
CF6APN
PRELIMINARY LOCAL CLIMATOLOGICAL DATA (WS FORM: F-6)
STATION: ALPENA MI
MONTH: NOVEMBER
YEAR: 2022
LATITUDE: 45 4 N
LONGITUDE: 83 34 W
TEMPERATURE IN F: :PCPN: SNOW: WIND :SUNSHINE: SKY :PK WND
================================================================================
1 2 3 4 5 6A 6B 7 8 9 10 11 12 13 14 15 16 17 18
12Z AVG MX 2MIN
DY MAX MIN AVG DEP HDD CDD WTR SNW DPTH SPD SPD DIR MIN PSBL S-S WX SPD DR
================================================================================
1 71 32 52 10 13 0 0.00 0.0 0 2.9 10 320 M M 1 12 17 320
2 71 31 51 10 14 0 0.00 0.0 0 5.1 16 170 M M 0 22 160
3 72 33 53 12 12 0 0.00 0.0 0 8.2 20 180 M M 0 1 26 190
4 68 56 62 21 3 0 0.66 0.0 0 10.5 20 190 M M 4 1 28 180
5 66 52 59 19 6 0 0.13 0.0 0 14.9 32 210 M M 6 12 50 220
6 59 44 52 12 13 0 0.00 0.0 0 13.0 22 190 M M 2 36 240
7 52 37 45 5 20 0 0.00 0.0 0 9.8 21 250 M M 5 35 290
8 44 26 35 -4 30 0 0.00 0.0 0 6.3 17 130 M M 4 22 130
9 61 36 49 10 16 0 0.01 0.0 0 8.6 18 180 M M 5 24 180
10 78 58 68 30 0 3 0.00 0.0 0 10.8 20 210 M M 0 29 230
11 65 39 52 14 13 0 0.01 0.0 0 6.9 15 190 M M 6 1 24 270
12 39 30 35 -3 30 0 0.06 0.4 0 8.4 17 330 M M 9 18 24 260
13 31 27 29 -9 36 0 T T T 7.5 17 330 M M 10 24 330
14 38 24 31 -6 34 0 0.00 0.0 T 3.2 13 30 M M 8 16 30
15 35 25 30 -7 35 0 0.52 6.6 T 9.1 17 100 M M 9 12 27 70
16 33 25 29 -7 36 0 0.18 1.7 5 7.5 15 30 M M 10 18 20 30
17 31 21 26 -10 39 0 0.12 0.9 4 5.5 10 250 M M 8 12 17 260
18 32 18 25 -11 40 0 0.05 0.7 5 5.7 16 230 M M 8 12 25 230
19 27 17 22 -13 43 0 0.06 1.5 5 11.3 22 200 M M 7 128 35 190
20 25 13 19 -16 46 0 0.01 0.7 6 7.9 15 260 M M 7 1 23 260
21 37 22 30 -5 35 0 0.00 0.0 5 10.2 21 230 M M 6 32 220
22 38 29 34 0 31 0 0.00 0.0 3 4.5 14 220 M M 9 20 220
23 42 23 33 -1 32 0 0.00 0.0 2 3.0 9 90 M M 3 1 13 190
24 53 20 37 3 28 0 T 0.0 2 4.7 13 240 M M 3 1 18 230
25 44 26 35 2 30 0 T 0.0 T 7.0 18 320 M M 7 29 300
26 58 25 42 9 23 0 0.00 0.0 T 9.5 20 240 M M 0 33 260
27 44 35 40 7 25 0 0.17 0.0 0 7.7 20 10 M M 5 1 24 10
28 36 32 34 2 31 0 0.00 0.0 0 4.2 12 340 M M 10 15 350
29 47 29 38 6 27 0 T 0.0 0 13.5 29 150 M M 10 39 140
30 49 26 38 6 27 0 0.01 T 0 14.7 25 270 M M 10 1 38 250
================================================================================
SM 1446 911 768 3 1.99 12.5 242.1 M 172
================================================================================
AV 48.2 30.4 8.1 FASTST M M 6 MAX(MPH)
MISC ----> 32 210 50 220
================================================================================
NOTES:
# LAST OF SEVERAL OCCURRENCES
COLUMN 17 PEAK WIND IN M.P.H.
PRELIMINARY LOCAL CLIMATOLOGICAL DATA (WS FORM: F-6) , PAGE 2
STATION: ALPENA MI
MONTH: NOVEMBER
YEAR: 2022
LATITUDE: 45 4 N
LONGITUDE: 83 34 W
[TEMPERATURE DATA] [PRECIPITATION DATA] SYMBOLS USED IN COLUMN 16
AVERAGE MONTHLY: 39.3 TOTAL FOR MONTH: 1.99 1 = FOG OR MIST
DPTR FM NORMAL: 2.7 DPTR FM NORMAL: -0.08 2 = FOG REDUCING VISIBILITY
HIGHEST: 78 ON 10 GRTST 24HR 0.71 ON 4- 5 TO 1/4 MILE OR LESS
LOWEST: 13 ON 20 3 = THUNDER
SNOW, ICE PELLETS, HAIL 4 = ICE PELLETS
TOTAL MONTH: 12.5 INCHES 5 = HAIL
GRTST 24HR 6.6 ON 15-15 6 = FREEZING RAIN OR DRIZZLE
GRTST DEPTH: 6 ON 20 7 = DUSTSTORM OR SANDSTORM:
VSBY 1/2 MILE OR LESS
8 = SMOKE OR HAZE
[NO. OF DAYS WITH] [WEATHER - DAYS WITH] 9 = BLOWING SNOW
X = TORNADO
MAX 32 OR BELOW: 5 0.01 INCH OR MORE: 13
MAX 90 OR ABOVE: 0 0.10 INCH OR MORE: 6
MIN 32 OR BELOW: 21 0.50 INCH OR MORE: 2
MIN 0 OR BELOW: 0 1.00 INCH OR MORE: 0
[HDD (BASE 65) ]
TOTAL THIS MO. 768 CLEAR (SCALE 0-3) 7
DPTR FM NORMAL -84 PTCLDY (SCALE 4-7) 15
TOTAL FM JUL 1 1506 CLOUDY (SCALE 8-10) 8
DPTR FM NORMAL -193
[CDD (BASE 65) ]
TOTAL THIS MO. 3
DPTR FM NORMAL 3 [PRESSURE DATA]
TOTAL FM JAN 1 398 HIGHEST SLP 30.83 ON 8
DPTR FM NORMAL 47 LOWEST SLP 29.31 ON 30
[REMARKS]
#FINAL-11-22#