000
CXUS53 KAPX 011250
CF6APN
PRELIMINARY LOCAL CLIMATOLOGICAL DATA (WS FORM: F-6)
STATION: ALPENA MI
MONTH: NOVEMBER
YEAR: 2020
LATITUDE: 45 4 N
LONGITUDE: 83 34 W
TEMPERATURE IN F: :PCPN: SNOW: WIND :SUNSHINE: SKY :PK WND
================================================================================
1 2 3 4 5 6A 6B 7 8 9 10 11 12 13 14 15 16 17 18
12Z AVG MX 2MIN
DY MAX MIN AVG DEP HDD CDD WTR SNW DPTH SPD SPD DIR MIN PSBL S-S WX SPD DR
================================================================================
1 49 30 40 -1 25 0 0.15 0.9 0 14.1 25 320 M M 10 18 45 340
2 47 25 36 -4 29 0 0.00 0.0 1 10.4 22 270 M M 4 36 250
3 50 34 42 2 23 0 0.00 0.0 0 5.2 16 130 M M 2 22 130
4 77 45 61 21 4 0 0.00 0.0 0 9.0 23 220 M M 0 35 220
5 65 37 51 12 14 0 0.00 0.0 0 5.1 13 250 M M 0 20 250
6 74 35 55 16 10 0 0.00 0.0 0 6.9 17 240 M M 0 1 28 240
7 75 50 63 24 2 0 0.00 0.0 0 8.9 18 230 M M 0 31 250
8 74 39 57 19 8 0 0.00 0.0 0 7.2 16 210 M M 2 23 210
9 77 53 65 27 0 0 0.00 0.0 0 9.1 18 200 M M 2 28 200
10 74 58 66 28 0 1 0.19 0.0 0 12.1 24 230 M M 5 1 37 230
11 61 35 48 11 17 0 0.06 0.0 0 11.7 26 250 M M 8 1 44 240
12 54 26 40 3 25 0 0.00 0.0 0 5.9 14 200 M M 0 19 200
13 42 34 38 1 27 0 0.01 T 0 6.8 15 320 M M 10 1 25 290
14 43 25 34 -2 31 0 T 0.0 0 10.2 22 150 M M 4 31 150
15 53 36 45 9 20 0 0.34 0.0 0 16.5 29 240 M M 10 1 46 240
16 37 31 34 -2 31 0 0.03 T 0 8.7 18 250 M M 10 1 30 260
17 34 27 31 -4 34 0 0.01 0.1 0 11.7 24 320 M M 9 36 310
18 41 27 34 -1 31 0 0.00 0.0 0 8.4 23 190 M M 4 39 170
19 59 40 50 16 15 0 0.00 0.0 0 9.8 20 200 M M 0 29 200
20 58 37 48 14 17 0 T 0.0 0 8.9 21 330 M M 6 34 300
21 37 20 29 -5 36 0 0.00 0.0 0 4.8 13 330 M M 7 23 320
22 39 20 30 -3 35 0 0.00 0.0 0 1.2 10 130 M M 4 14 140
23 37 26 32 -1 33 0 0.02 T T 8.0 18 310 M M 10 1 31 310
24 35 25 30 -3 35 0 0.23 2.8 0 4.8 13 140 M M 10 1 17 130
25 42 33 38 6 27 0 0.30 0.1 2 3.5 9 80 M M 10 1 16 80
26 44 39 42 10 23 0 T 0.0 0 6.1 10 250 M M 10 12 20 250
27 42 33 38 6 27 0 0.00 0.0 0 5.2 12 260 M M 10 17 270
28 50 25 38 7 27 0 0.00 0.0 0 8.1 18 230 M M 1 29 240
29 54 33 44 13 21 0 0.00 0.0 0 6.3 13 200 M M 2 17 220
30 38 27 33 3 32 0 0.01 0.1 0 15.6 22 350 M M 10 1 39 360
================================================================================
SM 1562 1005 659 1 1.35 4.0 250.2 M 160
================================================================================
AV 52.1 33.5 8.3 FASTST M M 5 MAX(MPH)
MISC ----> 29 240 46 240
================================================================================
NOTES:
# LAST OF SEVERAL OCCURRENCES
COLUMN 17 PEAK WIND IN M.P.H.
PRELIMINARY LOCAL CLIMATOLOGICAL DATA (WS FORM: F-6) , PAGE 2
STATION: ALPENA MI
MONTH: NOVEMBER
YEAR: 2020
LATITUDE: 45 4 N
LONGITUDE: 83 34 W
[TEMPERATURE DATA] [PRECIPITATION DATA] SYMBOLS USED IN COLUMN 16
AVERAGE MONTHLY: 42.8 TOTAL FOR MONTH: 1.35 1 = FOG OR MIST
DPTR FM NORMAL: 7.1 DPTR FM NORMAL: -0.75 2 = FOG REDUCING VISIBILITY
HIGHEST: 77 ON 9, 4 GRTST 24HR 0.35 ON 24-25 TO 1/4 MILE OR LESS
LOWEST: 20 ON 21,22 3 = THUNDER
SNOW, ICE PELLETS, HAIL 4 = ICE PELLETS
TOTAL MONTH: 4.0 INCHES 5 = HAIL
GRTST 24HR 2.8 ON 24-24 6 = FREEZING RAIN OR DRIZZLE
GRTST DEPTH: 2 ON 25 7 = DUSTSTORM OR SANDSTORM:
VSBY 1/2 MILE OR LESS
8 = SMOKE OR HAZE
[NO. OF DAYS WITH] [WEATHER - DAYS WITH] 9 = BLOWING SNOW
X = TORNADO
MAX 32 OR BELOW: 0 0.01 INCH OR MORE: 11
MAX 90 OR ABOVE: 0 0.10 INCH OR MORE: 5
MIN 32 OR BELOW: 13 0.50 INCH OR MORE: 0
MIN 0 OR BELOW: 0 1.00 INCH OR MORE: 0
[HDD (BASE 65) ]
TOTAL THIS MO. 659 CLEAR (SCALE 0-3) 11
DPTR FM NORMAL -220 PTCLDY (SCALE 4-7) 8
TOTAL FM JUL 1 1585 CLOUDY (SCALE 8-10) 11
DPTR FM NORMAL -238
[CDD (BASE 65) ]
TOTAL THIS MO. 1
DPTR FM NORMAL 1 [PRESSURE DATA]
TOTAL FM JAN 1 470 HIGHEST SLP 30.57 ON 21
DPTR FM NORMAL 179 LOWEST SLP 29.00 ON 15
[REMARKS]
#FINAL-11-20#