000
CXUS53 KAPX 010730
CF6APX
PRELIMINARY LOCAL CLIMATOLOGICAL DATA (WS FORM: F-6)
STATION: GAYLORD WFO
MONTH: MAY
YEAR: 2023
LATITUDE: 45 4 N
LONGITUDE: 84 43 W
TEMPERATURE IN F: :PCPN: SNOW: WIND :SUNSHINE: SKY :PK WND
================================================================================
1 2 3 4 5 6A 6B 7 8 9 10 11 12 13 14 15 16 17 18
12Z AVG MX 2MIN
DY MAX MIN AVG DEP HDD CDD WTR SNW DPTH SPD SPD DIR MIN PSBL S-S WX SPD DR
================================================================================
1 39 31 35 -13 30 0 0.58 4.0 0 M M M M M M M M
2 38 31 35 -13 30 0 0.25 1.2 4 M M M M M M M M
3 52 37 45 -4 20 0 0.00 0.0 0 M M M M M M M M
4 61 32 47 -2 18 0 0.00 0.0 0 M M M M M M M M
5 51 42 47 -3 18 0 0.30 0.0 0 M M M M M M M M
6 67 46 57 7 8 0 0.12 0.0 0 M M M M M M M M
7 52 45 49 -1 16 0 0.70 0.0 0 M M M M M M M M
8 66 40 53 2 12 0 0.00 0.0 0 M M M M M M M M
9 69 41 55 4 10 0 0.00 0.0 0 M M M M M M M M
10 75 45 60 8 5 0 0.00 0.0 0 M M M M M M M M
11 78 45 62 10 3 0 0.00 0.0 0 M M M M M M M M
12 80 53 67 15 0 2 0.00 0.0 0 M M M M M M M M
13 72 52 62 9 3 0 0.00 0.0 0 M M M M M M M M
14 61 44 53 0 12 0 0.00 0.0 0 M M M M M M M M
15 69 37 53 -1 12 0 0.00 0.0 0 M M M M M M M M
16 68 41 55 1 10 0 0.00 0.0 0 M M M M M M M M
17 57 32 45 -9 20 0 0.00 0.0 0 M M M M M M M M
18 64 37 51 -4 14 0 0.00 0.0 0 M M M M M M M M
19 65 44 55 0 10 0 0.05 0.0 0 M M M M M M M M
20 62 41 52 -4 13 0 0.05 0.0 0 M M M M M M 1 M M
21 71 47 59 3 6 0 0.00 0.0 0 M M M M M M M M
22 76 45 61 5 4 0 0.00 0.0 0 M M M M M M M M
23 77 52 65 8 0 0 0.00 0.0 0 M M M M M M M M
24 60 40 50 -7 15 0 0.00 0.0 0 M M M M M M M M
25 64 36 50 -7 15 0 0.00 0.0 0 M M M M M M M M
26 74 38 56 -2 9 0 0.00 0.0 0 M M M M M M M M
27 80 38 59 1 6 0 0.00 0.0 0 M M M M M M M M
28 81 50 66 8 0 1 0.00 0.0 0 M M M M M M M M
29 86 49 68 9 0 3 0.00 0.0 0 M M M M M M M M
30 88 56 72 13 0 7 0.00 0.0 0 M M M M M M M M
31 90 62 76 17 0 11 0.00 0.0 0 M M M M M M M M
================================================================================
SM 2093 1329 319 24 2.05 5.2 M M M
================================================================================
AV 67.5 42.9 M FASTST M M M MAX(MPH)
MISC ----> M M M M
================================================================================
NOTES:
# LAST OF SEVERAL OCCURRENCES
COLUMN 17 PEAK WIND IN M.P.H.
PRELIMINARY LOCAL CLIMATOLOGICAL DATA (WS FORM: F-6) , PAGE 2
STATION: GAYLORD WFO
MONTH: MAY
YEAR: 2023
LATITUDE: 45 4 N
LONGITUDE: 84 43 W
[TEMPERATURE DATA] [PRECIPITATION DATA] SYMBOLS USED IN COLUMN 16
AVERAGE MONTHLY: 55.2 TOTAL FOR MONTH: 2.05 1 = FOG OR MIST
DPTR FM NORMAL: 1.3 DPTR FM NORMAL: -1.24 2 = FOG REDUCING VISIBILITY
HIGHEST: 90 ON 31 GRTST 24HR 0.70 ON 7- 7 TO 1/4 MILE OR LESS
LOWEST: 31 ON 2, 1 3 = THUNDER
SNOW, ICE PELLETS, HAIL 4 = ICE PELLETS
TOTAL MONTH: 5.2 INCHES 5 = HAIL
GRTST 24HR 4.0 ON 1- 1 6 = FREEZING RAIN OR DRIZZLE
GRTST DEPTH: 4 ON 2 7 = DUSTSTORM OR SANDSTORM:
VSBY 1/2 MILE OR LESS
8 = SMOKE OR HAZE
[NO. OF DAYS WITH] [WEATHER - DAYS WITH] 9 = BLOWING SNOW
X = TORNADO
MAX 32 OR BELOW: 0 0.01 INCH OR MORE: 7
MAX 90 OR ABOVE: 1 0.10 INCH OR MORE: 5
MIN 32 OR BELOW: 4 0.50 INCH OR MORE: 2
MIN 0 OR BELOW: 0 1.00 INCH OR MORE: 0
[HDD (BASE 65) ]
TOTAL THIS MO. 319 CLEAR (SCALE 0-3) 0
DPTR FM NORMAL -45 PTCLDY (SCALE 4-7) 0
TOTAL FM JUL 1 7152 CLOUDY (SCALE 8-10) 31
DPTR FM NORMAL -885
[CDD (BASE 65) ]
TOTAL THIS MO. 24
DPTR FM NORMAL 6 [PRESSURE DATA]
TOTAL FM JAN 1 44 HIGHEST SLP M ON M
DPTR FM NORMAL 24 LOWEST SLP M ON M
[REMARKS]
#FINAL-05-23#