000
CXUS53 KAPX 010730
CF6APX
PRELIMINARY LOCAL CLIMATOLOGICAL DATA (WS FORM: F-6)
STATION: GAYLORD WFO
MONTH: APRIL
YEAR: 2022
LATITUDE: 45 4 N
LONGITUDE: 84 43 W
TEMPERATURE IN F: :PCPN: SNOW: WIND :SUNSHINE: SKY :PK WND
================================================================================
1 2 3 4 5 6A 6B 7 8 9 10 11 12 13 14 15 16 17 18
12Z AVG MX 2MIN
DY MAX MIN AVG DEP HDD CDD WTR SNW DPTH SPD SPD DIR MIN PSBL S-S WX SPD DR
================================================================================
1 31 23 27 -7 38 0 0.03 0.6 1 M M M M M M M M
2 41 22 32 -3 33 0 0.08 1.0 T M M M M M M M M
3 38 30 34 -1 31 0 0.03 0.4 1 M M M M M M M M
4 35 31 33 -3 32 0 0.12 0.2 T M M M M M M 1 M M
5 43 31 37 1 28 0 T 0.0 T M M M M M M M M
6 45 34 40 3 25 0 0.77 0.0 T M M M M M M M M
7 42 33 38 1 27 0 0.01 T T M M M M M M M M
8 37 26 32 -5 33 0 0.03 0.1 T M M M M M M M M
9 32 25 29 -9 36 0 0.01 0.1 T M M M M M M M M
10 54 27 41 3 24 0 0.00 0.0 T M M M M M M M M
11 60 37 49 10 16 0 0.08 0.0 0 M M M M M M 3 M M
12 61 37 49 10 16 0 0.01 0.0 0 M M M M M M 3 M M
13 69 40 55 15 10 0 0.14 0.0 0 M M M M M M 3 M M
14 54 30 42 2 23 0 0.29 T 0 M M M M M M M M
15 35 25 30 -10 35 0 0.04 0.4 0 M M M M M M M M
16 29 24 27 -14 38 0 0.02 0.2 0 M M M M M M M M
17 45 22 34 -7 31 0 T T T M M M M M M M M
18 34 26 30 -12 35 0 0.18 1.9 0 M M M M M M M M
19 34 26 30 -12 35 0 0.03 0.4 1 M M M M M M M M
20 50 23 37 -6 28 0 0.07 T T M M M M M M 4 M M
21 54 36 45 2 20 0 0.33 T 0 M M M M M M 4 M M
22 56 29 43 -1 22 0 0.00 0.0 0 M M M M M M M M
23 70 37 54 10 11 0 0.38 0.0 0 M M M M M M 3 M M
24 70 50 60 15 5 0 0.11 0.0 0 M M M M M M M M
25 52 36 44 -1 21 0 T 0.0 0 M M M M M M M M
26 37 23 30 -16 35 0 0.03 0.3 0 M M M M M M M M
27 39 21 30 -16 35 0 T T T M M M M M M M M
28 55 25 40 -6 25 0 0.00 0.0 0 M M M M M M M M
29 59 32 46 -1 19 0 0.00 0.0 0 M M M M M M M M
30 61 37 49 2 16 0 0.02 0.0 0 M M M M M M M M
================================================================================
SM 1422 898 783 0 2.81 5.6 M M M
================================================================================
AV 47.4 29.9 M FASTST M M M MAX(MPH)
MISC ----> M M M M
================================================================================
NOTES:
# LAST OF SEVERAL OCCURRENCES
COLUMN 17 PEAK WIND IN M.P.H.
PRELIMINARY LOCAL CLIMATOLOGICAL DATA (WS FORM: F-6) , PAGE 2
STATION: GAYLORD WFO
MONTH: APRIL
YEAR: 2022
LATITUDE: 45 4 N
LONGITUDE: 84 43 W
[TEMPERATURE DATA] [PRECIPITATION DATA] SYMBOLS USED IN COLUMN 16
AVERAGE MONTHLY: 38.7 TOTAL FOR MONTH: 2.81 1 = FOG OR MIST
DPTR FM NORMAL: -2.1 DPTR FM NORMAL: -0.44 2 = FOG REDUCING VISIBILITY
HIGHEST: 70 ON 24,23 GRTST 24HR 0.77 ON 6- 6 TO 1/4 MILE OR LESS
LOWEST: 21 ON 27 3 = THUNDER
SNOW, ICE PELLETS, HAIL 4 = ICE PELLETS
TOTAL MONTH: 6.1 INCHES 5 = HAIL
GRTST 24HR 1.9 ON 18-18 6 = FREEZING RAIN OR DRIZZLE
GRTST DEPTH: 1 ON 19, 3 7 = DUSTSTORM OR SANDSTORM:
VSBY 1/2 MILE OR LESS
8 = SMOKE OR HAZE
[NO. OF DAYS WITH] [WEATHER - DAYS WITH] 9 = BLOWING SNOW
X = TORNADO
MAX 32 OR BELOW: 3 0.01 INCH OR MORE: 22
MAX 90 OR ABOVE: 0 0.10 INCH OR MORE: 8
MIN 32 OR BELOW: 20 0.50 INCH OR MORE: 1
MIN 0 OR BELOW: 0 1.00 INCH OR MORE: 0
[HDD (BASE 65) ]
TOTAL THIS MO. 783 CLEAR (SCALE 0-3) 0
DPTR FM NORMAL 56 PTCLDY (SCALE 4-7) 0
TOTAL FM JUL 1 7402 CLOUDY (SCALE 8-10) 30
DPTR FM NORMAL -272
[CDD (BASE 65) ]
TOTAL THIS MO. 0
DPTR FM NORMAL -1 [PRESSURE DATA]
TOTAL FM JAN 1 0 HIGHEST SLP M ON M
DPTR FM NORMAL -2 LOWEST SLP M ON M
[REMARKS]
#FINAL-04-22#