000
CXUS53 KAPX 010830
CF6APX
PRELIMINARY LOCAL CLIMATOLOGICAL DATA (WS FORM: F-6)
STATION: GAYLORD WFO
MONTH: JANUARY
YEAR: 2024
LATITUDE: 45 4 N
LONGITUDE: 84 43 W
TEMPERATURE IN F: :PCPN: SNOW: WIND :SUNSHINE: SKY :PK WND
================================================================================
1 2 3 4 5 6A 6B 7 8 9 10 11 12 13 14 15 16 17 18
12Z AVG MX 2MIN
DY MAX MIN AVG DEP HDD CDD WTR SNW DPTH SPD SPD DIR MIN PSBL S-S WX SPD DR
================================================================================
1 26 20 23 3 42 0 T T T M M M M M M M M
2 33 24 29 9 36 0 T T T M M M M M M M M
3 30 20 25 5 40 0 0.08 0.8 T M M M M M M M M
4 23 18 21 1 44 0 T 0.1 T M M M M M M M M
5 27 22 25 5 40 0 0.00 0.0 T M M M M M M M M
6 29 25 27 8 38 0 0.08 1.5 T M M M M M M M M
7 31 25 28 9 37 0 0.03 0.4 2 M M M M M M M M
8 29 26 28 9 37 0 T T 2 M M M M M M M M
9 31 26 29 10 36 0 0.49 4.8 7 M M M M M M M M
10 26 22 24 5 41 0 0.18 2.0 7 M M M M M M M M
11 29 24 27 9 38 0 0.13 1.9 8 M M M M M M M M
12 29 21 25 7 40 0 0.38 5.1 9 M M M M M M M M
13 21 14 18 0 47 0 0.41 7.0 13 M M M M M M M M
14 18 9 14 -4 51 0 0.27 4.9 16 M M M M M M M M
15 13 9 11 -7 54 0 T T 16 M M M M M M M M
16 10 5 8 -10 57 0 T 0.1 15 M M M M M M M M
17 13 4 9 -9 56 0 0.02 0.4 15 M M M M M M M M
18 17 12 15 -3 50 0 0.04 0.9 15 M M M M M M M M
19 17 2 10 -8 55 0 T 0.5 16 M M M M M M M M
20 18 5 12 -5 53 0 0.03 0.5 13 M M M M M M M M
21 24 13 19 2 46 0 T 0.1 13 M M M M M M M M
22 28 17 23 6 42 0 T T 13 M M M M M M M M
23 30 26 28 11 37 0 0.17 1.5 13 M M M M M M M M
24 33 30 32 15 33 0 T 0.0 11 M M M M M M M M
25 35 29 32 15 33 0 T 0.0 9 M M M M M M M M
26 38 32 35 18 30 0 0.08 0.0 9 M M M M M M M M
27 36 33 35 18 30 0 T 0.0 7 M M M M M M M M
28 34 29 32 15 33 0 0.01 0.2 6 M M M M M M M M
29 36 28 32 15 33 0 0.01 0.1 6 M M M M M M M M
30 34 31 33 16 32 0 0.02 T 6 M M M M M M M M
31 39 32 36 19 29 0 T T 6 M M M M M M M M
================================================================================
SM 837 633 1270 0 2.43 32.8 M M M
================================================================================
AV 27.0 20.4 M FASTST M M M MAX(MPH)
MISC ----> M M M M
================================================================================
NOTES:
# LAST OF SEVERAL OCCURRENCES
COLUMN 17 PEAK WIND IN M.P.H.
PRELIMINARY LOCAL CLIMATOLOGICAL DATA (WS FORM: F-6) , PAGE 2
STATION: GAYLORD WFO
MONTH: JANUARY
YEAR: 2024
LATITUDE: 45 4 N
LONGITUDE: 84 43 W
[TEMPERATURE DATA] [PRECIPITATION DATA] SYMBOLS USED IN COLUMN 16
AVERAGE MONTHLY: 23.7 TOTAL FOR MONTH: 2.43 1 = FOG OR MIST
DPTR FM NORMAL: 5.5 DPTR FM NORMAL: -0.67 2 = FOG REDUCING VISIBILITY
HIGHEST: 39 ON 31 GRTST 24HR 0.49 ON 9- 9 TO 1/4 MILE OR LESS
LOWEST: 2 ON 19 3 = THUNDER
SNOW, ICE PELLETS, HAIL 4 = ICE PELLETS
TOTAL MONTH: 33.0 INCHES 5 = HAIL
GRTST 24HR 7.0 ON 13-13 6 = FREEZING RAIN OR DRIZZLE
GRTST DEPTH: 16 ON 19,15 7 = DUSTSTORM OR SANDSTORM:
VSBY 1/2 MILE OR LESS
8 = SMOKE OR HAZE
[NO. OF DAYS WITH] [WEATHER - DAYS WITH] 9 = BLOWING SNOW
X = TORNADO
MAX 32 OR BELOW: 22 0.01 INCH OR MORE: 17
MAX 90 OR ABOVE: 0 0.10 INCH OR MORE: 7
MIN 32 OR BELOW: 30 0.50 INCH OR MORE: 0
MIN 0 OR BELOW: 0 1.00 INCH OR MORE: 0
[HDD (BASE 65) ]
TOTAL THIS MO. 1270 CLEAR (SCALE 0-3) 0
DPTR FM NORMAL -182 PTCLDY (SCALE 4-7) 0
TOTAL FM JUL 1 3968 CLOUDY (SCALE 8-10) 31
DPTR FM NORMAL -581
[CDD (BASE 65) ]
TOTAL THIS MO. 0
DPTR FM NORMAL 0 [PRESSURE DATA]
TOTAL FM JAN 1 0 HIGHEST SLP M ON M
DPTR FM NORMAL 0 LOWEST SLP M ON M
[REMARKS]
#FINAL-01-24#