000
CXUS51 KBUF 010905
CF6ART
PRELIMINARY LOCAL CLIMATOLOGICAL DATA (WS FORM: F-6)
STATION: WATERTOWN NY
MONTH: FEBRUARY
YEAR: 2024
LATITUDE: 43 59 N
LONGITUDE: 76 2 W
TEMPERATURE IN F: :PCPN: SNOW: WIND :SUNSHINE: SKY :PK WND
================================================================================
1 2 3 4 5 6A 6B 7 8 9 10 11 12 13 14 15 16 17 18
12Z AVG MX 2MIN
DY MAX MIN AVG DEP HDD CDD WTR SNW DPTH SPD SPD DIR MIN PSBL S-S WX SPD DR
================================================================================
1 38 36 37 18 28 0 0.20 M M 9.1 20 230 M M 10 1 32 250
2 36 29 33 14 32 0 0.01 M M 9.2 17 10 M M 10 1 23 360
3 35 26 31 12 34 0 0.00 M M 4.0 12 10 M M 8 15 360
4 37 20 29 10 36 0 0.00 M M 2.7 10 280 M M 6 14 280
5 37 17 27 8 38 0 0.00 M M 8.2 17 10 M M 3 24 40
6 37 16 27 8 38 0 0.00 M M 6.8 17 70 M M 0 22 350
7 38 16 27 8 38 0 0.00 M M 0.8 6 330 M M 5 11 310
8 54 25 40 20 25 0 0.00 M M 4.2 13 160 M M 0 19 160
9 57 45 51 31 14 0 0.04 M M 9.2 17 200 M M 6 30 190
10 56 38 47 27 18 0 0.03 M M 11.3 18 190 M M 8 1 31 200
11 38 34 36 16 29 0 0.00 M M 9.6 18 270 M M 10 25 260
12 36 22 29 9 36 0 0.00 M M 4.3 13 250 M M 10 18 250
13 41 21 31 11 34 0 T M M 7.4 26 340 M M 5 1 36 340
14 28 11 20 -1 45 0 T M M 10.4 20 320 M M 2 8 26 270
15 35 8 22 1 43 0 0.01 M M 6.0 24 250 M M 5 12 42 260
16 32 20 26 5 39 0 T M M 9.9 22 280 M M 9 18 31 270
17 27 10 19 -2 46 0 T M M 9.0 24 270 M M 8 18 33 270
18 32 15 24 2 41 0 0.36 M M 17.5 32 230 M M 10 128 47 220
19 28 -7 11 -11 54 0 T M M 6.6 26 300 M M 0 8 35 270
20 35 10 23 1 42 0 0.00 M M 5.9 13 220 M M 3 19 190
21 46 10 28 6 37 0 0.00 M M 8.1 17 170 M M 1 27 160
22 46 38 42 19 23 0 0.01 M M 9.0 17 170 M M 9 1 29 170
23 45 19 32 9 33 0 T M M 8.9 20 360 M M 10 18 28 360
24 21 8 15 -8 50 0 0.00 M M 8.7 20 10 M M 2 31 20
25 43 16 30 6 35 0 0.00 M M 9.5 18 200 M M 3 34 210
26 45 25 35 11 30 0 0.00 M M 7.6 13 190 M M 5 31 210
27 69 24 47 23 18 0 0.00 M M 10.5 16 170 M M 1 37 180
28 62 18 40 16 25 0 0.52 M M 18.4 39 270 M M 7 13 58 250
29 26 16 21 -4 44 0 0.00 M M 15.1 31 280 M M 7 47 280
================================================================================
SM 1160 586 1005 0 1.18 M 247.9 M 163
================================================================================
AV 40.0 20.2 8.5 FASTST M M 6 MAX(MPH)
MISC ----> 39 270 58 250
================================================================================
NOTES:
# LAST OF SEVERAL OCCURRENCES
COLUMN 17 PEAK WIND IN M.P.H.
PRELIMINARY LOCAL CLIMATOLOGICAL DATA (WS FORM: F-6) , PAGE 2
STATION: WATERTOWN NY
MONTH: FEBRUARY
YEAR: 2024
LATITUDE: 43 59 N
LONGITUDE: 76 2 W
[TEMPERATURE DATA] [PRECIPITATION DATA] SYMBOLS USED IN COLUMN 16
AVERAGE MONTHLY: 30.1 TOTAL FOR MONTH: 1.18 1 = FOG OR MIST
DPTR FM NORMAL: 9.0 DPTR FM NORMAL: -1.00 2 = FOG REDUCING VISIBILITY
HIGHEST: 69 ON 27 GRTST 24HR 0.52 ON 28-28 TO 1/4 MILE OR LESS
LOWEST: -7 ON 19 3 = THUNDER
SNOW, ICE PELLETS, HAIL 4 = ICE PELLETS
TOTAL MONTH: M 5 = HAIL
GRTST 24HR M ON M 6 = FREEZING RAIN OR DRIZZLE
GRTST DEPTH: M ON M 7 = DUSTSTORM OR SANDSTORM:
VSBY 1/2 MILE OR LESS
8 = SMOKE OR HAZE
[NO. OF DAYS WITH] [WEATHER - DAYS WITH] 9 = BLOWING SNOW
X = TORNADO
MAX 32 OR BELOW: 7 0.01 INCH OR MORE: 8
MAX 90 OR ABOVE: 0 0.10 INCH OR MORE: 3
MIN 32 OR BELOW: 24 0.50 INCH OR MORE: 1
MIN 0 OR BELOW: 1 1.00 INCH OR MORE: 0
[HDD (BASE 65) ]
TOTAL THIS MO. 1005 CLEAR (SCALE 0-3) 9
DPTR FM NORMAL -225 PTCLDY (SCALE 4-7) 10
TOTAL FM JUL 1 4463 CLOUDY (SCALE 8-10) 10
DPTR FM NORMAL -982
[CDD (BASE 65) ]
TOTAL THIS MO. 0
DPTR FM NORMAL 0 [PRESSURE DATA]
TOTAL FM JAN 1 0 HIGHEST SLP 30.48 ON 20
DPTR FM NORMAL 0 LOWEST SLP 29.18 ON 28
[REMARKS]
#FINAL-02-24#