000
CXUS55 KGJT 022049
CF6ASE
PRELIMINARY LOCAL CLIMATOLOGICAL DATA (WS FORM: F-6)
STATION: ASPEN CO
MONTH: JULY
YEAR: 2022
LATITUDE: 39 13 N
LONGITUDE: 106 52 W
TEMPERATURE IN F: :PCPN: SNOW: WIND :SUNSHINE: SKY :PK WND
================================================================================
1 2 3 4 5 6A 6B 7 8 9 10 11 12 13 14 15 16 17 18
12Z AVG MX 2MIN
DY MAX MIN AVG DEP HDD CDD WTR SNW DPTH SPD SPD DIR MIN PSBL S-S WX SPD DR
================================================================================
1 76 45 61 -3 4 0 T M M 5.3 22 320 M M 4 31 330
2 79 45 62 -2 3 0 T M M 6.4 21 180 M M 2 3 28 240
3 77 54 66 2 0 1 T M M 6.5 14 120 M M 2 3 21 110
4 82 51 67 3 0 2 0.00 M M 7.2 18 360 M M 3 25 360
5 73 53 63 -1 2 0 0.16 M M 6.3 23 160 M M 5 3 32 150
6 74 46 60 -5 5 0 0.02 M M 7.7 25 130 M M 4 3 36 120
7 79 45 62 -3 3 0 T M M 6.8 24 210 M M 1 3 42 210
8 85 48 67 2 0 2 0.00 M M 7.5 15 360 M M 0 29 310
9 88 49 69 4 0 4 0.00 M M 7.0 16 330 M M 0 22 310
10 86 51 69 4 0 4 0.09 M M 4.8 20 170 M M 2 3 25 170
11 85 48 67 2 0 2 0.00 M M 6.6 15 130 M M 1 24 320
12 85 49 67 2 0 2 0.10 M M 7.0 21 280 M M 1 3 32 280
13 83 49 66 0 0 1 0.01 M M 6.9 24 170 M M 3 3 35 170
14 86 50 68 2 0 3 T M M 9.1 32 170 M M 1 3 44 150
15 81 50 66 0 0 1 0.52 M M 5.4 25 170 M M 6 13 37 130
16 81 50 66 0 0 1 0.00 M M 5.4 16 330 M M 2 26 330
17 89 49 69 3 0 4 0.00 M M 5.5 24 120 M M 1 3 39 120
18 84 58 71 5 0 6 0.01 M M 6.5 22 160 M M 2 3 37 340
19 85 52 69 3 0 4 0.00 M M 6.2 17 350 M M 2 3 24 340
20 84 54 69 3 0 4 0.02 M M 6.8 18 320 M M 2 3 30 330
21 86 48 67 1 0 2 0.00 M M 6.1 16 340 M M 1 24 340
22 87 50 69 3 0 4 T M M 5.8 16 190 M M 1 24 330
23 85 57 71 5 0 6 T M M 6.7 21 320 M M 3 3 33 320
24 75 51 63 -3 2 0 0.13 M M 4.9 20 320 M M 6 13 27 320
25 78 50 64 -2 1 0 0.00 M M 4.2 13 340 M M 5 19 260
26 83 50 67 1 0 2 0.00 M M 6.8 17 330 M M 1 28 340
27 85 48 67 1 0 2 0.00 M M 6.4 20 130 M M 2 31 130
28 69 55 62 -4 3 0 0.33 M M 5.5 22 280 M M 7 3 37 280
29 77 49 63 -3 2 0 T M M 5.5 25 170 M M 6 3 36 170
30 80 47 64 -1 1 0 0.14 M M 5.2 22 120 M M 3 3 31 120
31 81 48 65 0 0 0 0.18 M M 4.9 18 180 M M 3 3 28 110
================================================================================
SM 2528 1549 26 57 1.71 M 192.9 M 82
================================================================================
AV 81.5 50.0 6.2 FASTST M M 3 MAX(MPH)
MISC ----> 32 170 44 150
================================================================================
NOTES:
# LAST OF SEVERAL OCCURRENCES
COLUMN 17 PEAK WIND IN M.P.H.
PRELIMINARY LOCAL CLIMATOLOGICAL DATA (WS FORM: F-6) , PAGE 2
STATION: ASPEN CO
MONTH: JULY
YEAR: 2022
LATITUDE: 39 13 N
LONGITUDE: 106 52 W
[TEMPERATURE DATA] [PRECIPITATION DATA] SYMBOLS USED IN COLUMN 16
AVERAGE MONTHLY: 65.8 TOTAL FOR MONTH: 1.71 1 = FOG OR MIST
DPTR FM NORMAL: 0.6 DPTR FM NORMAL: 0.07 2 = FOG REDUCING VISIBILITY
HIGHEST: 89 ON 17 GRTST 24HR 0.52 ON 15-15 TO 1/4 MILE OR LESS
LOWEST: 45 ON 7, 2 3 = THUNDER
SNOW, ICE PELLETS, HAIL 4 = ICE PELLETS
TOTAL MONTH: M 5 = HAIL
GRTST 24HR M ON M 6 = FREEZING RAIN OR DRIZZLE
GRTST DEPTH: M ON M 7 = DUSTSTORM OR SANDSTORM:
VSBY 1/2 MILE OR LESS
8 = SMOKE OR HAZE
[NO. OF DAYS WITH] [WEATHER - DAYS WITH] 9 = BLOWING SNOW
X = TORNADO
MAX 32 OR BELOW: 0 0.01 INCH OR MORE: 12
MAX 90 OR ABOVE: 0 0.10 INCH OR MORE: 7
MIN 32 OR BELOW: 0 0.50 INCH OR MORE: 1
MIN 0 OR BELOW: 0 1.00 INCH OR MORE: 0
[HDD (BASE 65) ]
TOTAL THIS MO. 26 CLEAR (SCALE 0-3) 21
DPTR FM NORMAL -14 PTCLDY (SCALE 4-7) 10
TOTAL FM JUL 1 26 CLOUDY (SCALE 8-10) 0
DPTR FM NORMAL -13
[CDD (BASE 65) ]
TOTAL THIS MO. 57
DPTR FM NORMAL 10 [PRESSURE DATA]
TOTAL FM JAN 1 68 HIGHEST SLP M ON M
DPTR FM NORMAL 8 LOWEST SLP 29.77 ON 3
[REMARKS]
#FINAL-07-22#