000
CXUS51 KGYX 021504
CF6AUG
PRELIMINARY LOCAL CLIMATOLOGICAL DATA (WS FORM: F-6)
STATION: AUGUSTA
MONTH: AUGUST
YEAR: 2022
LATITUDE: 44 18 N
LONGITUDE: 69 48 W
TEMPERATURE IN F: :PCPN: SNOW: WIND :SUNSHINE: SKY :PK WND
================================================================================
1 2 3 4 5 6A 6B 7 8 9 10 11 12 13 14 15 16 17 18
12Z AVG MX 2MIN
DY MAX MIN AVG DEP HDD CDD WTR SNW DPTH SPD SPD DIR MIN PSBL S-S WX SPD DR
================================================================================
1 87 65 76 6 0 11 0.00 M M 4.7 16 160 M M 2 24 160
2 87 67 77 7 0 12 0.01 M M 4.9 15 160 M M 6 13 22 170
3 85 64 75 5 0 10 0.00 M M 4.6 12 180 M M 1 18 210
4 93 65 79 9 0 14 0.00 M M 5.7 16 160 M M 3 1 19 160
5 90 73 82 12 0 17 0.00 M M 3.0 8 10 M M 2 13 330
6 92 70 81 11 0 16 0.00 M M 5.9 13 160 M M 3 19 210
7 93 72 83 13 0 18 0.13 M M 5.1 14 250 M M 2 18 22 250
8 79 62 71 1 0 6 0.16 M M 6.8 15 20 M M 6 1 19 30
9 73 62 68 -2 0 3 0.05 M M 6.8 16 20 M M 10 12 20 20
10 73 62 68 -2 0 3 0.01 M M 3.1 9 150 M M 10 18 12 160
11 76 62 69 -1 0 4 0.01 M M 4.3 10 160 M M 7 15 250
12 78 58 68 -2 0 3 0.00 M M 6.6 15 350 M M 3 1 20 350
13 77 55 66 -4 0 1 0.00 M M 4.0 12 40 M M 2 15 50
14 83 62 73 4 0 8 0.00 M M 5.4 15 350 M M 2 19 350
15 84 57 71 2 0 6 0.00 M M 4.3 15 130 M M 3 19 130
16 85 58 72 3 0 7 0.41 M M 5.2 29 80 M M 4 18 37 80
17 68 60 64 -5 1 0 0.54 M M 12.2 25 350 M M 6 1 35 350
18 70 61 66 -3 0 1 0.08 M M 7.6 15 280 M M 9 1 22 250
19 85 63 74 5 0 9 0.00 M M 6.1 16 300 M M 3 25 280
20 89 60 75 6 0 10 0.00 M M 3.5 10 270 M M 0 17 250
21 88 61 75 7 0 10 0.00 M M 4.2 14 170 M M 0 23 180
22 80 64 72 4 0 7 0.23 M M 6.4 12 110 M M 7 1 16 140
23 77 67 72 4 0 7 0.03 M M 6.9 15 340 M M 7 1 18 350
24 80 64 72 4 0 7 T M M 1.9 9 160 M M 7 12 12 260
25 84 64 74 6 0 9 0.02 M M 3.5 12 360 M M 5 12 16 360
26 75 63 69 1 0 4 0.20 M M 3.6 12 300 M M 7 13 18 300
27 76 62 69 2 0 4 0.00 M M 4.7 13 40 M M 8 1 17 30
28 79 59 69 2 0 4 0.00 M M 3.9 12 160 M M 4 18 190
29 86 61 74 7 0 9 0.00 M M 6.1 13 160 M M 1 12 18 170
30 87 69 78 12 0 13 0.00 M M 8.1 16 160 M M 3 1 24 170
31 80 59 70 4 0 5 0.91 M M 5.2 17 330 M M 5 12 22 170
================================================================================
SM 2539 1951 1 238 2.79 M 164.3 M 138
================================================================================
AV 81.9 62.9 5.3 FASTST M M 4 MAX(MPH)
MISC ----> 29 80 37 80
================================================================================
NOTES:
# LAST OF SEVERAL OCCURRENCES
COLUMN 17 PEAK WIND IN M.P.H.
PRELIMINARY LOCAL CLIMATOLOGICAL DATA (WS FORM: F-6) , PAGE 2
STATION: AUGUSTA
MONTH: AUGUST
YEAR: 2022
LATITUDE: 44 18 N
LONGITUDE: 69 48 W
[TEMPERATURE DATA] [PRECIPITATION DATA] SYMBOLS USED IN COLUMN 16
AVERAGE MONTHLY: 72.4 TOTAL FOR MONTH: 2.79 1 = FOG OR MIST
DPTR FM NORMAL: 3.5 DPTR FM NORMAL: -0.62 2 = FOG REDUCING VISIBILITY
HIGHEST: 93 ON 7, 4 GRTST 24HR 0.91 ON 31-31 TO 1/4 MILE OR LESS
LOWEST: 55 ON 13 3 = THUNDER
SNOW, ICE PELLETS, HAIL 4 = ICE PELLETS
TOTAL MONTH: M 5 = HAIL
GRTST 24HR M ON M 6 = FREEZING RAIN OR DRIZZLE
GRTST DEPTH: M ON M 7 = DUSTSTORM OR SANDSTORM:
VSBY 1/2 MILE OR LESS
8 = SMOKE OR HAZE
[NO. OF DAYS WITH] [WEATHER - DAYS WITH] 9 = BLOWING SNOW
X = TORNADO
MAX 32 OR BELOW: 0 0.01 INCH OR MORE: 14
MAX 90 OR ABOVE: 4 0.10 INCH OR MORE: 7
MIN 32 OR BELOW: 0 0.50 INCH OR MORE: 2
MIN 0 OR BELOW: 0 1.00 INCH OR MORE: 0
[HDD (BASE 65) ]
TOTAL THIS MO. 1 CLEAR (SCALE 0-3) 12
DPTR FM NORMAL -19 PTCLDY (SCALE 4-7) 16
TOTAL FM JUL 1 1 CLOUDY (SCALE 8-10) 3
DPTR FM NORMAL -27
[CDD (BASE 65) ]
TOTAL THIS MO. 238
DPTR FM NORMAL 99 [PRESSURE DATA]
TOTAL FM JAN 1 610 HIGHEST SLP 30.24 ON 28
DPTR FM NORMAL 223 LOWEST SLP 29.63 ON 31
[REMARKS]
#FINAL-08-22#