000
CXUS53 KGID 012253
CF6AUH
PRELIMINARY LOCAL CLIMATOLOGICAL DATA (WS FORM: F-6)
STATION: AURORA NE
MONTH: JANUARY
YEAR: 2022
LATITUDE: 40 54 N
LONGITUDE: 97 59 W
TEMPERATURE IN F: :PCPN: SNOW: WIND :SUNSHINE: SKY :PK WND
================================================================================
1 2 3 4 5 6A 6B 7 8 9 10 11 12 13 14 15 16 17 18
12Z AVG MX 2MIN
DY MAX MIN AVG DEP HDD CDD WTR SNW DPTH SPD SPD DIR MIN PSBL S-S WX SPD DR
================================================================================
1 7 -5 1 M 64 0 M M M 19.7 28 10 M M 8 8 33 10
2 22 -9 7 M 58 0 0.00 M M 6.2 9 220 M M 0 M M
3 48 12 30 M 35 0 0.00 M M 10.9 15 200 M M 0 22 200
4 59 14 37 M 28 0 0.00 M M 18.9 35 330 M M 0 43 330
5 15 5 10 M 55 0 0.00 M M 19.9 29 330 M M 4 33 320
6 11 -3 4 M 61 0 0.00 M M 12.7 24 340 M M 3 28 340
7 24 7 16 M 49 0 0.00 M M 14.0 21 190 M M 2 29 180
8 45 16 31 M 34 0 0.00 M M 13.8 30 350 M M 1 37 350
9 35 7 21 M 44 0 0.00 M M 12.7 31 350 M M 0 36 350
10 53 17 35 M 30 0 0.00 M M 6.6 12 210 M M 0 M M
11 59 28 44 M 21 0 0.00 M M 10.5 14 330 M M 0 25 320
12 60 27 44 M 21 0 0.00 M M 10.6 15 310 M M 1 17 300
13 58 32 45 M 20 0 0.00 M M 9.6 16 330 M M 0 23 340
14 45 19 32 M 33 0 M M M 19.2 38 360 M M 8 47 360
15 26 10 18 M 47 0 M M M 15.1 36 360 M M 3 43 360
16 53 15 34 M 31 0 0.00 M M 14.5 28 350 M M 2 37 350
17 56 20 38 M 27 0 0.00 M M 9.5 23 240 M M 1 29 240
18 63 28 46 M 19 0 0.00 M M 11.7 24 10 M M 0 31 360
19 28 -1 14 M 51 0 0.00 M M 18.6 27 10 M M 6 35 350
20 19 -7 6 M 59 0 0.00 M M 5.5 12 170 M M 2 M M
21 32 7 20 M 45 0 0.00 M M 14.9 23 200 M M 4 30 210
22 51 18 35 M 30 0 0.00 M M 12.3 25 240 M M 1 32 240
23 53 24 39 M 26 0 0.00 M M 9.0 15 10 M M 9 27 320
24 45 11 28 M 37 0 0.00 M M 13.1 21 10 M M 5 27 360
25 21 2 12 M 53 0 T M M 3.4 8 30 M M 7 M M
26 40 15 28 M 37 0 0.00 M M 15.3 29 M M M 2 37 M
27 44 19 32 M 33 0 T M M 12.2 27 330 M M 4 35 10
28 43 19 31 M 34 0 0.00 M M 6.7 13 220 M M 5 17 190
29 61 19 40 M 25 0 0.00 M M 11.5 21 330 M M 0 27 330
30 52 19 36 M 29 0 0.00 M M 8.7 17 230 M M 0 18 220
31 63 22 43 M 22 0 0.00 M M 8.5 16 200 M M 0 30 290
================================================================================
SM 1291 407 1158 0 M M 375.8 M 78
================================================================================
AV 41.6 13.1 12.1 FASTST M M 3 MAX(MPH)
MISC ----> 38 360 M M
================================================================================
NOTES:
# LAST OF SEVERAL OCCURRENCES
COLUMN 17 PEAK WIND IN M.P.H.
PRELIMINARY LOCAL CLIMATOLOGICAL DATA (WS FORM: F-6) , PAGE 2
STATION: AURORA NE
MONTH: JANUARY
YEAR: 2022
LATITUDE: 40 54 N
LONGITUDE: 97 59 W
[TEMPERATURE DATA] [PRECIPITATION DATA] SYMBOLS USED IN COLUMN 16
AVERAGE MONTHLY: 27.4 TOTAL FOR MONTH: M 1 = FOG OR MIST
DPTR FM NORMAL: M DPTR FM NORMAL: M 2 = FOG REDUCING VISIBILITY
HIGHEST: 63 ON 31,18 GRTST 24HR M ON M TO 1/4 MILE OR LESS
LOWEST: -9 ON 2 3 = THUNDER
SNOW, ICE PELLETS, HAIL 4 = ICE PELLETS
TOTAL MONTH: M 5 = HAIL
GRTST 24HR M ON M 6 = FREEZING RAIN OR DRIZZLE
GRTST DEPTH: M ON M 7 = DUSTSTORM OR SANDSTORM:
VSBY 1/2 MILE OR LESS
8 = SMOKE OR HAZE
[NO. OF DAYS WITH] [WEATHER - DAYS WITH] 9 = BLOWING SNOW
X = TORNADO
MAX 32 OR BELOW: 10 0.01 INCH OR MORE: M
MAX 90 OR ABOVE: 0 0.10 INCH OR MORE: M
MIN 32 OR BELOW: 31 0.50 INCH OR MORE: M
MIN 0 OR BELOW: 5 1.00 INCH OR MORE: M
[HDD (BASE 65) ]
TOTAL THIS MO. 1158 CLEAR (SCALE 0-3) 20
DPTR FM NORMAL M PTCLDY (SCALE 4-7) 10
TOTAL FM JUL 1 3024 CLOUDY (SCALE 8-10) 1
DPTR FM NORMAL M
[CDD (BASE 65) ]
TOTAL THIS MO. 0
DPTR FM NORMAL M [PRESSURE DATA]
TOTAL FM JAN 1 0 HIGHEST SLP M ON M
DPTR FM NORMAL M LOWEST SLP M ON M
[REMARKS]
#FINAL-01-22#