000
CXUS53 KARX 010900
CF6AUM
PRELIMINARY LOCAL CLIMATOLOGICAL DATA (WS FORM: F-6)
STATION: AUSTIN MUNI MN
MONTH: OCTOBER
YEAR: 2022
LATITUDE: 43 40 N
LONGITUDE: 92 56 W
TEMPERATURE IN F: :PCPN: SNOW: WIND :SUNSHINE: SKY :PK WND
================================================================================
1 2 3 4 5 6A 6B 7 8 9 10 11 12 13 14 15 16 17 18
12Z AVG MX 2MIN
DY MAX MIN AVG DEP HDD CDD WTR SNW DPTH SPD SPD DIR MIN PSBL S-S WX SPD DR
================================================================================
1 70 52 61 M 4 0 T 0.0 0 3.5 9 110 M M 3 16 80
2 75 52 64 M 1 0 0.00 0.0 0 3.9 8 130 M M 1 M M
3 73 52 63 M 2 0 0.00 0.0 0 5.4 12 210 M M 0 16 170
4 75 48 62 M 3 0 0.00 0.0 0 4.9 12 190 M M 1 16 170
5 73 52 63 M 2 0 M 0.0 0 4.8 10 190 M M 4 M M
6 61 41 51 M 14 0 M 0.0 0 7.4 14 360 M M 4 25 360
7 52 30 41 M 24 0 0.00 0.0 0 3.2 12 330 M M 5 M M
8 63 28 46 M 19 0 0.00 0.0 0 7.7 18 280 M M 0 22 280
9 70 37 54 M 11 0 0.00 0.0 0 4.7 15 300 M M 1 8 18 300
10 73 39 56 M 9 0 0.00 0.0 0 5.5 17 190 M M 0 22 220
11 79 50 65 M 0 0 0.00 0.0 0 12.9 24 190 M M 2 31 190
12 64 43 54 M 11 0 M 0.0 0 13.5 28 310 M M 5 39 310
13 43 30 37 M 28 0 0.00 0.0 0 10.2 18 300 M M 7 25 300
14 45 28 37 M 28 0 M M 0 7.9 14 290 M M 6 21 260
15 63 27 45 M 20 0 0.00 0.0 0 9.5 20 300 M M 1 28 290
16 46 34 40 M 25 0 0.00 0.0 0 13.3 20 320 M M 7 29 310
17 39 25 32 M 33 0 0.00 0.0 0 12.2 17 330 M M 3 29 360
18 43 19 31 M 34 0 0.00 0.0 0 11.3 18 350 M M 0 25 330
19 46 21 34 M 31 0 0.00 0.0 0 6.5 13 300 M M 1 17 330
20 63 30 47 M 18 0 0.00 0.0 0 4.7 10 300 M M 0 M M
21 70 39 55 M 10 0 0.00 0.0 0 4.7 9 300 M M 0 M M
22 81 39 60 M 5 0 0.00 0.0 0 7.2 16 190 M M 0 20 180
23 75 57 66 M 0 1 M 0.0 0 13.3 23 150 M M 1 3 30 160
24 70 43 57 M 8 0 M 0.0 0 9.0 16 160 M M 6 25 260
25 45 34 40 M 25 0 0.00 0.0 0 6.2 15 320 M M 2 21 330
26 52 30 41 M 24 0 0.00 0.0 0 4.2 12 330 M M 0 18 330
27 54 37 46 M 19 0 0.00 0.0 0 4.9 9 150 M M 6 16 160
28 61 34 48 M 17 0 0.00 0.0 0 5.5 10 200 M M 2 1 M M
29 64 34 49 M 16 0 0.00 0.0 0 5.5 12 210 M M 0 16 190
30 59 37 48 M 17 0 0.00 0.0 0 0.9 6 170 M M 0 M M
31 64 30 47 M 18 0 0.00 0.0 0 1.7 8 280 M M 1 1 M M
================================================================================
SM 1911 1152 476 1 T 0.0 216.1 M 69
================================================================================
AV 61.6 37.2 7.0 FASTST M M 2 MAX(MPH)
MISC ----> 28 310 39 310
================================================================================
NOTES:
# LAST OF SEVERAL OCCURRENCES
COLUMN 17 PEAK WIND IN M.P.H.
PRELIMINARY LOCAL CLIMATOLOGICAL DATA (WS FORM: F-6) , PAGE 2
STATION: AUSTIN MUNI MN
MONTH: OCTOBER
YEAR: 2022
LATITUDE: 43 40 N
LONGITUDE: 92 56 W
[TEMPERATURE DATA] [PRECIPITATION DATA] SYMBOLS USED IN COLUMN 16
AVERAGE MONTHLY: 49.4 TOTAL FOR MONTH: T 1 = FOG OR MIST
DPTR FM NORMAL: 0.0 DPTR FM NORMAL: M 2 = FOG REDUCING VISIBILITY
HIGHEST: 81 ON 22 GRTST 24HR T ON 1- 1 TO 1/4 MILE OR LESS
LOWEST: 19 ON 18 3 = THUNDER
SNOW, ICE PELLETS, HAIL 4 = ICE PELLETS
TOTAL MONTH: 0.0 INCH 5 = HAIL
GRTST 24HR 0.0 6 = FREEZING RAIN OR DRIZZLE
GRTST DEPTH: 0 7 = DUSTSTORM OR SANDSTORM:
VSBY 1/2 MILE OR LESS
8 = SMOKE OR HAZE
[NO. OF DAYS WITH] [WEATHER - DAYS WITH] 9 = BLOWING SNOW
X = TORNADO
MAX 32 OR BELOW: 0 0.01 INCH OR MORE: 0
MAX 90 OR ABOVE: 0 0.10 INCH OR MORE: 0
MIN 32 OR BELOW: 11 0.50 INCH OR MORE: 0
MIN 0 OR BELOW: 0 1.00 INCH OR MORE: 0
[HDD (BASE 65) ]
TOTAL THIS MO. 476 CLEAR (SCALE 0-3) 22
DPTR FM NORMAL M PTCLDY (SCALE 4-7) 9
TOTAL FM JUL 1 603 CLOUDY (SCALE 8-10) 0
DPTR FM NORMAL M
[CDD (BASE 65) ]
TOTAL THIS MO. 1
DPTR FM NORMAL M [PRESSURE DATA]
TOTAL FM JAN 1 703 HIGHEST SLP M ON M
DPTR FM NORMAL M LOWEST SLP M ON M
[REMARKS]
#FINAL-10-22#